-- Table structure for table `contact_form_submissions`
--

CREATE TABLE `contact_form_submissions` (
  `id` bigint UNSIGNED NOT NULL,
  `name` varchar(255) CHARACTER SET utf8mb4 COLLATE utf8mb4_unicode_ci NOT NULL,
  `email` varchar(255) CHARACTER SET utf8mb4 COLLATE utf8mb4_unicode_ci NOT NULL,
  `subject` varchar(255) CHARACTER SET utf8mb4 COLLATE utf8mb4_unicode_ci NOT NULL,
  `message` longtext CHARACTER SET utf8mb4 COLLATE utf8mb4_unicode_ci NOT NULL,
  `created_at` timestamp NULL DEFAULT NULL,
  `updated_at` timestamp NULL DEFAULT NULL
) ENGINE=InnoDB DEFAULT CHARSET=utf8mb4 COLLATE=utf8mb4_unicode_ci;

--
-- Dumping data for table `contact_form_submissions`
--

INSERT INTO `contact_form_submissions` (`id`, `name`, `email`, `subject`, `message`, `created_at`, `updated_at`) VALUES
(1, 'Donna Golden,', 'boweguzo@mailinator.com', 'Nesciunt iste sit. , but this is it.', '\"Consectetur praesen.\\r\\n\\r\\nBut you are not allowed\"', '2022-09-05 18:39:43', '2022-09-05 18:39:43'),
(2, 'Donna Golden,', 'boweguzo@mailinator.com', 'Nesciunt iste sit. , but this is it.', '\"Consectetur praesen.\\r\\n\\r\\nBut you are not allowed\"', '2022-09-05 18:41:40', '2022-09-05 18:41:40');

-- --------------------------------------------------------

--
-- Table structure for table `deposits`
--

CREATE TABLE `deposits` (
  `id` bigint UNSIGNED NOT NULL,
  `user_id` bigint UNSIGNED NOT NULL,
  `amount` varchar(255) CHARACTER SET utf8mb4 COLLATE utf8mb4_unicode_ci NOT NULL,
  `converted_amount` varchar(255) CHARACTER SET utf8mb4 COLLATE utf8mb4_unicode_ci NOT NULL,
  `currency` varchar(255) CHARACTER SET utf8mb4 COLLATE utf8mb4_unicode_ci NOT NULL,
  `charge` varchar(255) CHARACTER SET utf8mb4 COLLATE utf8mb4_unicode_ci NOT NULL,
  `method` varchar(255) CHARACTER SET utf8mb4 COLLATE utf8mb4_unicode_ci NOT NULL,
  `status` varchar(255) CHARACTER SET utf8mb4 COLLATE utf8mb4_unicode_ci NOT NULL,
  `txn_id` varchar(255) CHARACTER SET utf8mb4 COLLATE utf8mb4_unicode_ci NOT NULL DEFAULT '62b9d28e4d687',
  `payment_screenshot` varchar(255) CHARACTER SET utf8mb4 COLLATE utf8mb4_unicode_ci DEFAULT NULL,
  `additional_info` longtext CHARACTER SET utf8mb4 COLLATE utf8mb4_unicode_ci,
  `created_at` timestamp NULL DEFAULT NULL,
  `updated_at` timestamp NULL DEFAULT NULL
) ENGINE=InnoDB DEFAULT CHARSET=utf8mb4 COLLATE=utf8mb4_unicode_ci;

--
-- Dumping data for table `deposits`
--

INSERT INTO `deposits` (`id`, `user_id`, `amount`, `converted_amount`, `currency`, `charge`, `method`, `status`, `txn_id`, `payment_screenshot`, `additional_info`, `created_at`, `updated_at`) VALUES
(2, 4, '50', '0.0025954450596611', 'btc', '2.5', 'Bitcoin', 'pending', '62b9d28e4d6871', '0FQB8LgPdvCNYpOJgrrIkMbLif34zyyx9anriKGq.png', 'I have sent the payment', '2022-06-25 08:24:24', '2022-06-25 08:24:24'),
(4, 4, '1000', '901.28762474966', 'gbp', '50', 'Perfect Money', 'pending', '62b9d28e4d6873', 'JKERY6GPfqQ3u7fa7MAOiUn97PmZWYURckbJBbmo.jpg', 'I have paid', '2022-06-25 08:48:54', '2022-06-25 08:48:54'),
(6, 4, '500', '0.025954450596611', 'btc', '25', 'Bitcoin', 'approved', '62b9d28e4d6875', 'jzpFWfzA4Wn820kfjVyMy2nphANhSUG3qXXFAymp.png', 'Your deposit has been approved', '2022-06-25 11:05:07', '2022-06-26 16:06:27'),
(8, 4, '599', '0.59264963122065', 'eth', '44.925', 'Ethereum', 'rejected', '62b9d28e4d6876', 'HBwzRxzjnSo33QpjQQXmdu0xfzbt2PVKj1hSRZip.jpg', 'Please attach proper payment reciept', '2022-06-26 08:45:50', '2022-06-26 17:43:24'),
(10, 4, '600', '0.031145340715933', 'btc', '30', 'Bitcoin', 'pending', '62b9d28e4d6878', 'ikRIcgYKJ4Ib3zzhNdJDDYEvNp0nLqBz4U8sTeQw.jpg', 'sent', '2022-06-26 08:52:59', '2022-06-26 08:52:59'),
(11, 23, '500', '473.42153602534', 'gbp', '50', 'Bank Deposit/Transfer', 'pending', '62b9d28e4d6879', '0QIvnM2GbISZq5r8ZRKPgiB32psO6msvqK9AxKnw.png', 'I have sent the payment', '2022-06-26 18:53:45', '2022-06-26 18:53:45'),
(12, 23, '500', '554.23594615994', 'usd', '25', 'PayPal', 'cancelled', '62b9d28e4d6870', NULL, NULL, '2022-06-27 08:42:30', '2022-06-27 08:42:30'),
(13, 23, '750.44', '750.44', 'usd', '33.85', 'PayPal', 'approved', '62b9d28e4d68711', NULL, 'Payment ID: PAYID-MK4ZXUI6AB53155L8667674T', '2022-06-27 12:01:45', '2022-06-27 12:01:45'),
(14, 23, '665.08', '665.08', 'usd', '30', 'PayPal', 'approved', '62b9d28e4d68722', NULL, 'Payment ID: PAYID-MK425WQ956452540S775002E', '2022-06-27 12:22:13', '2022-06-27 12:22:13'),
(15, 23, '665.08', '665.08', 'usd', '30', 'PayPal', 'approved', '62b9d28e4d68733', NULL, 'Payment ID: PAYID-MK43TRA6D5794298K176573B', '2022-06-27 13:08:54', '2022-06-27 13:08:54'),
(16, 23, '303', '139381.57276912', 'ngn', '15.15', 'Paystack', 'cancelled', '62b9d28e4d687', NULL, NULL, '2022-06-27 15:17:59', '2022-06-27 15:17:59'),
(17, 23, '2653309.9397105', '2653309.94', 'ngn', '288.4', 'Paystack', 'approved', 'Sy407JtemMQqEV2K4yIeRCcTU', NULL, 'Your Payment was successful. Here is your transaction Id: Sy407JtemMQqEV2K4yIeRCcTU', '2022-06-27 15:50:45', '2022-06-27 15:50:45'),
(18, 23, '500', '230002.6', 'ngn', '25', 'Paystack', 'approved', 'JLa8LPKQ4Hm2bepYcUzZ6JgRO', NULL, 'Your Payment was successful. Here is your transaction Id: JLa8LPKQ4Hm2bepYcUzZ6JgRO', '2022-06-27 15:56:12', '2022-06-27 15:56:12'),
(19, 23, '500', '230002.6', 'ngn', '25', 'Paystack', 'approved', 'Kv2e3v01j8l5y3WQ8zRBMfrKo', NULL, 'Your Payment was successful. Here is your transaction Id: Kv2e3v01j8l5y3WQ8zRBMfrKo', '2022-06-27 15:58:45', '2022-06-27 15:58:45'),
(20, 23, '600', '276003.11', 'ngn', '30', 'Paystack', 'approved', 'SAqYsx5T3CltYdEqM1vqMUj39', NULL, 'Your Payment was successful. Here is your transaction Id: SAqYsx5T3CltYdEqM1vqMUj39', '2022-06-27 16:03:46', '2022-06-27 16:03:46'),
(21, 23, '130', '59800.67', 'ngn', '6.5', 'Paystack', 'approved', 'GnKpD65xMhk7XJx1bvHhXvIuH', NULL, 'Your Payment was successful. Here is your transaction Id: GnKpD65xMhk7XJx1bvHhXvIuH', '2022-06-27 16:09:29', '2022-06-27 16:09:29'),
(22, 23, '504', '231842.62', 'ngn', '25.2', 'Paystack', 'approved', '1wAZ78Spkh6slUUir9PlYmzEQ', NULL, 'Your Payment was successful. Here is your transaction Id: 1wAZ78Spkh6slUUir9PlYmzEQ', '2022-06-27 17:12:20', '2022-06-27 17:12:20'),
(23, 23, '876', '971.02', 'usd', '43.8', 'PayPal', 'approved', 'PAYID-MK47GSY3VW677079A480243A', NULL, 'Payment ID: PAYID-MK47GSY3VW677079A480243A', '2022-06-27 17:14:06', '2022-06-27 17:14:06'),
(24, 23, '100', '110.85', 'usd', '5', 'Stripe', 'approved', '62ba2efce5e8c', NULL, 'Your Payment was successful. Here is your transaction Id: 62ba2efce5e8c', '2022-06-27 21:28:12', '2022-06-27 21:28:12'),
(25, 23, '500', '43370.35', 'INR', '25', 'RazorPay', 'approved', 'pay_JmrOnrxZPZVOmi', NULL, 'Your Payment was successful. Here is your transaction Id: pay_JmrOnrxZPZVOmi', '2022-06-28 08:10:52', '2022-06-28 08:10:52'),
(26, 23, '600', '282574.62', 'ngn', '45', 'Flutterwave', 'approved', '3525801', NULL, 'Your Payment was successful. Here is your transaction Id: 3525801', '2022-06-29 12:36:01', '2022-06-29 12:36:01'),
(27, 23, '100', '110.85', 'usd', '5', 'PayPal', 'approved', 'PAYID-MK6QGPA8AP01551WM313603S', NULL, 'Payment ID: PAYID-MK6QGPA8AP01551WM313603S', '2022-06-30 00:59:12', '2022-06-30 00:59:12'),
(28, 23, '100', '46000.52', 'ngn', '5', 'Paystack', 'approved', 'dLXwTwaya6v9zlo3ABMyrZsM3', NULL, 'Your Payment was successful. Here is your transaction Id: dLXwTwaya6v9zlo3ABMyrZsM3', '2022-06-30 01:05:33', '2022-06-30 01:05:33'),
(29, 23, '100', '110.85', 'usd', '5', 'Stripe', 'approved', '62bd0562965fd', NULL, 'Your Payment was successful. Here is your transaction Id: 62bd0562965fd', '2022-06-30 01:07:30', '2022-06-30 01:07:30'),
(30, 23, '100', '8674.07', 'INR', '5', 'RazorPay', 'approved', 'pay_JnXL1TxSojDc4H', NULL, 'Your Payment was successful. Here is your transaction Id: pay_JnXL1TxSojDc4H', '2022-06-30 01:12:30', '2022-06-30 01:12:30'),
(31, 23, '98', '102.9', 'EUR', '4.9', 'CoinGate', 'approved', '62bdaccfe4936', NULL, 'Your Payment was successful. Here is your transaction Id: 62bdaccfe4936', '2022-06-30 13:02:58', '2022-06-30 13:02:58'),
(32, 23, '56', '58.8', 'EUR', '2.8', 'CoinGate', 'approved', '62bdaef1717f7', NULL, 'Your Payment was successful. Here is your transaction Id: 62bdaef1717f7', '2022-06-30 13:11:36', '2022-06-30 13:11:36'),
(33, 23, '72', '75.6', 'eur', '3.6', 'CoinGate', 'cancelled', '62b9d28e4d687', NULL, NULL, '2022-06-30 13:18:18', '2022-06-30 13:18:18'),
(34, 23, '500', '554.23594615994', 'usd', '25', 'Coinbase', 'pending', '165666805062bebf92c917f', NULL, 'Your payment will be confirmed automatically after 3 confirmations in the blockchain', '2022-07-01 08:34:11', '2022-07-01 08:34:11'),
(35, 23, '500', '554.23594615994', 'usd', '25', 'Coinbase', 'pending', '8348f4f6-21d7-4864-ba7a-f3905ce520e0', NULL, 'Your payment will be confirmed automatically after 3 confirmations in the blockchain', '2022-07-01 08:38:38', '2022-07-01 08:38:38'),
(36, 23, '400', '443.38875692795', 'usd', '20', 'Coinbase', 'pending', '9ca60808-226e-49ed-b767-4c43b138b399', NULL, 'Your payment will be confirmed automatically after 3 confirmations in the blockchain', '2022-07-01 08:59:09', '2022-07-01 08:59:09'),
(37, 23, '400', '443.38875692795', 'usd', '20', 'Coinbase', 'pending', '8fd57dea-5fef-4db7-8d9b-4efd81177bac', NULL, 'Your payment will be confirmed automatically after 3 confirmations in the blockchain', '2022-07-01 08:59:32', '2022-07-01 08:59:32'),
(38, 23, '400', '443.38875692795', 'usd', '20', 'Coinbase', 'pending', 'c0a4b43f-1334-4741-a07a-eea265b0bf82', NULL, 'Your payment will be confirmed automatically after 3 confirmations in the blockchain', '2022-07-01 09:00:17', '2022-07-01 09:00:17'),
(39, 23, '4050', '4489.3111638955', 'usd', '202.5', 'Coinbase', 'pending', '59cdd2ba-b28c-496f-a6e6-cf1d8b4cb034', NULL, 'Your payment will be confirmed automatically after 3 confirmations in the blockchain', '2022-07-01 09:10:10', '2022-07-01 09:10:10'),
(40, 23, '350', '387.96516231196', 'usd', '17.5', 'Coinbase', 'pending', '21fba8ee-84f3-4675-a3c5-57bcce351986', NULL, 'Your payment will be confirmed automatically after 3 confirmations in the blockchain', '2022-07-01 17:40:11', '2022-07-01 17:40:11'),
(41, 23, '400', '443.38875692795', 'usd', '20', 'Coinbase', 'rejected', 'b1a4ac79-007f-44c9-b3c7-4120c0ada25d', NULL, 'invalid license key', '2022-07-01 18:22:05', '2022-07-01 19:35:21'),
(42, 23, '769', '852.41488519398', 'usd', '38.45', 'Coinbase', 'pending', 'ad9b2168-2a66-483e-8952-ed6c4e848915', NULL, 'Your payment will be confirmed automatically after 3 confirmations in the blockchain', '2022-07-01 19:09:50', '2022-07-01 19:09:50'),
(43, 23, '5768', '6393.665874901', 'usd', '288.4', 'Coinbase', 'rejected', 'ca5b297c-5527-4674-b538-78d6755a1bff', NULL, 'invalid license key', '2022-07-01 19:34:00', '2022-07-01 20:34:29'),
(44, 23, '500', '554.24', 'USD', '25', 'Authorize.Net', 'approved', '60195589839', NULL, 'Your Payment was successful. Here is your transaction Id: 60195589839', '2022-07-02 19:10:53', '2022-07-02 19:10:53'),
(45, 23, '200', '221.69', 'USD', '10', 'Authorize.Net', 'approved', '60195590142', NULL, 'Your Payment was successful. Here is your transaction Id: 60195590142', '2022-07-02 19:15:09', '2022-07-02 19:15:09'),
(46, 23, '50', '23000.26', 'NGN', '2.5', 'Monnify', 'pending', 'MNFY|05|20220703122137|000347', NULL, 'We could not confirm your payment, please contact support with the transaction id: MNFY|05|20220703122137|000347', '2022-07-03 10:58:22', '2022-07-03 10:58:22'),
(47, 23, '54', '24840.28', 'NGN', '2.7', 'Monnify', 'pending', 'MNFY|79|20220703131203|000354', NULL, 'We could not confirm your payment, please contact support with the transaction id: MNFY|79|20220703131203|000354', '2022-07-03 11:12:34', '2022-07-03 11:12:34'),
(49, 23, '898', '413084.66', 'NGN', '44.9', 'Monnify', 'approved', 'MNFY|79|20220703143253|000362', NULL, 'Your Payment was successful. Here is your transaction Id: MNFY|79|20220703143253|000362', '2022-07-03 12:56:42', '2022-07-03 12:56:42'),
(54, 23, '199', '91541.03', 'ngn', '9.95', 'Paystack', 'approved', '5QQOvb7zD2o6e96d24KPGWAfe', NULL, 'Your Payment was successful. Here is your transaction Id: 5QQOvb7zD2o6e96d24KPGWAfe', '2022-07-04 06:33:58', '2022-07-04 06:33:58'),
(55, 23, '122', '56120.63', 'ngn', '6.1', 'Paystack', 'approved', 'aNiQXc3yFNDZKIWa1A48ssJrG', NULL, 'Your Payment was successful. Here is your transaction Id: aNiQXc3yFNDZKIWa1A48ssJrG', '2022-07-04 06:36:33', '2022-07-04 06:36:33'),
(56, 23, '4565', '2099923.7', 'ngn', '228.25', 'Paystack', 'approved', 'IZuPnGhTzK0U3ED9kFTdkD0Xb', NULL, 'Your Payment was successful. Here is your transaction Id: IZuPnGhTzK0U3ED9kFTdkD0Xb', '2022-07-04 06:47:38', '2022-07-04 06:47:38'),
(57, 1, '10000', '4600051.91', 'ngn', '500', 'Paystack', 'approved', 'OeyRdtzoElrAHYcNhHIV4zIwQ', NULL, 'Your Payment was successful. Here is your transaction Id: OeyRdtzoElrAHYcNhHIV4zIwQ', '2022-07-07 15:44:35', '2022-07-07 15:44:35'),
(58, 23, '500', '505', 'EUR', '5', 'CoinGate', 'approved', '62d6ae5cdd996', NULL, 'Your Payment was successful. Here is your transaction Id: 62d6ae5cdd996', '2022-07-19 12:16:23', '2022-07-19 12:16:23'),
(59, 23, '500', '42878.6', 'INR', '25', 'RazorPay', 'approved', 'pay_Jym7UjRhMY1dSg', NULL, 'Your Payment was successful. Here is your transaction Id: pay_Jym7UjRhMY1dSg', '2022-07-28 10:49:02', '2022-07-28 10:49:02'),
(60, 16, '70000', '59618.72238952', 'gbp', '50', 'Bank Deposit/Transfer', 'approved', '62b9d28e4d687', 'wy3LQqigguRB3Zk4nx8XfB8KTUGIeqSjidMQpWsc.png', 'approved by admin', '2022-07-28 20:34:09', '2022-08-15 10:27:43'),
(61, 1, '10000', '4454667.82', 'ngn', '500', 'Paystack', 'approved', 'ITLkoVhhlVamGPbHWGaocuTwM', NULL, 'Your Payment was successful. Here is your transaction Id: ITLkoVhhlVamGPbHWGaocuTwM', '2022-07-29 23:07:12', '2022-07-29 23:07:12'),
(62, 1, '500', '432.08997005228', 'gbp', '12.5', 'Bank Deposit/Transfer', 'pending', '62b9d28e4d687', 'zgJvLYYmZ3ETsQX4sXbSksOBXw9YPefXVe3RGSj1.png', 'nothig', '2022-08-17 10:38:05', '2022-08-17 10:38:05'),
(63, 2, '500', '434.68915024251', 'gbp', '12.5', 'Bank Deposit/Transfer', 'pending', '62b9d28e4d687', 'PePtZOUBgxXSQQ8WB6hwPvVAD1n2heN0x056OSdI.png', 'nothing', '2022-08-29 18:44:06', '2022-08-29 18:44:06'),
(66, 2, '100', '105', 'usd', '5', 'PayPal', 'cancelled', '62b9d28e4d687', NULL, NULL, '2022-10-30 10:04:28', '2022-10-30 10:04:28'),
(67, 2, '50', '52.5', 'usd', '2.5', 'Stripe', 'approved', '635e619c1c740', NULL, 'Your Payment was successful. Here is your transaction Id: 635e619c1c740', '2022-10-30 10:35:56', '2022-10-30 10:35:56'),
(68, 2, '50', '52.5', 'usd', '2.5', 'Stripe', 'approved', '635e619d54058', NULL, 'Your Payment was successful. Here is your transaction Id: 635e619d54058', '2022-10-30 10:35:57', '2022-10-30 10:35:57'),
(69, 2, '322', '27907.36', 'INR', '16.1', 'RazorPay', 'approved', 'pay_Ka2rac5a98DB75', NULL, 'Your Payment was successful. Here is your transaction Id: pay_Ka2rac5a98DB75', '2022-10-30 15:16:27', '2022-10-30 15:16:27'),
(70, 2, '100', '46934.15', 'ngn', '7.5', 'Flutterwave', 'approved', '3907166', NULL, 'Your Payment was successful. Here is your transaction Id: 3907166', '2022-10-30 19:43:23', '2022-10-30 19:43:23'),
(71, 2, '50', '53.33', 'EUR', '2.5', 'CoinGate', 'approved', '635eee6f3b4d8', NULL, 'Your Payment was successful. Here is your transaction Id: 635eee6f3b4d8', '2022-10-30 20:38:49', '2022-10-30 20:38:49'),
(72, 2, '50', '52.5', 'usd', '2.5', 'Coinbase', 'pending', '907a89ce-448d-42b7-a77a-804f1f4369fd', NULL, 'Your payment will be confirmed automatically after 3 confirmations in the blockchain', '2022-10-31 15:32:14', '2022-10-31 15:32:14'),
(73, 2, '500', '0.02601', 'btc', '10', 'Bitcoin', 'pending', '62b9d28e4d687', 'tfQvMWAF1XUzbdhBK4MJu2ggtQKUUhEJj88Y0fRH.png', 'I have sent the deposit', '2022-11-05 13:24:14', '2022-11-05 13:24:14'),
(74, 2, '500', '0.02601', 'btc', '10', 'Bitcoin', 'pending', '62b9d28e4d687', 'IGaoGWTDfuMRf9wjPVLC5M8FFs31NQFUHUe2tIG6.png', 'I have sent the deposit', '2022-11-05 13:24:14', '2022-11-05 13:24:14');

-- --------------------------------------------------------

--
-- Table structure for table `email_templates`
--

CREATE TABLE `email_templates` (
  `id` bigint UNSIGNED NOT NULL,
  `name` varchar(255) CHARACTER SET utf8mb4 COLLATE utf8mb4_unicode_ci NOT NULL,
  `subject` varchar(255) CHARACTER SET utf8mb4 COLLATE utf8mb4_unicode_ci NOT NULL,
  `body` longtext CHARACTER SET utf8mb4 COLLATE utf8mb4_unicode_ci NOT NULL,
  `status` varchar(255) CHARACTER SET utf8mb4 COLLATE utf8mb4_unicode_ci NOT NULL DEFAULT 'enabled',
  `shortcodes_subject` longtext CHARACTER SET utf8mb4 COLLATE utf8mb4_unicode_ci,
  `shortcodes_body` longtext CHARACTER SET utf8mb4 COLLATE utf8mb4_unicode_ci,
  `created_at` timestamp NULL DEFAULT NULL,
  `updated_at` timestamp NULL DEFAULT NULL
) ENGINE=InnoDB DEFAULT CHARSET=utf8mb4 COLLATE=utf8mb4_unicode_ci;

--
-- Dumping data for table `email_templates`
--

INSERT INTO `email_templates` (`id`, `name`, `subject`, `body`, `status`, `shortcodes_subject`, `shortcodes_body`, `created_at`, `updated_at`) VALUES
(1, 'verification_mail', 'Verify Your Email', '<h2>Dear {{$first_name}} {{$last_name}},</h2><p>Bellow is your verification link {{$verification_link}} , It expires in 15 minutes</p>', 'enabled', NULL, '{{$first_name}}                  \r\n                            {{$last_name}}                  \r\n                            {{$verification_link}}', NULL, '2022-07-09 11:16:59'),
(2, 'welcome_mail', 'Welcome to {{$website_name}}', '<h2>Dear {{$first_name}} {{$last_name}},</h2><p>Welcome to {{$website_name}}! Your registration was successful, please login to your account</p>', 'enabled', '{{$website_name}}', '{{$first_name}}                  \r\n                            {{$last_name}}                  \r\n                            {{$website_name}}', NULL, '2022-07-09 11:17:17'),
(3, 'password_reset_mail', 'Forgot Password', '<h2>Dear {{$first_name}} {{$last_name}},</h2><p>Bellow is your password reset link {{$reset_link}} , It expires in 15 minutes</p><p>Contact an admin if you do not recognize this activity</p>', 'enabled', NULL, '{{$first_name}}                  \r\n                            {{$last_name}}                  \r\n                            {{$reset_link}}', NULL, '2022-07-09 11:16:34'),
(4, 'temp_password_mail', 'Temporary Password', '<h2>Dear {{$first_name}} {{$last_name}},</h2><p>Bellow is your temporary password <strong>{{$temp_password}}</strong></p><p>Login into your account with this password and change your password to somehting you can remember</p><p>Contact an admin if you do not recognize this activity</p>', 'enabled', NULL, '{{$first_name}}                  \r\n                            {{$last_name}}                  \r\n                            {{$temp_password}}', NULL, '2022-07-09 11:16:47'),
(5, 'password_changed_mail', 'Your Password Has Been Changed', '<h2>Dear {{$first_name}} {{$last_name}},</h2><p>Your password was recently changed, contact an admin if you do not recognize this activity.</p>', 'enabled', NULL, '{{$first_name}}                  \r\n                            {{$last_name}}', NULL, '2022-07-09 11:17:55'),
(6, 'new_id_upload_user', 'Identity Verification Documents Submitted', '<h2>Dear {{$first_name}} {{$last_name}},</h2><p>Your identity verification documents has been submitted, please wait while an admin review your documents. You will be notified by email as soon as they are reviewed</p>', 'enabled', NULL, '{{$first_name}}                  \r\n                            {{$last_name}}', NULL, '2022-07-09 11:13:58'),
(7, 'new_id_upload_admin', 'Identity Verification Documents Submitted', '<h2>Dear {{$first_name}} {{$last_name}},</h2><p>{{$user}} has submitted new identity documents, login to review them</p>', 'enabled', NULL, '{{$first_name}}                  \r\n                            {{$last_name}}                  \r\n                            {{$user}}', NULL, '2022-07-09 11:13:40'),
(8, 'new_referral_mail', 'You Have A New Referral', '<h2>Dear {{$first_name}} {{$last_name}},</h2><p>You have a new referral Name: {{$name}}&nbsp;<br>Email: {{$email}}&nbsp;<br>Account ID: {{$account_id}}&nbsp;</p>', 'enabled', NULL, '{{$first_name}}                  \r\n                            {{$last_name}}                  \r\n                            {{$name}}                  \r\n                            {{$email}}                  \r\n                            {{$account_id}}', NULL, '2022-07-09 11:15:03'),
(9, 'new_transaction_mail', 'Transaction Notification', '<h2>Dear {{$first_name}} {{$last_name}},</h2><p>A new transaction has occurred on your account. Please find the details below Amount: {{$amount}}&nbsp;<br>Type: {{$type}}&nbsp;<br>Method: {{$method}}&nbsp;<br>Balance: {{$balance}}&nbsp;<br>Transaction ID: {{$txn_id}}&nbsp;<br>Remark: {{$remark}}&nbsp;<br>Date: {{$date}}&nbsp;<br>&nbsp;</p>', 'disabled', NULL, '{{$first_name}}                  \r\n                            {{$last_name}}                  \r\n                            {{$amount}}                  \r\n                            {{$type}}                  \r\n                            {{$method}}                  \r\n                            {{$balance}}                  \r\n                            {{$txn_id}}                  \r\n                            {{$remark}}                  \r\n                            {{$date}}', NULL, '2022-09-07 23:42:52'),
(10, 'id_processed_mail', 'KYC Document {{$status}}', '<h2>Dear {{$first_name}} {{$last_name}},</h2><p>Your verification request has been processed, please find the detail below.&nbsp;</p><p><strong>Status:</strong> {{$status}}&nbsp;<br><strong>Comment:</strong> {{$comment}}&nbsp;<br><strong>Date:</strong> {{$date}}&nbsp;<br>&nbsp;</p>', 'enabled', '{{$status}}', '{{$first_name}}                  \r\n                            {{$last_name}}                  \r\n                            {{$status}}                  \r\n                            {{$comment}}                  \r\n                            {{$date}}', NULL, '2022-07-09 11:43:17'),
(11, 'new_deposit_mail', 'Deposit Request Successful', '<h2>Dear {{$first_name}} {{$last_name}},</h2><p>Your deposit request was successful, you will be notified by email once an admin reviews the payment. Find the deposit details below; Amount: {{$amount}}&nbsp;<br>Method: {{$method}}&nbsp;<br>Payment Method Amount: {{$converted_amount}}&nbsp;<br>Charge: {{$charge}}&nbsp;<br>Status: {{$status}}&nbsp;<br>Date: {{$date}}&nbsp;<br>&nbsp;</p>', 'enabled', NULL, '{{$first_name}}                  \r\n                            {{$last_name}}                  \r\n                            {{$amount}}                  \r\n                            {{$method}}                  \r\n                            {{$converted_amount}}                  \r\n                            {{$charge}}                  \r\n                            {{$status}}                  \r\n                            {{$date}}', NULL, '2022-07-09 11:12:03'),
(12, 'new_deposit_mail_admin', 'New Deposit Notification', '<h2>Hello Admin,</h2><p>{{$first_name}} {{$last_name}} has made new deposit, login to approve the deposit Amount: {{$amount}}&nbsp;<br>Method: {{$method}}&nbsp;<br>Payment Method Amount: {{$converted_amount}}&nbsp;<br>Charge: {{$charge}}&nbsp;<br>Status: {{$status}}&nbsp;<br>Date: {{$date}}&nbsp;<br>&nbsp;</p>', 'enabled', NULL, '{{$first_name}}                  \r\n                            {{$last_name}}                  \r\n                            {{$amount}}                  \r\n                            {{$method}}                  \r\n                            {{$converted_amount}}                  \r\n                            {{$charge}}                  \r\n                            {{$status}}                  \r\n                            {{$date}}', NULL, '2022-07-09 11:12:36'),
(13, 'deposit_rejected_mail', 'Deposit Rejected', '<h2>Dear {{$first_name}} {{$last_name}},</h2><p>Your deposit request has been reviewed and rejected by an admin. Find the deposit details below; Amount: {{$amount}}&nbsp;<br>Method: {{$method}}&nbsp;<br>Payment Method Amount: {{$converted_amount}}&nbsp;<br>Charge: {{$charge}}&nbsp;<br>Status: {{$status}}&nbsp;<br>Date: {{$date}}&nbsp;<br>Addtional Info: {{$additional_info}}&nbsp;</p>', 'enabled', NULL, '{{$first_name}}                  \r\n                            {{$last_name}}                  \r\n                            {{$amount}}                  \r\n                            {{$method}}                  \r\n                            {{$converted_amount}}                  \r\n                            {{$charge}}                  \r\n                            {{$status}}                  \r\n                            {{$date}}                  \r\n                            {{$additional_info}}', NULL, '2022-07-09 11:09:39'),
(14, 'deposit_approved_mail', 'Deposit Request Approved', '<h2>Dear {{$first_name}} {{$last_name}},</h2><p>Your deposit request has been reviewed and approved by an admin. Find the deposit details below;&nbsp;</p><p><strong>Amount:</strong> {{$amount}}&nbsp;<br><strong>Method</strong>: {{$method}}&nbsp;<br><strong>Payment Method Amount:</strong> {{$converted_amount}}&nbsp;<br><strong>Charge:</strong> {{$charge}}&nbsp;<br><strong>Status:</strong> {{$status}}&nbsp;<br><strong>Date: </strong>{{$date}}&nbsp;<br><strong>Addtional Info:</strong> {{$additional_info}}&nbsp;</p>', 'enabled', NULL, '{{$first_name}}                  \r\n                            {{$last_name}}                  \r\n                            {{$amount}}                  \r\n                            {{$method}}                  \r\n                            {{$converted_amount}}                  \r\n                            {{$charge}}                  \r\n                            {{$status}}                  \r\n                            {{$date}}                  \r\n                            {{$additional_info}}', NULL, '2022-08-19 22:31:01'),
(15, 'otp_mail', 'One Time Passcode (OTP)', '<h2>Dear {{$first_name}} {{$last_name}},</h2><p>Bellow is your One Time Passcode (OTP) <strong>{{$otp}}</strong> , It expires in 15 minutes</p>', 'enabled', NULL, '{{$first_name}}                  \r\n                            {{$last_name}}                  \r\n                            {{$otp}}', NULL, '2022-07-09 11:16:14'),
(16, 'new_loan_request_mail', 'New Loan Request Submitted', '<h2>Dear {{$first_name}} {{$last_name}},</h2><p>Your loan request was successful, you will be notified by email once an admin reviews an admin reviews your request. Find the details below; Amount: {{$amount}}&nbsp;<br>Interest: {{$interest}}<br>Repayment Date: {{$repayment_date}}&nbsp;<br>Status: {{$status}}&nbsp;<br>Date: {{$date}}&nbsp;<br>&nbsp;</p>', 'enabled', NULL, '{{$first_name}}                  \r\n                            {{$last_name}}                  \r\n                            {{$amount}}                  \r\n                            {{$interest}}                  \r\n                            {{$repayment_date}}                  \r\n                            {{$status}}                  \r\n                            {{$date}}', '2022-07-06 19:47:38', '2022-07-09 11:14:15'),
(17, 'new_loan_request_mail_admin', 'New Loan Request Submitted', '<h2>Dear Admin,</h2><p>{{$first_name}} {{$last_name}} has made a new loan request. Find the details below; Amount: {{$amount}}&nbsp;<br>Interest: {{$interest}}<br>Repayment Date: {{$repayment_date}}&nbsp;<br>Status: {{$status}}&nbsp;<br>Date: {{$date}}&nbsp;<br>&nbsp;</p>', 'enabled', NULL, '{{$first_name}}                  \r\n                            {{$last_name}}                  \r\n                            {{$amount}}                  \r\n                            {{$interest}}                  \r\n                            {{$repayment_date}}                  \r\n                            {{$status}}                  \r\n                            {{$date}}', '2022-07-06 19:47:38', '2022-07-09 11:14:49'),
(18, 'loan_processed_mail', 'Loan Request Processed', '<h2>Dear {{$first_name}} {{$last_name}},</h2><p>Your loan request has been processed. Find the details below; Amount: {{$amount}}&nbsp;<br>Interest: {{$interest}}<br>Repayment Date: {{$repayment_date}}&nbsp;<br>Status: {{$status}}&nbsp;<br>Date: {{$date}}&nbsp;<br>&nbsp;</p>', 'enabled', NULL, '{{$first_name}}                  \r\n                            {{$last_name}}                  \r\n                            {{$amount}}                  \r\n                            {{$interest}}                  \r\n                            {{$repayment_date}}                  \r\n                            {{$status}}                  \r\n                            {{$date}}', '2022-07-07 20:20:30', '2022-07-09 11:11:34'),
(19, 'new_withdrawal_mail', 'Withdrawal Request Successful', '<h2>Dear {{$first_name}} {{$last_name}},</h2>\r\n\r\n<p>Your withdrawal request was successful, you will be notified by email once an admin reviews the request. Find the deposit details below; \r\n\r\nAmount: {{$amount}}&nbsp;<br>\r\nFee: {{$fee}}&nbsp;<br>\r\nTotal: {{$total}}&nbsp;<br>\r\nWallet: {{$wallet}}&nbsp;<br>\r\n{{$wallet_info}}&nbsp;<br>\r\nTXN ID: {{$txn_id}}&nbsp;<br>\r\nStatus: {{$status}}&nbsp;<br>\r\nDate: {{$date}}&nbsp;<br>&nbsp;</p>', 'enabled', NULL, '{{$amount}}\n{{$fee}}\n{{$total}}\n{{$wallet}}\n{{$wallet_info}}\n{{$txn_id}}\n{{$status}}\n{{$date}}', '2022-07-22 12:15:15', '2022-07-22 12:15:15'),
(20, 'new_withdrawal_mail_admin', 'New Withdrawal Notification', '<h2>Dear Admin,</h2>\r\n\r\n<p>{{$first_name}} {{$last_name}} has placed a withdrawal request. Login to approve or decline the request. Find the deposit details below; \r\n\r\nAmount: {{$amount}}&nbsp;<br>\r\nFee: {{$fee}}&nbsp;<br>\r\nTotal: {{$total}}&nbsp;<br>\r\nWallet: {{$wallet}}&nbsp;<br>\r\n{{$wallet_info}}&nbsp;<br>\r\nTXN ID: {{$txn_id}}&nbsp;<br>\r\nStatus: {{$status}}&nbsp;<br>\r\nDate: {{$date}}&nbsp;<br>&nbsp;</p>', 'enabled', NULL, '{{$amount}}\r\n{{$fee}}\r\n{{$total}}\r\n{{$wallet}}\r\n{{$wallet_info}}\r\n{{$txn_id}}\r\n{{$status}}\r\n{{$date}}', '2022-07-22 12:50:35', '2022-07-22 12:50:35'),
(21, 'withdrawal_processed_mail', 'Withdrawal Processed', '<h2>Dear {{$first_name}} {{$last_name}},</h2>\r\n\r\n<p>Your withdrawal request has been processed. Find the deposit details below; \r\n\r\nAmount: {{$amount}}&nbsp;<br>\r\nFee: {{$fee}}&nbsp;<br>\r\nTotal: {{$total}}&nbsp;<br>\r\nWallet: {{$wallet}}&nbsp;<br>\r\n{{$wallet_info}}&nbsp;<br>\r\nTXN ID: {{$txn_id}}&nbsp;<br>\r\nStatus: {{$status}}&nbsp;<br>\r\nDate: {{$date}}&nbsp;<br>&nbsp;</p>', 'enabled', NULL, '{{$amount}}\r\n{{$fee}}\r\n{{$total}}\r\n{{$wallet}}\r\n{{$wallet_info}}\r\n{{$txn_id}}\r\n{{$status}}\r\n{{$date}}', '2022-07-23 02:15:46', '2022-07-23 02:15:46'),
(24, 'new_ticket_mail', 'Support Ticket [{{$ticket_id}}] Received', '<h2>Dear {{$first_name}} {{$last_name}},</h2>\n\n<p>Your Support Ticket has been received. Find the ticket details below; \n\nTicket ID: {{$ticket_id}}&nbsp;<br>\nSubject: {{$subject}}&nbsp;<br>\nMessage: <br>\n{{$message}}\nDate: {{$date}}&nbsp;<br>&nbsp;</p>', 'enabled', '{{$ticket_id}}', '{{$first_name}}\r\n{{$last_name}}\r\n{{$ticket_id}}\r\n{{$subject}}\r\n{{$message}}\r\n{{$date}}', '2022-07-25 10:07:31', '2022-07-25 10:07:31'),
(25, 'new_ticket_mail_admin', 'New Support Ticket [{{$ticket_id}}] Submitted', '<h2>Dear Admin,</h2>\n\n<p>{{$first_name}} {{$last_name}} has submitted a new support ticket. Find the ticket details below; \n\nTicket ID: {{$ticket_id}}&nbsp;<br>\nSubject: {{$subject}}&nbsp;<br>\nMessage: <br>\n{{$message}}\nDate: {{$date}}&nbsp;<br>&nbsp;</p>', 'enabled', '{{$ticket_id}}', '{{$first_name}}\n{{$last_name}}\n{{$ticket_id}}\n{{$subject}}\n{{$message}}\n{{$date}}', '2022-07-25 10:07:32', '2022-07-25 10:07:32'),
(28, 'new_ticket_reply_mail', 'Support Ticket [{{$ticket_id}}] Updated', '<h2>Dear {{$first_name}} {{$last_name}},</h2>\r\n\r\n<p>Your Support Ticket has been updated. Find the ticket details below; \r\n\r\nTicket ID: {{$ticket_id}}&nbsp;<br>\r\nSubject: {{$subject}}&nbsp;<br>\r\nMessage: <br>\r\n{{$message}}\r\nDate: {{$date}}&nbsp;<br>&nbsp;</p>', 'enabled', '{{$ticket_id}}', '{{$first_name}}\r\n{{$last_name}}\r\n{{$ticket_id}}\r\n{{$subject}}\r\n{{$message}}\r\n{{$date}}', '2022-07-25 21:59:06', '2022-07-25 21:59:06'),
(29, 'new_ticket_reply_mail_admin', 'Support Ticket [{{$ticket_id}}] Updated', '<h2>Dear Admin,</h2>\r\n\r\n<p>{{$first_name}} {{$last_name}} has updated Ticket  {{$ticket_id}}. Find the ticket details below; \r\n\r\nTicket ID: {{$ticket_id}}&nbsp;<br>\r\nSubject: {{$subject}}&nbsp;<br>\r\nMessage: <br>\r\n{{$message}}\r\nDate: {{$date}}&nbsp;<br>&nbsp;</p>', 'enabled', '{{$ticket_id}}', '{{$first_name}}\r\n{{$last_name}}\r\n{{$ticket_id}}\r\n{{$subject}}\r\n{{$message}}\r\n{{$date}}', '2022-07-25 21:59:06', '2022-07-25 21:59:06');

-- --------------------------------------------------------

--
-- Table structure for table `failed_jobs`
--

CREATE TABLE `failed_jobs` (
  `id` bigint UNSIGNED NOT NULL,
  `uuid` varchar(255) CHARACTER SET utf8mb4 COLLATE utf8mb4_unicode_ci NOT NULL,
  `connection` text CHARACTER SET utf8mb4 COLLATE utf8mb4_unicode_ci NOT NULL,
  `queue` text CHARACTER SET utf8mb4 COLLATE utf8mb4_unicode_ci NOT NULL,
  `payload` longtext CHARACTER SET utf8mb4 COLLATE utf8mb4_unicode_ci NOT NULL,
  `exception` longtext CHARACTER SET utf8mb4 COLLATE utf8mb4_unicode_ci NOT NULL,
  `failed_at` timestamp NOT NULL DEFAULT CURRENT_TIMESTAMP
) ENGINE=InnoDB DEFAULT CHARSET=utf8mb4 COLLATE=utf8mb4_unicode_ci;

--
-- Dumping data for table `failed_jobs`
--

INSERT INTO `failed_jobs` (`id`, `uuid`, `connection`, `queue`, `payload`, `exception`, `failed_at`) VALUES
(1, '69701b16-5edf-4a83-acee-a6d6ad4a5db9', 'database', 'default', '{\"uuid\":\"69701b16-5edf-4a83-acee-a6d6ad4a5db9\",\"displayName\":\"App\\\\Mail\\\\Email\",\"job\":\"Illuminate\\\\Queue\\\\CallQueuedHandler@call\",\"maxTries\":null,\"maxExceptions\":null,\"failOnTimeout\":false,\"backoff\":null,\"timeout\":null,\"retryUntil\":null,\"data\":{\"commandName\":\"Illuminate\\\\Mail\\\\SendQueuedMailable\",\"command\":\"O:34:\\\"Illuminate\\\\Mail\\\\SendQueuedMailable\\\":13:{s:8:\\\"mailable\\\";O:14:\\\"App\\\\Mail\\\\Email\\\":4:{s:4:\\\"body\\\";s:124:\\\"<h2>Dear Okwor Uchenna,<\\/h2><p>Bellow is your One Time Passcode (OTP) <strong>DN3AUX<\\/strong> , It expires in 15 minutes<\\/p>\\\";s:2:\\\"to\\\";a:1:{i:0;a:2:{s:4:\\\"name\\\";N;s:7:\\\"address\\\";s:20:\\\"ichiegroup@gmail.com\\\";}}s:7:\\\"subject\\\";s:23:\\\"One Time Passcode (OTP)\\\";s:6:\\\"mailer\\\";s:4:\\\"smtp\\\";}s:5:\\\"tries\\\";N;s:7:\\\"timeout\\\";N;s:17:\\\"shouldBeEncrypted\\\";b:0;s:10:\\\"connection\\\";N;s:5:\\\"queue\\\";N;s:15:\\\"chainConnection\\\";N;s:10:\\\"chainQueue\\\";N;s:19:\\\"chainCatchCallbacks\\\";N;s:5:\\\"delay\\\";N;s:11:\\\"afterCommit\\\";N;s:10:\\\"middleware\\\";a:0:{}s:7:\\\"chained\\\";a:0:{}}\"}}', 'Symfony\\Component\\Mailer\\Exception\\TransportException: Expected response code \"250\" but got an empty response. in C:\\Users\\IKE DECK\\Desktop\\project\\credhyip\\core\\vendor\\symfony\\mailer\\Transport\\Smtp\\SmtpTransport.php:301\nStack trace:\n#0 C:\\Users\\IKE DECK\\Desktop\\project\\credhyip\\core\\vendor\\symfony\\mailer\\Transport\\Smtp\\SmtpTransport.php(182): Symfony\\Component\\Mailer\\Transport\\Smtp\\SmtpTransport->assertResponseCode(\'\', Array)\n#1 C:\\Users\\IKE DECK\\Desktop\\project\\credhyip\\core\\vendor\\symfony\\mailer\\Transport\\Smtp\\SmtpTransport.php(235): Symfony\\Component\\Mailer\\Transport\\Smtp\\SmtpTransport->executeCommand(\'MAIL FROM:<ichi...\', Array)\n#2 C:\\Users\\IKE DECK\\Desktop\\project\\credhyip\\core\\vendor\\symfony\\mailer\\Transport\\Smtp\\SmtpTransport.php(199): Symfony\\Component\\Mailer\\Transport\\Smtp\\SmtpTransport->doMailFromCommand(\'ichiegroup@gmai...\')\n#3 C:\\Users\\IKE DECK\\Desktop\\project\\credhyip\\core\\vendor\\symfony\\mailer\\Transport\\AbstractTransport.php(68): Symfony\\Component\\Mailer\\Transport\\Smtp\\SmtpTransport->doSend(Object(Symfony\\Component\\Mailer\\SentMessage))\n#4 C:\\Users\\IKE DECK\\Desktop\\project\\credhyip\\core\\vendor\\symfony\\mailer\\Transport\\Smtp\\SmtpTransport.php(136): Symfony\\Component\\Mailer\\Transport\\AbstractTransport->send(Object(Symfony\\Component\\Mailer\\SentMessage), Object(Symfony\\Component\\Mailer\\DelayedEnvelope))\n#5 C:\\Users\\IKE DECK\\Desktop\\project\\credhyip\\core\\vendor\\laravel\\framework\\src\\Illuminate\\Mail\\Mailer.php(521): Symfony\\Component\\Mailer\\Transport\\Smtp\\SmtpTransport->send(Object(Symfony\\Component\\Mime\\Email), Object(Symfony\\Component\\Mailer\\DelayedEnvelope))\n#6 C:\\Users\\IKE DECK\\Desktop\\project\\credhyip\\core\\vendor\\laravel\\framework\\src\\Illuminate\\Mail\\Mailer.php(285): Illuminate\\Mail\\Mailer->sendSymfonyMessage(Object(Symfony\\Component\\Mime\\Email))\n#7 C:\\Users\\IKE DECK\\Desktop\\project\\credhyip\\core\\vendor\\laravel\\framework\\src\\Illuminate\\Mail\\Mailable.php(211): Illuminate\\Mail\\Mailer->send(Object(Illuminate\\Support\\HtmlString), Array, Object(Closure))\n#8 C:\\Users\\IKE DECK\\Desktop\\project\\credhyip\\core\\vendor\\laravel\\framework\\src\\Illuminate\\Support\\Traits\\Localizable.php(19): Illuminate\\Mail\\Mailable->Illuminate\\Mail\\{closure}()\n#9 C:\\Users\\IKE DECK\\Desktop\\project\\credhyip\\core\\vendor\\laravel\\framework\\src\\Illuminate\\Mail\\Mailable.php(212): Illuminate\\Mail\\Mailable->withLocale(NULL, Object(Closure))\n#10 C:\\Users\\IKE DECK\\Desktop\\project\\credhyip\\core\\vendor\\laravel\\framework\\src\\Illuminate\\Mail\\SendQueuedMailable.php(65): Illuminate\\Mail\\Mailable->send(Object(Illuminate\\Mail\\MailManager))\n#11 C:\\Users\\IKE DECK\\Desktop\\project\\credhyip\\core\\vendor\\laravel\\framework\\src\\Illuminate\\Container\\BoundMethod.php(36): Illuminate\\Mail\\SendQueuedMailable->handle(Object(Illuminate\\Mail\\MailManager))\n#12 C:\\Users\\IKE DECK\\Desktop\\project\\credhyip\\core\\vendor\\laravel\\framework\\src\\Illuminate\\Container\\Util.php(41): Illuminate\\Container\\BoundMethod::Illuminate\\Container\\{closure}()\n#13 C:\\Users\\IKE DECK\\Desktop\\project\\credhyip\\core\\vendor\\laravel\\framework\\src\\Illuminate\\Container\\BoundMethod.php(93): Illuminate\\Container\\Util::unwrapIfClosure(Object(Closure))\n#14 C:\\Users\\IKE DECK\\Desktop\\project\\credhyip\\core\\vendor\\laravel\\framework\\src\\Illuminate\\Container\\BoundMethod.php(37): Illuminate\\Container\\BoundMethod::callBoundMethod(Object(Illuminate\\Foundation\\Application), Array, Object(Closure))\n#15 C:\\Users\\IKE DECK\\Desktop\\project\\credhyip\\core\\vendor\\laravel\\framework\\src\\Illuminate\\Container\\Container.php(651): Illuminate\\Container\\BoundMethod::call(Object(Illuminate\\Foundation\\Application), Array, Array, NULL)\n#16 C:\\Users\\IKE DECK\\Desktop\\project\\credhyip\\core\\vendor\\laravel\\framework\\src\\Illuminate\\Bus\\Dispatcher.php(128): Illuminate\\Container\\Container->call(Array)\n#17 C:\\Users\\IKE DECK\\Desktop\\project\\credhyip\\core\\vendor\\laravel\\framework\\src\\Illuminate\\Pipeline\\Pipeline.php(141): Illuminate\\Bus\\Dispatcher->Illuminate\\Bus\\{closure}(Object(Illuminate\\Mail\\SendQueuedMailable))\n#18 C:\\Users\\IKE DECK\\Desktop\\project\\credhyip\\core\\vendor\\laravel\\framework\\src\\Illuminate\\Pipeline\\Pipeline.php(116): Illuminate\\Pipeline\\Pipeline->Illuminate\\Pipeline\\{closure}(Object(Illuminate\\Mail\\SendQueuedMailable))\n#19 C:\\Users\\IKE DECK\\Desktop\\project\\credhyip\\core\\vendor\\laravel\\framework\\src\\Illuminate\\Bus\\Dispatcher.php(132): Illuminate\\Pipeline\\Pipeline->then(Object(Closure))\n#20 C:\\Users\\IKE DECK\\Desktop\\project\\credhyip\\core\\vendor\\laravel\\framework\\src\\Illuminate\\Queue\\CallQueuedHandler.php(123): Illuminate\\Bus\\Dispatcher->dispatchNow(Object(Illuminate\\Mail\\SendQueuedMailable), false)\n#21 C:\\Users\\IKE DECK\\Desktop\\project\\credhyip\\core\\vendor\\laravel\\framework\\src\\Illuminate\\Pipeline\\Pipeline.php(141): Illuminate\\Queue\\CallQueuedHandler->Illuminate\\Queue\\{closure}(Object(Illuminate\\Mail\\SendQueuedMailable))\n#22 C:\\Users\\IKE DECK\\Desktop\\project\\credhyip\\core\\vendor\\laravel\\framework\\src\\Illuminate\\Pipeline\\Pipeline.php(116): Illuminate\\Pipeline\\Pipeline->Illuminate\\Pipeline\\{closure}(Object(Illuminate\\Mail\\SendQueuedMailable))\n#23 C:\\Users\\IKE DECK\\Desktop\\project\\credhyip\\core\\vendor\\laravel\\framework\\src\\Illuminate\\Queue\\CallQueuedHandler.php(125): Illuminate\\Pipeline\\Pipeline->then(Object(Closure))\n#24 C:\\Users\\IKE DECK\\Desktop\\project\\credhyip\\core\\vendor\\laravel\\framework\\src\\Illuminate\\Queue\\CallQueuedHandler.php(69): Illuminate\\Queue\\CallQueuedHandler->dispatchThroughMiddleware(Object(Illuminate\\Queue\\Jobs\\DatabaseJob), Object(Illuminate\\Mail\\SendQueuedMailable))\n#25 C:\\Users\\IKE DECK\\Desktop\\project\\credhyip\\core\\vendor\\laravel\\framework\\src\\Illuminate\\Queue\\Jobs\\Job.php(98): Illuminate\\Queue\\CallQueuedHandler->call(Object(Illuminate\\Queue\\Jobs\\DatabaseJob), Array)\n#26 C:\\Users\\IKE DECK\\Desktop\\project\\credhyip\\core\\vendor\\laravel\\framework\\src\\Illuminate\\Queue\\Worker.php(429): Illuminate\\Queue\\Jobs\\Job->fire()\n#27 C:\\Users\\IKE DECK\\Desktop\\project\\credhyip\\core\\vendor\\laravel\\framework\\src\\Illuminate\\Queue\\Worker.php(379): Illuminate\\Queue\\Worker->process(\'database\', Object(Illuminate\\Queue\\Jobs\\DatabaseJob), Object(Illuminate\\Queue\\WorkerOptions))\n#28 C:\\Users\\IKE DECK\\Desktop\\project\\credhyip\\core\\vendor\\laravel\\framework\\src\\Illuminate\\Queue\\Worker.php(173): Illuminate\\Queue\\Worker->runJob(Object(Illuminate\\Queue\\Jobs\\DatabaseJob), \'database\', Object(Illuminate\\Queue\\WorkerOptions))\n#29 C:\\Users\\IKE DECK\\Desktop\\project\\credhyip\\core\\vendor\\laravel\\framework\\src\\Illuminate\\Queue\\Console\\WorkCommand.php(150): Illuminate\\Queue\\Worker->daemon(\'database\', \'default\', Object(Illuminate\\Queue\\WorkerOptions))\n#30 C:\\Users\\IKE DECK\\Desktop\\project\\credhyip\\core\\vendor\\laravel\\framework\\src\\Illuminate\\Queue\\Console\\WorkCommand.php(134): Illuminate\\Queue\\Console\\WorkCommand->runWorker(\'database\', \'default\')\n#31 C:\\Users\\IKE DECK\\Desktop\\project\\credhyip\\core\\vendor\\laravel\\framework\\src\\Illuminate\\Container\\BoundMethod.php(36): Illuminate\\Queue\\Console\\WorkCommand->handle()\n#32 C:\\Users\\IKE DECK\\Desktop\\project\\credhyip\\core\\vendor\\laravel\\framework\\src\\Illuminate\\Container\\Util.php(41): Illuminate\\Container\\BoundMethod::Illuminate\\Container\\{closure}()\n#33 C:\\Users\\IKE DECK\\Desktop\\project\\credhyip\\core\\vendor\\laravel\\framework\\src\\Illuminate\\Container\\BoundMethod.php(93): Illuminate\\Container\\Util::unwrapIfClosure(Object(Closure))\n#34 C:\\Users\\IKE DECK\\Desktop\\project\\credhyip\\core\\vendor\\laravel\\framework\\src\\Illuminate\\Container\\BoundMethod.php(37): Illuminate\\Container\\BoundMethod::callBoundMethod(Object(Illuminate\\Foundation\\Application), Array, Object(Closure))\n#35 C:\\Users\\IKE DECK\\Desktop\\project\\credhyip\\core\\vendor\\laravel\\framework\\src\\Illuminate\\Container\\Container.php(651): Illuminate\\Container\\BoundMethod::call(Object(Illuminate\\Foundation\\Application), Array, Array, NULL)\n#36 C:\\Users\\IKE DECK\\Desktop\\project\\credhyip\\core\\vendor\\laravel\\framework\\src\\Illuminate\\Console\\Command.php(139): Illuminate\\Container\\Container->call(Array)\n#37 C:\\Users\\IKE DECK\\Desktop\\project\\credhyip\\core\\vendor\\symfony\\console\\Command\\Command.php(291): Illuminate\\Console\\Command->execute(Object(Symfony\\Component\\Console\\Input\\ArgvInput), Object(Illuminate\\Console\\OutputStyle))\n#38 C:\\Users\\IKE DECK\\Desktop\\project\\credhyip\\core\\vendor\\laravel\\framework\\src\\Illuminate\\Console\\Command.php(124): Symfony\\Component\\Console\\Command\\Command->run(Object(Symfony\\Component\\Console\\Input\\ArgvInput), Object(Illuminate\\Console\\OutputStyle))\n#39 C:\\Users\\IKE DECK\\Desktop\\project\\credhyip\\core\\vendor\\symfony\\console\\Application.php(998): Illuminate\\Console\\Command->run(Object(Symfony\\Component\\Console\\Input\\ArgvInput), Object(Symfony\\Component\\Console\\Output\\ConsoleOutput))\n#40 C:\\Users\\IKE DECK\\Desktop\\project\\credhyip\\core\\vendor\\symfony\\console\\Application.php(299): Symfony\\Component\\Console\\Application->doRunCommand(Object(Illuminate\\Queue\\Console\\WorkCommand), Object(Symfony\\Component\\Console\\Input\\ArgvInput), Object(Symfony\\Component\\Console\\Output\\ConsoleOutput))\n#41 C:\\Users\\IKE DECK\\Desktop\\project\\credhyip\\core\\vendor\\symfony\\console\\Application.php(171): Symfony\\Component\\Console\\Application->doRun(Object(Symfony\\Component\\Console\\Input\\ArgvInput), Object(Symfony\\Component\\Console\\Output\\ConsoleOutput))\n#42 C:\\Users\\IKE DECK\\Desktop\\project\\credhyip\\core\\vendor\\laravel\\framework\\src\\Illuminate\\Console\\Application.php(102): Symfony\\Component\\Console\\Application->run(Object(Symfony\\Component\\Console\\Input\\ArgvInput), Object(Symfony\\Component\\Console\\Output\\ConsoleOutput))\n#43 C:\\Users\\IKE DECK\\Desktop\\project\\credhyip\\core\\vendor\\laravel\\framework\\src\\Illuminate\\Foundation\\Console\\Kernel.php(129): Illuminate\\Console\\Application->run(Object(Symfony\\Component\\Console\\Input\\ArgvInput), Object(Symfony\\Component\\Console\\Output\\ConsoleOutput))\n#44 C:\\Users\\IKE DECK\\Desktop\\project\\credhyip\\core\\artisan(37): Illuminate\\Foundation\\Console\\Kernel->handle(Object(Symfony\\Component\\Console\\Input\\ArgvInput), Object(Symfony\\Component\\Console\\Output\\ConsoleOutput))\n#45 {main}', '2022-11-16 06:47:07'),
(2, '582887b9-5839-445f-af21-aa198739462c', 'database', 'default', '{\"uuid\":\"582887b9-5839-445f-af21-aa198739462c\",\"displayName\":\"App\\\\Mail\\\\Email\",\"job\":\"Illuminate\\\\Queue\\\\CallQueuedHandler@call\",\"maxTries\":null,\"maxExceptions\":null,\"failOnTimeout\":false,\"backoff\":null,\"timeout\":null,\"retryUntil\":null,\"data\":{\"commandName\":\"Illuminate\\\\Mail\\\\SendQueuedMailable\",\"command\":\"O:34:\\\"Illuminate\\\\Mail\\\\SendQueuedMailable\\\":13:{s:8:\\\"mailable\\\";O:14:\\\"App\\\\Mail\\\\Email\\\":4:{s:4:\\\"body\\\";s:124:\\\"<h2>Dear Okwor Uchenna,<\\/h2><p>Bellow is your One Time Passcode (OTP) <strong>8P00RC<\\/strong> , It expires in 15 minutes<\\/p>\\\";s:2:\\\"to\\\";a:1:{i:0;a:2:{s:4:\\\"name\\\";N;s:7:\\\"address\\\";s:20:\\\"ichiegroup@gmail.com\\\";}}s:7:\\\"subject\\\";s:23:\\\"One Time Passcode (OTP)\\\";s:6:\\\"mailer\\\";s:4:\\\"smtp\\\";}s:5:\\\"tries\\\";N;s:7:\\\"timeout\\\";N;s:17:\\\"shouldBeEncrypted\\\";b:0;s:10:\\\"connection\\\";N;s:5:\\\"queue\\\";N;s:15:\\\"chainConnection\\\";N;s:10:\\\"chainQueue\\\";N;s:19:\\\"chainCatchCallbacks\\\";N;s:5:\\\"delay\\\";N;s:11:\\\"afterCommit\\\";N;s:10:\\\"middleware\\\";a:0:{}s:7:\\\"chained\\\";a:0:{}}\"}}', 'Symfony\\Component\\Mailer\\Exception\\TransportException: Expected response code \"250\" but got an empty response. in C:\\Users\\IKE DECK\\Desktop\\project\\credhyip\\core\\vendor\\symfony\\mailer\\Transport\\Smtp\\SmtpTransport.php:301\nStack trace:\n#0 C:\\Users\\IKE DECK\\Desktop\\project\\credhyip\\core\\vendor\\symfony\\mailer\\Transport\\Smtp\\SmtpTransport.php(182): Symfony\\Component\\Mailer\\Transport\\Smtp\\SmtpTransport->assertResponseCode(\'\', Array)\n#1 C:\\Users\\IKE DECK\\Desktop\\project\\credhyip\\core\\vendor\\symfony\\mailer\\Transport\\Smtp\\SmtpTransport.php(235): Symfony\\Component\\Mailer\\Transport\\Smtp\\SmtpTransport->executeCommand(\'MAIL FROM:<ichi...\', Array)\n#2 C:\\Users\\IKE DECK\\Desktop\\project\\credhyip\\core\\vendor\\symfony\\mailer\\Transport\\Smtp\\SmtpTransport.php(199): Symfony\\Component\\Mailer\\Transport\\Smtp\\SmtpTransport->doMailFromCommand(\'ichiegroup@gmai...\')\n#3 C:\\Users\\IKE DECK\\Desktop\\project\\credhyip\\core\\vendor\\symfony\\mailer\\Transport\\AbstractTransport.php(68): Symfony\\Component\\Mailer\\Transport\\Smtp\\SmtpTransport->doSend(Object(Symfony\\Component\\Mailer\\SentMessage))\n#4 C:\\Users\\IKE DECK\\Desktop\\project\\credhyip\\core\\vendor\\symfony\\mailer\\Transport\\Smtp\\SmtpTransport.php(136): Symfony\\Component\\Mailer\\Transport\\AbstractTransport->send(Object(Symfony\\Component\\Mailer\\SentMessage), Object(Symfony\\Component\\Mailer\\DelayedEnvelope))\n#5 C:\\Users\\IKE DECK\\Desktop\\project\\credhyip\\core\\vendor\\laravel\\framework\\src\\Illuminate\\Mail\\Mailer.php(521): Symfony\\Component\\Mailer\\Transport\\Smtp\\SmtpTransport->send(Object(Symfony\\Component\\Mime\\Email), Object(Symfony\\Component\\Mailer\\DelayedEnvelope))\n#6 C:\\Users\\IKE DECK\\Desktop\\project\\credhyip\\core\\vendor\\laravel\\framework\\src\\Illuminate\\Mail\\Mailer.php(285): Illuminate\\Mail\\Mailer->sendSymfonyMessage(Object(Symfony\\Component\\Mime\\Email))\n#7 C:\\Users\\IKE DECK\\Desktop\\project\\credhyip\\core\\vendor\\laravel\\framework\\src\\Illuminate\\Mail\\Mailable.php(211): Illuminate\\Mail\\Mailer->send(Object(Illuminate\\Support\\HtmlString), Array, Object(Closure))\n#8 C:\\Users\\IKE DECK\\Desktop\\project\\credhyip\\core\\vendor\\laravel\\framework\\src\\Illuminate\\Support\\Traits\\Localizable.php(19): Illuminate\\Mail\\Mailable->Illuminate\\Mail\\{closure}()\n#9 C:\\Users\\IKE DECK\\Desktop\\project\\credhyip\\core\\vendor\\laravel\\framework\\src\\Illuminate\\Mail\\Mailable.php(212): Illuminate\\Mail\\Mailable->withLocale(NULL, Object(Closure))\n#10 C:\\Users\\IKE DECK\\Desktop\\project\\credhyip\\core\\vendor\\laravel\\framework\\src\\Illuminate\\Mail\\SendQueuedMailable.php(65): Illuminate\\Mail\\Mailable->send(Object(Illuminate\\Mail\\MailManager))\n#11 C:\\Users\\IKE DECK\\Desktop\\project\\credhyip\\core\\vendor\\laravel\\framework\\src\\Illuminate\\Container\\BoundMethod.php(36): Illuminate\\Mail\\SendQueuedMailable->handle(Object(Illuminate\\Mail\\MailManager))\n#12 C:\\Users\\IKE DECK\\Desktop\\project\\credhyip\\core\\vendor\\laravel\\framework\\src\\Illuminate\\Container\\Util.php(41): Illuminate\\Container\\BoundMethod::Illuminate\\Container\\{closure}()\n#13 C:\\Users\\IKE DECK\\Desktop\\project\\credhyip\\core\\vendor\\laravel\\framework\\src\\Illuminate\\Container\\BoundMethod.php(93): Illuminate\\Container\\Util::unwrapIfClosure(Object(Closure))\n#14 C:\\Users\\IKE DECK\\Desktop\\project\\credhyip\\core\\vendor\\laravel\\framework\\src\\Illuminate\\Container\\BoundMethod.php(37): Illuminate\\Container\\BoundMethod::callBoundMethod(Object(Illuminate\\Foundation\\Application), Array, Object(Closure))\n#15 C:\\Users\\IKE DECK\\Desktop\\project\\credhyip\\core\\vendor\\laravel\\framework\\src\\Illuminate\\Container\\Container.php(651): Illuminate\\Container\\BoundMethod::call(Object(Illuminate\\Foundation\\Application), Array, Array, NULL)\n#16 C:\\Users\\IKE DECK\\Desktop\\project\\credhyip\\core\\vendor\\laravel\\framework\\src\\Illuminate\\Bus\\Dispatcher.php(128): Illuminate\\Container\\Container->call(Array)\n#17 C:\\Users\\IKE DECK\\Desktop\\project\\credhyip\\core\\vendor\\laravel\\framework\\src\\Illuminate\\Pipeline\\Pipeline.php(141): Illuminate\\Bus\\Dispatcher->Illuminate\\Bus\\{closure}(Object(Illuminate\\Mail\\SendQueuedMailable))\n#18 C:\\Users\\IKE DECK\\Desktop\\project\\credhyip\\core\\vendor\\laravel\\framework\\src\\Illuminate\\Pipeline\\Pipeline.php(116): Illuminate\\Pipeline\\Pipeline->Illuminate\\Pipeline\\{closure}(Object(Illuminate\\Mail\\SendQueuedMailable))\n#19 C:\\Users\\IKE DECK\\Desktop\\project\\credhyip\\core\\vendor\\laravel\\framework\\src\\Illuminate\\Bus\\Dispatcher.php(132): Illuminate\\Pipeline\\Pipeline->then(Object(Closure))\n#20 C:\\Users\\IKE DECK\\Desktop\\project\\credhyip\\core\\vendor\\laravel\\framework\\src\\Illuminate\\Queue\\CallQueuedHandler.php(123): Illuminate\\Bus\\Dispatcher->dispatchNow(Object(Illuminate\\Mail\\SendQueuedMailable), false)\n#21 C:\\Users\\IKE DECK\\Desktop\\project\\credhyip\\core\\vendor\\laravel\\framework\\src\\Illuminate\\Pipeline\\Pipeline.php(141): Illuminate\\Queue\\CallQueuedHandler->Illuminate\\Queue\\{closure}(Object(Illuminate\\Mail\\SendQueuedMailable))\n#22 C:\\Users\\IKE DECK\\Desktop\\project\\credhyip\\core\\vendor\\laravel\\framework\\src\\Illuminate\\Pipeline\\Pipeline.php(116): Illuminate\\Pipeline\\Pipeline->Illuminate\\Pipeline\\{closure}(Object(Illuminate\\Mail\\SendQueuedMailable))\n#23 C:\\Users\\IKE DECK\\Desktop\\project\\credhyip\\core\\vendor\\laravel\\framework\\src\\Illuminate\\Queue\\CallQueuedHandler.php(125): Illuminate\\Pipeline\\Pipeline->then(Object(Closure))\n#24 C:\\Users\\IKE DECK\\Desktop\\project\\credhyip\\core\\vendor\\laravel\\framework\\src\\Illuminate\\Queue\\CallQueuedHandler.php(69): Illuminate\\Queue\\CallQueuedHandler->dispatchThroughMiddleware(Object(Illuminate\\Queue\\Jobs\\DatabaseJob), Object(Illuminate\\Mail\\SendQueuedMailable))\n#25 C:\\Users\\IKE DECK\\Desktop\\project\\credhyip\\core\\vendor\\laravel\\framework\\src\\Illuminate\\Queue\\Jobs\\Job.php(98): Illuminate\\Queue\\CallQueuedHandler->call(Object(Illuminate\\Queue\\Jobs\\DatabaseJob), Array)\n#26 C:\\Users\\IKE DECK\\Desktop\\project\\credhyip\\core\\vendor\\laravel\\framework\\src\\Illuminate\\Queue\\Worker.php(429): Illuminate\\Queue\\Jobs\\Job->fire()\n#27 C:\\Users\\IKE DECK\\Desktop\\project\\credhyip\\core\\vendor\\laravel\\framework\\src\\Illuminate\\Queue\\Worker.php(379): Illuminate\\Queue\\Worker->process(\'database\', Object(Illuminate\\Queue\\Jobs\\DatabaseJob), Object(Illuminate\\Queue\\WorkerOptions))\n#28 C:\\Users\\IKE DECK\\Desktop\\project\\credhyip\\core\\vendor\\laravel\\framework\\src\\Illuminate\\Queue\\Worker.php(173): Illuminate\\Queue\\Worker->runJob(Object(Illuminate\\Queue\\Jobs\\DatabaseJob), \'database\', Object(Illuminate\\Queue\\WorkerOptions))\n#29 C:\\Users\\IKE DECK\\Desktop\\project\\credhyip\\core\\vendor\\laravel\\framework\\src\\Illuminate\\Queue\\Console\\WorkCommand.php(150): Illuminate\\Queue\\Worker->daemon(\'database\', \'default\', Object(Illuminate\\Queue\\WorkerOptions))\n#30 C:\\Users\\IKE DECK\\Desktop\\project\\credhyip\\core\\vendor\\laravel\\framework\\src\\Illuminate\\Queue\\Console\\WorkCommand.php(134): Illuminate\\Queue\\Console\\WorkCommand->runWorker(\'database\', \'default\')\n#31 C:\\Users\\IKE DECK\\Desktop\\project\\credhyip\\core\\vendor\\laravel\\framework\\src\\Illuminate\\Container\\BoundMethod.php(36): Illuminate\\Queue\\Console\\WorkCommand->handle()\n#32 C:\\Users\\IKE DECK\\Desktop\\project\\credhyip\\core\\vendor\\laravel\\framework\\src\\Illuminate\\Container\\Util.php(41): Illuminate\\Container\\BoundMethod::Illuminate\\Container\\{closure}()\n#33 C:\\Users\\IKE DECK\\Desktop\\project\\credhyip\\core\\vendor\\laravel\\framework\\src\\Illuminate\\Container\\BoundMethod.php(93): Illuminate\\Container\\Util::unwrapIfClosure(Object(Closure))\n#34 C:\\Users\\IKE DECK\\Desktop\\project\\credhyip\\core\\vendor\\laravel\\framework\\src\\Illuminate\\Container\\BoundMethod.php(37): Illuminate\\Container\\BoundMethod::callBoundMethod(Object(Illuminate\\Foundation\\Application), Array, Object(Closure))\n#35 C:\\Users\\IKE DECK\\Desktop\\project\\credhyip\\core\\vendor\\laravel\\framework\\src\\Illuminate\\Container\\Container.php(651): Illuminate\\Container\\BoundMethod::call(Object(Illuminate\\Foundation\\Application), Array, Array, NULL)\n#36 C:\\Users\\IKE DECK\\Desktop\\project\\credhyip\\core\\vendor\\laravel\\framework\\src\\Illuminate\\Console\\Command.php(139): Illuminate\\Container\\Container->call(Array)\n#37 C:\\Users\\IKE DECK\\Desktop\\project\\credhyip\\core\\vendor\\symfony\\console\\Command\\Command.php(291): Illuminate\\Console\\Command->execute(Object(Symfony\\Component\\Console\\Input\\ArgvInput), Object(Illuminate\\Console\\OutputStyle))\n#38 C:\\Users\\IKE DECK\\Desktop\\project\\credhyip\\core\\vendor\\laravel\\framework\\src\\Illuminate\\Console\\Command.php(124): Symfony\\Component\\Console\\Command\\Command->run(Object(Symfony\\Component\\Console\\Input\\ArgvInput), Object(Illuminate\\Console\\OutputStyle))\n#39 C:\\Users\\IKE DECK\\Desktop\\project\\credhyip\\core\\vendor\\symfony\\console\\Application.php(998): Illuminate\\Console\\Command->run(Object(Symfony\\Component\\Console\\Input\\ArgvInput), Object(Symfony\\Component\\Console\\Output\\ConsoleOutput))\n#40 C:\\Users\\IKE DECK\\Desktop\\project\\credhyip\\core\\vendor\\symfony\\console\\Application.php(299): Symfony\\Component\\Console\\Application->doRunCommand(Object(Illuminate\\Queue\\Console\\WorkCommand), Object(Symfony\\Component\\Console\\Input\\ArgvInput), Object(Symfony\\Component\\Console\\Output\\ConsoleOutput))\n#41 C:\\Users\\IKE DECK\\Desktop\\project\\credhyip\\core\\vendor\\symfony\\console\\Application.php(171): Symfony\\Component\\Console\\Application->doRun(Object(Symfony\\Component\\Console\\Input\\ArgvInput), Object(Symfony\\Component\\Console\\Output\\ConsoleOutput))\n#42 C:\\Users\\IKE DECK\\Desktop\\project\\credhyip\\core\\vendor\\laravel\\framework\\src\\Illuminate\\Console\\Application.php(102): Symfony\\Component\\Console\\Application->run(Object(Symfony\\Component\\Console\\Input\\ArgvInput), Object(Symfony\\Component\\Console\\Output\\ConsoleOutput))\n#43 C:\\Users\\IKE DECK\\Desktop\\project\\credhyip\\core\\vendor\\laravel\\framework\\src\\Illuminate\\Foundation\\Console\\Kernel.php(129): Illuminate\\Console\\Application->run(Object(Symfony\\Component\\Console\\Input\\ArgvInput), Object(Symfony\\Component\\Console\\Output\\ConsoleOutput))\n#44 C:\\Users\\IKE DECK\\Desktop\\project\\credhyip\\core\\artisan(37): Illuminate\\Foundation\\Console\\Kernel->handle(Object(Symfony\\Component\\Console\\Input\\ArgvInput), Object(Symfony\\Component\\Console\\Output\\ConsoleOutput))\n#45 {main}', '2022-11-16 06:54:19'),
(3, '5168e214-b516-4b90-bd0f-cde13c4f21cd', 'database', 'default', '{\"uuid\":\"5168e214-b516-4b90-bd0f-cde13c4f21cd\",\"displayName\":\"App\\\\Mail\\\\Email\",\"job\":\"Illuminate\\\\Queue\\\\CallQueuedHandler@call\",\"maxTries\":null,\"maxExceptions\":null,\"failOnTimeout\":false,\"backoff\":null,\"timeout\":null,\"retryUntil\":null,\"data\":{\"commandName\":\"Illuminate\\\\Mail\\\\SendQueuedMailable\",\"command\":\"O:34:\\\"Illuminate\\\\Mail\\\\SendQueuedMailable\\\":13:{s:8:\\\"mailable\\\";O:14:\\\"App\\\\Mail\\\\Email\\\":4:{s:4:\\\"body\\\";s:124:\\\"<h2>Dear Okwor Uchenna,<\\/h2><p>Bellow is your One Time Passcode (OTP) <strong>MZL0BR<\\/strong> , It expires in 15 minutes<\\/p>\\\";s:2:\\\"to\\\";a:1:{i:0;a:2:{s:4:\\\"name\\\";N;s:7:\\\"address\\\";s:20:\\\"ichiegroup@gmail.com\\\";}}s:7:\\\"subject\\\";s:23:\\\"One Time Passcode (OTP)\\\";s:6:\\\"mailer\\\";s:4:\\\"smtp\\\";}s:5:\\\"tries\\\";N;s:7:\\\"timeout\\\";N;s:17:\\\"shouldBeEncrypted\\\";b:0;s:10:\\\"connection\\\";N;s:5:\\\"queue\\\";N;s:15:\\\"chainConnection\\\";N;s:10:\\\"chainQueue\\\";N;s:19:\\\"chainCatchCallbacks\\\";N;s:5:\\\"delay\\\";N;s:11:\\\"afterCommit\\\";N;s:10:\\\"middleware\\\";a:0:{}s:7:\\\"chained\\\";a:0:{}}\"}}', 'ErrorException: fgets(): SSL: An existing connection was forcibly closed by the remote host in C:\\Users\\IKE DECK\\Desktop\\project\\credhyip\\core\\vendor\\symfony\\mailer\\Transport\\Smtp\\Stream\\AbstractStream.php:77\nStack trace:\n#0 C:\\Users\\IKE DECK\\Desktop\\project\\credhyip\\core\\vendor\\laravel\\framework\\src\\Illuminate\\Foundation\\Bootstrap\\HandleExceptions.php(257): Illuminate\\Foundation\\Bootstrap\\HandleExceptions->handleError(2, \'fgets(): SSL: A...\', \'C:\\\\Users\\\\IKE DE...\', 77)\n#1 [internal function]: Illuminate\\Foundation\\Bootstrap\\HandleExceptions->Illuminate\\Foundation\\Bootstrap\\{closure}(2, \'fgets(): SSL: A...\', \'C:\\\\Users\\\\IKE DE...\', 77)\n#2 C:\\Users\\IKE DECK\\Desktop\\project\\credhyip\\core\\vendor\\symfony\\mailer\\Transport\\Smtp\\Stream\\AbstractStream.php(77): fgets(Resource id #3279)\n#3 C:\\Users\\IKE DECK\\Desktop\\project\\credhyip\\core\\vendor\\symfony\\mailer\\Transport\\Smtp\\SmtpTransport.php(316): Symfony\\Component\\Mailer\\Transport\\Smtp\\Stream\\AbstractStream->readLine()\n#4 C:\\Users\\IKE DECK\\Desktop\\project\\credhyip\\core\\vendor\\symfony\\mailer\\Transport\\Smtp\\SmtpTransport.php(181): Symfony\\Component\\Mailer\\Transport\\Smtp\\SmtpTransport->getFullResponse()\n#5 C:\\Users\\IKE DECK\\Desktop\\project\\credhyip\\core\\vendor\\symfony\\mailer\\Transport\\Smtp\\SmtpTransport.php(235): Symfony\\Component\\Mailer\\Transport\\Smtp\\SmtpTransport->executeCommand(\'MAIL FROM:<ichi...\', Array)\n#6 C:\\Users\\IKE DECK\\Desktop\\project\\credhyip\\core\\vendor\\symfony\\mailer\\Transport\\Smtp\\SmtpTransport.php(199): Symfony\\Component\\Mailer\\Transport\\Smtp\\SmtpTransport->doMailFromCommand(\'ichiegroup@gmai...\')\n#7 C:\\Users\\IKE DECK\\Desktop\\project\\credhyip\\core\\vendor\\symfony\\mailer\\Transport\\AbstractTransport.php(68): Symfony\\Component\\Mailer\\Transport\\Smtp\\SmtpTransport->doSend(Object(Symfony\\Component\\Mailer\\SentMessage))\n#8 C:\\Users\\IKE DECK\\Desktop\\project\\credhyip\\core\\vendor\\symfony\\mailer\\Transport\\Smtp\\SmtpTransport.php(136): Symfony\\Component\\Mailer\\Transport\\AbstractTransport->send(Object(Symfony\\Component\\Mailer\\SentMessage), Object(Symfony\\Component\\Mailer\\DelayedEnvelope))\n#9 C:\\Users\\IKE DECK\\Desktop\\project\\credhyip\\core\\vendor\\laravel\\framework\\src\\Illuminate\\Mail\\Mailer.php(521): Symfony\\Component\\Mailer\\Transport\\Smtp\\SmtpTransport->send(Object(Symfony\\Component\\Mime\\Email), Object(Symfony\\Component\\Mailer\\DelayedEnvelope))\n#10 C:\\Users\\IKE DECK\\Desktop\\project\\credhyip\\core\\vendor\\laravel\\framework\\src\\Illuminate\\Mail\\Mailer.php(285): Illuminate\\Mail\\Mailer->sendSymfonyMessage(Object(Symfony\\Component\\Mime\\Email))\n#11 C:\\Users\\IKE DECK\\Desktop\\project\\credhyip\\core\\vendor\\laravel\\framework\\src\\Illuminate\\Mail\\Mailable.php(211): Illuminate\\Mail\\Mailer->send(Object(Illuminate\\Support\\HtmlString), Array, Object(Closure))\n#12 C:\\Users\\IKE DECK\\Desktop\\project\\credhyip\\core\\vendor\\laravel\\framework\\src\\Illuminate\\Support\\Traits\\Localizable.php(19): Illuminate\\Mail\\Mailable->Illuminate\\Mail\\{closure}()\n#13 C:\\Users\\IKE DECK\\Desktop\\project\\credhyip\\core\\vendor\\laravel\\framework\\src\\Illuminate\\Mail\\Mailable.php(212): Illuminate\\Mail\\Mailable->withLocale(NULL, Object(Closure))\n#14 C:\\Users\\IKE DECK\\Desktop\\project\\credhyip\\core\\vendor\\laravel\\framework\\src\\Illuminate\\Mail\\SendQueuedMailable.php(65): Illuminate\\Mail\\Mailable->send(Object(Illuminate\\Mail\\MailManager))\n#15 C:\\Users\\IKE DECK\\Desktop\\project\\credhyip\\core\\vendor\\laravel\\framework\\src\\Illuminate\\Container\\BoundMethod.php(36): Illuminate\\Mail\\SendQueuedMailable->handle(Object(Illuminate\\Mail\\MailManager))\n#16 C:\\Users\\IKE DECK\\Desktop\\project\\credhyip\\core\\vendor\\laravel\\framework\\src\\Illuminate\\Container\\Util.php(41): Illuminate\\Container\\BoundMethod::Illuminate\\Container\\{closure}()\n#17 C:\\Users\\IKE DECK\\Desktop\\project\\credhyip\\core\\vendor\\laravel\\framework\\src\\Illuminate\\Container\\BoundMethod.php(93): Illuminate\\Container\\Util::unwrapIfClosure(Object(Closure))\n#18 C:\\Users\\IKE DECK\\Desktop\\project\\credhyip\\core\\vendor\\laravel\\framework\\src\\Illuminate\\Container\\BoundMethod.php(37): Illuminate\\Container\\BoundMethod::callBoundMethod(Object(Illuminate\\Foundation\\Application), Array, Object(Closure))\n#19 C:\\Users\\IKE DECK\\Desktop\\project\\credhyip\\core\\vendor\\laravel\\framework\\src\\Illuminate\\Container\\Container.php(651): Illuminate\\Container\\BoundMethod::call(Object(Illuminate\\Foundation\\Application), Array, Array, NULL)\n#20 C:\\Users\\IKE DECK\\Desktop\\project\\credhyip\\core\\vendor\\laravel\\framework\\src\\Illuminate\\Bus\\Dispatcher.php(128): Illuminate\\Container\\Container->call(Array)\n#21 C:\\Users\\IKE DECK\\Desktop\\project\\credhyip\\core\\vendor\\laravel\\framework\\src\\Illuminate\\Pipeline\\Pipeline.php(141): Illuminate\\Bus\\Dispatcher->Illuminate\\Bus\\{closure}(Object(Illuminate\\Mail\\SendQueuedMailable))\n#22 C:\\Users\\IKE DECK\\Desktop\\project\\credhyip\\core\\vendor\\laravel\\framework\\src\\Illuminate\\Pipeline\\Pipeline.php(116): Illuminate\\Pipeline\\Pipeline->Illuminate\\Pipeline\\{closure}(Object(Illuminate\\Mail\\SendQueuedMailable))\n#23 C:\\Users\\IKE DECK\\Desktop\\project\\credhyip\\core\\vendor\\laravel\\framework\\src\\Illuminate\\Bus\\Dispatcher.php(132): Illuminate\\Pipeline\\Pipeline->then(Object(Closure))\n#24 C:\\Users\\IKE DECK\\Desktop\\project\\credhyip\\core\\vendor\\laravel\\framework\\src\\Illuminate\\Queue\\CallQueuedHandler.php(123): Illuminate\\Bus\\Dispatcher->dispatchNow(Object(Illuminate\\Mail\\SendQueuedMailable), false)\n#25 C:\\Users\\IKE DECK\\Desktop\\project\\credhyip\\core\\vendor\\laravel\\framework\\src\\Illuminate\\Pipeline\\Pipeline.php(141): Illuminate\\Queue\\CallQueuedHandler->Illuminate\\Queue\\{closure}(Object(Illuminate\\Mail\\SendQueuedMailable))\n#26 C:\\Users\\IKE DECK\\Desktop\\project\\credhyip\\core\\vendor\\laravel\\framework\\src\\Illuminate\\Pipeline\\Pipeline.php(116): Illuminate\\Pipeline\\Pipeline->Illuminate\\Pipeline\\{closure}(Object(Illuminate\\Mail\\SendQueuedMailable))\n#27 C:\\Users\\IKE DECK\\Desktop\\project\\credhyip\\core\\vendor\\laravel\\framework\\src\\Illuminate\\Queue\\CallQueuedHandler.php(125): Illuminate\\Pipeline\\Pipeline->then(Object(Closure))\n#28 C:\\Users\\IKE DECK\\Desktop\\project\\credhyip\\core\\vendor\\laravel\\framework\\src\\Illuminate\\Queue\\CallQueuedHandler.php(69): Illuminate\\Queue\\CallQueuedHandler->dispatchThroughMiddleware(Object(Illuminate\\Queue\\Jobs\\DatabaseJob), Object(Illuminate\\Mail\\SendQueuedMailable))\n#29 C:\\Users\\IKE DECK\\Desktop\\project\\credhyip\\core\\vendor\\laravel\\framework\\src\\Illuminate\\Queue\\Jobs\\Job.php(98): Illuminate\\Queue\\CallQueuedHandler->call(Object(Illuminate\\Queue\\Jobs\\DatabaseJob), Array)\n#30 C:\\Users\\IKE DECK\\Desktop\\project\\credhyip\\core\\vendor\\laravel\\framework\\src\\Illuminate\\Queue\\Worker.php(429): Illuminate\\Queue\\Jobs\\Job->fire()\n#31 C:\\Users\\IKE DECK\\Desktop\\project\\credhyip\\core\\vendor\\laravel\\framework\\src\\Illuminate\\Queue\\Worker.php(379): Illuminate\\Queue\\Worker->process(\'database\', Object(Illuminate\\Queue\\Jobs\\DatabaseJob), Object(Illuminate\\Queue\\WorkerOptions))\n#32 C:\\Users\\IKE DECK\\Desktop\\project\\credhyip\\core\\vendor\\laravel\\framework\\src\\Illuminate\\Queue\\Worker.php(173): Illuminate\\Queue\\Worker->runJob(Object(Illuminate\\Queue\\Jobs\\DatabaseJob), \'database\', Object(Illuminate\\Queue\\WorkerOptions))\n#33 C:\\Users\\IKE DECK\\Desktop\\project\\credhyip\\core\\vendor\\laravel\\framework\\src\\Illuminate\\Queue\\Console\\WorkCommand.php(150): Illuminate\\Queue\\Worker->daemon(\'database\', \'default\', Object(Illuminate\\Queue\\WorkerOptions))\n#34 C:\\Users\\IKE DECK\\Desktop\\project\\credhyip\\core\\vendor\\laravel\\framework\\src\\Illuminate\\Queue\\Console\\WorkCommand.php(134): Illuminate\\Queue\\Console\\WorkCommand->runWorker(\'database\', \'default\')\n#35 C:\\Users\\IKE DECK\\Desktop\\project\\credhyip\\core\\vendor\\laravel\\framework\\src\\Illuminate\\Container\\BoundMethod.php(36): Illuminate\\Queue\\Console\\WorkCommand->handle()\n#36 C:\\Users\\IKE DECK\\Desktop\\project\\credhyip\\core\\vendor\\laravel\\framework\\src\\Illuminate\\Container\\Util.php(41): Illuminate\\Container\\BoundMethod::Illuminate\\Container\\{closure}()\n#37 C:\\Users\\IKE DECK\\Desktop\\project\\credhyip\\core\\vendor\\laravel\\framework\\src\\Illuminate\\Container\\BoundMethod.php(93): Illuminate\\Container\\Util::unwrapIfClosure(Object(Closure))\n#38 C:\\Users\\IKE DECK\\Desktop\\project\\credhyip\\core\\vendor\\laravel\\framework\\src\\Illuminate\\Container\\BoundMethod.php(37): Illuminate\\Container\\BoundMethod::callBoundMethod(Object(Illuminate\\Foundation\\Application), Array, Object(Closure))\n#39 C:\\Users\\IKE DECK\\Desktop\\project\\credhyip\\core\\vendor\\laravel\\framework\\src\\Illuminate\\Container\\Container.php(651): Illuminate\\Container\\BoundMethod::call(Object(Illuminate\\Foundation\\Application), Array, Array, NULL)\n#40 C:\\Users\\IKE DECK\\Desktop\\project\\credhyip\\core\\vendor\\laravel\\framework\\src\\Illuminate\\Console\\Command.php(139): Illuminate\\Container\\Container->call(Array)\n#41 C:\\Users\\IKE DECK\\Desktop\\project\\credhyip\\core\\vendor\\symfony\\console\\Command\\Command.php(291): Illuminate\\Console\\Command->execute(Object(Symfony\\Component\\Console\\Input\\ArgvInput), Object(Illuminate\\Console\\OutputStyle))\n#42 C:\\Users\\IKE DECK\\Desktop\\project\\credhyip\\core\\vendor\\laravel\\framework\\src\\Illuminate\\Console\\Command.php(124): Symfony\\Component\\Console\\Command\\Command->run(Object(Symfony\\Component\\Console\\Input\\ArgvInput), Object(Illuminate\\Console\\OutputStyle))\n#43 C:\\Users\\IKE DECK\\Desktop\\project\\credhyip\\core\\vendor\\symfony\\console\\Application.php(998): Illuminate\\Console\\Command->run(Object(Symfony\\Component\\Console\\Input\\ArgvInput), Object(Symfony\\Component\\Console\\Output\\ConsoleOutput))\n#44 C:\\Users\\IKE DECK\\Desktop\\project\\credhyip\\core\\vendor\\symfony\\console\\Application.php(299): Symfony\\Component\\Console\\Application->doRunCommand(Object(Illuminate\\Queue\\Console\\WorkCommand), Object(Symfony\\Component\\Console\\Input\\ArgvInput), Object(Symfony\\Component\\Console\\Output\\ConsoleOutput))\n#45 C:\\Users\\IKE DECK\\Desktop\\project\\credhyip\\core\\vendor\\symfony\\console\\Application.php(171): Symfony\\Component\\Console\\Application->doRun(Object(Symfony\\Component\\Console\\Input\\ArgvInput), Object(Symfony\\Component\\Console\\Output\\ConsoleOutput))\n#46 C:\\Users\\IKE DECK\\Desktop\\project\\credhyip\\core\\vendor\\laravel\\framework\\src\\Illuminate\\Console\\Application.php(102): Symfony\\Component\\Console\\Application->run(Object(Symfony\\Component\\Console\\Input\\ArgvInput), Object(Symfony\\Component\\Console\\Output\\ConsoleOutput))\n#47 C:\\Users\\IKE DECK\\Desktop\\project\\credhyip\\core\\vendor\\laravel\\framework\\src\\Illuminate\\Foundation\\Console\\Kernel.php(129): Illuminate\\Console\\Application->run(Object(Symfony\\Component\\Console\\Input\\ArgvInput), Object(Symfony\\Component\\Console\\Output\\ConsoleOutput))\n#48 C:\\Users\\IKE DECK\\Desktop\\project\\credhyip\\core\\artisan(37): Illuminate\\Foundation\\Console\\Kernel->handle(Object(Symfony\\Component\\Console\\Input\\ArgvInput), Object(Symfony\\Component\\Console\\Output\\ConsoleOutput))\n#49 {main}', '2022-11-16 06:59:17'),
(4, '95fa0671-8084-49ef-a962-609281c6cc4b', 'database', 'default', '{\"uuid\":\"95fa0671-8084-49ef-a962-609281c6cc4b\",\"displayName\":\"App\\\\Mail\\\\Email\",\"job\":\"Illuminate\\\\Queue\\\\CallQueuedHandler@call\",\"maxTries\":null,\"maxExceptions\":null,\"failOnTimeout\":false,\"backoff\":null,\"timeout\":null,\"retryUntil\":null,\"data\":{\"commandName\":\"Illuminate\\\\Mail\\\\SendQueuedMailable\",\"command\":\"O:34:\\\"Illuminate\\\\Mail\\\\SendQueuedMailable\\\":13:{s:8:\\\"mailable\\\";O:14:\\\"App\\\\Mail\\\\Email\\\":4:{s:4:\\\"body\\\";s:124:\\\"<h2>Dear Okwor Uchenna,<\\/h2><p>Bellow is your One Time Passcode (OTP) <strong>TVBSA0<\\/strong> , It expires in 15 minutes<\\/p>\\\";s:2:\\\"to\\\";a:1:{i:0;a:2:{s:4:\\\"name\\\";N;s:7:\\\"address\\\";s:20:\\\"ichiegroup@gmail.com\\\";}}s:7:\\\"subject\\\";s:23:\\\"One Time Passcode (OTP)\\\";s:6:\\\"mailer\\\";s:4:\\\"smtp\\\";}s:5:\\\"tries\\\";N;s:7:\\\"timeout\\\";N;s:17:\\\"shouldBeEncrypted\\\";b:0;s:10:\\\"connection\\\";N;s:5:\\\"queue\\\";N;s:15:\\\"chainConnection\\\";N;s:10:\\\"chainQueue\\\";N;s:19:\\\"chainCatchCallbacks\\\";N;s:5:\\\"delay\\\";N;s:11:\\\"afterCommit\\\";N;s:10:\\\"middleware\\\";a:0:{}s:7:\\\"chained\\\";a:0:{}}\"}}', 'Symfony\\Component\\Mailer\\Exception\\TransportException: Unable to write bytes on the wire. in C:\\Users\\IKE DECK\\Desktop\\project\\credhyip\\core\\vendor\\symfony\\mailer\\Transport\\Smtp\\Stream\\AbstractStream.php:46\nStack trace:\n#0 C:\\Users\\IKE DECK\\Desktop\\project\\credhyip\\core\\vendor\\symfony\\mailer\\Transport\\Smtp\\SmtpTransport.php(180): Symfony\\Component\\Mailer\\Transport\\Smtp\\Stream\\AbstractStream->write(\'MAIL FROM:<ichi...\')\n#1 C:\\Users\\IKE DECK\\Desktop\\project\\credhyip\\core\\vendor\\symfony\\mailer\\Transport\\Smtp\\SmtpTransport.php(235): Symfony\\Component\\Mailer\\Transport\\Smtp\\SmtpTransport->executeCommand(\'MAIL FROM:<ichi...\', Array)\n#2 C:\\Users\\IKE DECK\\Desktop\\project\\credhyip\\core\\vendor\\symfony\\mailer\\Transport\\Smtp\\SmtpTransport.php(199): Symfony\\Component\\Mailer\\Transport\\Smtp\\SmtpTransport->doMailFromCommand(\'ichiegroup@gmai...\')\n#3 C:\\Users\\IKE DECK\\Desktop\\project\\credhyip\\core\\vendor\\symfony\\mailer\\Transport\\AbstractTransport.php(68): Symfony\\Component\\Mailer\\Transport\\Smtp\\SmtpTransport->doSend(Object(Symfony\\Component\\Mailer\\SentMessage))\n#4 C:\\Users\\IKE DECK\\Desktop\\project\\credhyip\\core\\vendor\\symfony\\mailer\\Transport\\Smtp\\SmtpTransport.php(136): Symfony\\Component\\Mailer\\Transport\\AbstractTransport->send(Object(Symfony\\Component\\Mailer\\SentMessage), Object(Symfony\\Component\\Mailer\\DelayedEnvelope))\n#5 C:\\Users\\IKE DECK\\Desktop\\project\\credhyip\\core\\vendor\\laravel\\framework\\src\\Illuminate\\Mail\\Mailer.php(521): Symfony\\Component\\Mailer\\Transport\\Smtp\\SmtpTransport->send(Object(Symfony\\Component\\Mime\\Email), Object(Symfony\\Component\\Mailer\\DelayedEnvelope))\n#6 C:\\Users\\IKE DECK\\Desktop\\project\\credhyip\\core\\vendor\\laravel\\framework\\src\\Illuminate\\Mail\\Mailer.php(285): Illuminate\\Mail\\Mailer->sendSymfonyMessage(Object(Symfony\\Component\\Mime\\Email))\n#7 C:\\Users\\IKE DECK\\Desktop\\project\\credhyip\\core\\vendor\\laravel\\framework\\src\\Illuminate\\Mail\\Mailable.php(211): Illuminate\\Mail\\Mailer->send(Object(Illuminate\\Support\\HtmlString), Array, Object(Closure))\n#8 C:\\Users\\IKE DECK\\Desktop\\project\\credhyip\\core\\vendor\\laravel\\framework\\src\\Illuminate\\Support\\Traits\\Localizable.php(19): Illuminate\\Mail\\Mailable->Illuminate\\Mail\\{closure}()\n#9 C:\\Users\\IKE DECK\\Desktop\\project\\credhyip\\core\\vendor\\laravel\\framework\\src\\Illuminate\\Mail\\Mailable.php(212): Illuminate\\Mail\\Mailable->withLocale(NULL, Object(Closure))\n#10 C:\\Users\\IKE DECK\\Desktop\\project\\credhyip\\core\\vendor\\laravel\\framework\\src\\Illuminate\\Mail\\SendQueuedMailable.php(65): Illuminate\\Mail\\Mailable->send(Object(Illuminate\\Mail\\MailManager))\n#11 C:\\Users\\IKE DECK\\Desktop\\project\\credhyip\\core\\vendor\\laravel\\framework\\src\\Illuminate\\Container\\BoundMethod.php(36): Illuminate\\Mail\\SendQueuedMailable->handle(Object(Illuminate\\Mail\\MailManager))\n#12 C:\\Users\\IKE DECK\\Desktop\\project\\credhyip\\core\\vendor\\laravel\\framework\\src\\Illuminate\\Container\\Util.php(41): Illuminate\\Container\\BoundMethod::Illuminate\\Container\\{closure}()\n#13 C:\\Users\\IKE DECK\\Desktop\\project\\credhyip\\core\\vendor\\laravel\\framework\\src\\Illuminate\\Container\\BoundMethod.php(93): Illuminate\\Container\\Util::unwrapIfClosure(Object(Closure))\n#14 C:\\Users\\IKE DECK\\Desktop\\project\\credhyip\\core\\vendor\\laravel\\framework\\src\\Illuminate\\Container\\BoundMethod.php(37): Illuminate\\Container\\BoundMethod::callBoundMethod(Object(Illuminate\\Foundation\\Application), Array, Object(Closure))\n#15 C:\\Users\\IKE DECK\\Desktop\\project\\credhyip\\core\\vendor\\laravel\\framework\\src\\Illuminate\\Container\\Container.php(651): Illuminate\\Container\\BoundMethod::call(Object(Illuminate\\Foundation\\Application), Array, Array, NULL)\n#16 C:\\Users\\IKE DECK\\Desktop\\project\\credhyip\\core\\vendor\\laravel\\framework\\src\\Illuminate\\Bus\\Dispatcher.php(128): Illuminate\\Container\\Container->call(Array)\n#17 C:\\Users\\IKE DECK\\Desktop\\project\\credhyip\\core\\vendor\\laravel\\framework\\src\\Illuminate\\Pipeline\\Pipeline.php(141): Illuminate\\Bus\\Dispatcher->Illuminate\\Bus\\{closure}(Object(Illuminate\\Mail\\SendQueuedMailable))\n#18 C:\\Users\\IKE DECK\\Desktop\\project\\credhyip\\core\\vendor\\laravel\\framework\\src\\Illuminate\\Pipeline\\Pipeline.php(116): Illuminate\\Pipeline\\Pipeline->Illuminate\\Pipeline\\{closure}(Object(Illuminate\\Mail\\SendQueuedMailable))\n#19 C:\\Users\\IKE DECK\\Desktop\\project\\credhyip\\core\\vendor\\laravel\\framework\\src\\Illuminate\\Bus\\Dispatcher.php(132): Illuminate\\Pipeline\\Pipeline->then(Object(Closure))\n#20 C:\\Users\\IKE DECK\\Desktop\\project\\credhyip\\core\\vendor\\laravel\\framework\\src\\Illuminate\\Queue\\CallQueuedHandler.php(123): Illuminate\\Bus\\Dispatcher->dispatchNow(Object(Illuminate\\Mail\\SendQueuedMailable), false)\n#21 C:\\Users\\IKE DECK\\Desktop\\project\\credhyip\\core\\vendor\\laravel\\framework\\src\\Illuminate\\Pipeline\\Pipeline.php(141): Illuminate\\Queue\\CallQueuedHandler->Illuminate\\Queue\\{closure}(Object(Illuminate\\Mail\\SendQueuedMailable))\n#22 C:\\Users\\IKE DECK\\Desktop\\project\\credhyip\\core\\vendor\\laravel\\framework\\src\\Illuminate\\Pipeline\\Pipeline.php(116): Illuminate\\Pipeline\\Pipeline->Illuminate\\Pipeline\\{closure}(Object(Illuminate\\Mail\\SendQueuedMailable))\n#23 C:\\Users\\IKE DECK\\Desktop\\project\\credhyip\\core\\vendor\\laravel\\framework\\src\\Illuminate\\Queue\\CallQueuedHandler.php(125): Illuminate\\Pipeline\\Pipeline->then(Object(Closure))\n#24 C:\\Users\\IKE DECK\\Desktop\\project\\credhyip\\core\\vendor\\laravel\\framework\\src\\Illuminate\\Queue\\CallQueuedHandler.php(69): Illuminate\\Queue\\CallQueuedHandler->dispatchThroughMiddleware(Object(Illuminate\\Queue\\Jobs\\DatabaseJob), Object(Illuminate\\Mail\\SendQueuedMailable))\n#25 C:\\Users\\IKE DECK\\Desktop\\project\\credhyip\\core\\vendor\\laravel\\framework\\src\\Illuminate\\Queue\\Jobs\\Job.php(98): Illuminate\\Queue\\CallQueuedHandler->call(Object(Illuminate\\Queue\\Jobs\\DatabaseJob), Array)\n#26 C:\\Users\\IKE DECK\\Desktop\\project\\credhyip\\core\\vendor\\laravel\\framework\\src\\Illuminate\\Queue\\Worker.php(429): Illuminate\\Queue\\Jobs\\Job->fire()\n#27 C:\\Users\\IKE DECK\\Desktop\\project\\credhyip\\core\\vendor\\laravel\\framework\\src\\Illuminate\\Queue\\Worker.php(379): Illuminate\\Queue\\Worker->process(\'database\', Object(Illuminate\\Queue\\Jobs\\DatabaseJob), Object(Illuminate\\Queue\\WorkerOptions))\n#28 C:\\Users\\IKE DECK\\Desktop\\project\\credhyip\\core\\vendor\\laravel\\framework\\src\\Illuminate\\Queue\\Worker.php(173): Illuminate\\Queue\\Worker->runJob(Object(Illuminate\\Queue\\Jobs\\DatabaseJob), \'database\', Object(Illuminate\\Queue\\WorkerOptions))\n#29 C:\\Users\\IKE DECK\\Desktop\\project\\credhyip\\core\\vendor\\laravel\\framework\\src\\Illuminate\\Queue\\Console\\WorkCommand.php(150): Illuminate\\Queue\\Worker->daemon(\'database\', \'default\', Object(Illuminate\\Queue\\WorkerOptions))\n#30 C:\\Users\\IKE DECK\\Desktop\\project\\credhyip\\core\\vendor\\laravel\\framework\\src\\Illuminate\\Queue\\Console\\WorkCommand.php(134): Illuminate\\Queue\\Console\\WorkCommand->runWorker(\'database\', \'default\')\n#31 C:\\Users\\IKE DECK\\Desktop\\project\\credhyip\\core\\vendor\\laravel\\framework\\src\\Illuminate\\Container\\BoundMethod.php(36): Illuminate\\Queue\\Console\\WorkCommand->handle()\n#32 C:\\Users\\IKE DECK\\Desktop\\project\\credhyip\\core\\vendor\\laravel\\framework\\src\\Illuminate\\Container\\Util.php(41): Illuminate\\Container\\BoundMethod::Illuminate\\Container\\{closure}()\n#33 C:\\Users\\IKE DECK\\Desktop\\project\\credhyip\\core\\vendor\\laravel\\framework\\src\\Illuminate\\Container\\BoundMethod.php(93): Illuminate\\Container\\Util::unwrapIfClosure(Object(Closure))\n#34 C:\\Users\\IKE DECK\\Desktop\\project\\credhyip\\core\\vendor\\laravel\\framework\\src\\Illuminate\\Container\\BoundMethod.php(37): Illuminate\\Container\\BoundMethod::callBoundMethod(Object(Illuminate\\Foundation\\Application), Array, Object(Closure))\n#35 C:\\Users\\IKE DECK\\Desktop\\project\\credhyip\\core\\vendor\\laravel\\framework\\src\\Illuminate\\Container\\Container.php(651): Illuminate\\Container\\BoundMethod::call(Object(Illuminate\\Foundation\\Application), Array, Array, NULL)\n#36 C:\\Users\\IKE DECK\\Desktop\\project\\credhyip\\core\\vendor\\laravel\\framework\\src\\Illuminate\\Console\\Command.php(139): Illuminate\\Container\\Container->call(Array)\n#37 C:\\Users\\IKE DECK\\Desktop\\project\\credhyip\\core\\vendor\\symfony\\console\\Command\\Command.php(291): Illuminate\\Console\\Command->execute(Object(Symfony\\Component\\Console\\Input\\ArgvInput), Object(Illuminate\\Console\\OutputStyle))\n#38 C:\\Users\\IKE DECK\\Desktop\\project\\credhyip\\core\\vendor\\laravel\\framework\\src\\Illuminate\\Console\\Command.php(124): Symfony\\Component\\Console\\Command\\Command->run(Object(Symfony\\Component\\Console\\Input\\ArgvInput), Object(Illuminate\\Console\\OutputStyle))\n#39 C:\\Users\\IKE DECK\\Desktop\\project\\credhyip\\core\\vendor\\symfony\\console\\Application.php(998): Illuminate\\Console\\Command->run(Object(Symfony\\Component\\Console\\Input\\ArgvInput), Object(Symfony\\Component\\Console\\Output\\ConsoleOutput))\n#40 C:\\Users\\IKE DECK\\Desktop\\project\\credhyip\\core\\vendor\\symfony\\console\\Application.php(299): Symfony\\Component\\Console\\Application->doRunCommand(Object(Illuminate\\Queue\\Console\\WorkCommand), Object(Symfony\\Component\\Console\\Input\\ArgvInput), Object(Symfony\\Component\\Console\\Output\\ConsoleOutput))\n#41 C:\\Users\\IKE DECK\\Desktop\\project\\credhyip\\core\\vendor\\symfony\\console\\Application.php(171): Symfony\\Component\\Console\\Application->doRun(Object(Symfony\\Component\\Console\\Input\\ArgvInput), Object(Symfony\\Component\\Console\\Output\\ConsoleOutput))\n#42 C:\\Users\\IKE DECK\\Desktop\\project\\credhyip\\core\\vendor\\laravel\\framework\\src\\Illuminate\\Console\\Application.php(102): Symfony\\Component\\Console\\Application->run(Object(Symfony\\Component\\Console\\Input\\ArgvInput), Object(Symfony\\Component\\Console\\Output\\ConsoleOutput))\n#43 C:\\Users\\IKE DECK\\Desktop\\project\\credhyip\\core\\vendor\\laravel\\framework\\src\\Illuminate\\Foundation\\Console\\Kernel.php(129): Illuminate\\Console\\Application->run(Object(Symfony\\Component\\Console\\Input\\ArgvInput), Object(Symfony\\Component\\Console\\Output\\ConsoleOutput))\n#44 C:\\Users\\IKE DECK\\Desktop\\project\\credhyip\\core\\artisan(37): Illuminate\\Foundation\\Console\\Kernel->handle(Object(Symfony\\Component\\Console\\Input\\ArgvInput), Object(Symfony\\Component\\Console\\Output\\ConsoleOutput))\n#45 {main}', '2022-11-16 06:59:18');
INSERT INTO `failed_jobs` (`id`, `uuid`, `connection`, `queue`, `payload`, `exception`, `failed_at`) VALUES
(5, 'e4439cc3-d2bf-4d64-a227-a4f24fb11cd6', 'database', 'default', '{\"uuid\":\"e4439cc3-d2bf-4d64-a227-a4f24fb11cd6\",\"displayName\":\"App\\\\Mail\\\\Email\",\"job\":\"Illuminate\\\\Queue\\\\CallQueuedHandler@call\",\"maxTries\":null,\"maxExceptions\":null,\"failOnTimeout\":false,\"backoff\":null,\"timeout\":null,\"retryUntil\":null,\"data\":{\"commandName\":\"Illuminate\\\\Mail\\\\SendQueuedMailable\",\"command\":\"O:34:\\\"Illuminate\\\\Mail\\\\SendQueuedMailable\\\":13:{s:8:\\\"mailable\\\";O:14:\\\"App\\\\Mail\\\\Email\\\":4:{s:4:\\\"body\\\";s:124:\\\"<h2>Dear Okwor Uchenna,<\\/h2><p>Bellow is your One Time Passcode (OTP) <strong>GGZST1<\\/strong> , It expires in 15 minutes<\\/p>\\\";s:2:\\\"to\\\";a:1:{i:0;a:2:{s:4:\\\"name\\\";N;s:7:\\\"address\\\";s:20:\\\"ichiegroup@gmail.com\\\";}}s:7:\\\"subject\\\";s:23:\\\"One Time Passcode (OTP)\\\";s:6:\\\"mailer\\\";s:4:\\\"smtp\\\";}s:5:\\\"tries\\\";N;s:7:\\\"timeout\\\";N;s:17:\\\"shouldBeEncrypted\\\";b:0;s:10:\\\"connection\\\";N;s:5:\\\"queue\\\";N;s:15:\\\"chainConnection\\\";N;s:10:\\\"chainQueue\\\";N;s:19:\\\"chainCatchCallbacks\\\";N;s:5:\\\"delay\\\";N;s:11:\\\"afterCommit\\\";N;s:10:\\\"middleware\\\";a:0:{}s:7:\\\"chained\\\";a:0:{}}\"}}', 'Symfony\\Component\\Mailer\\Exception\\TransportException: Expected response code \"250\" but got an empty response. in C:\\Users\\IKE DECK\\Desktop\\project\\credhyip\\core\\vendor\\symfony\\mailer\\Transport\\Smtp\\SmtpTransport.php:301\nStack trace:\n#0 C:\\Users\\IKE DECK\\Desktop\\project\\credhyip\\core\\vendor\\symfony\\mailer\\Transport\\Smtp\\SmtpTransport.php(182): Symfony\\Component\\Mailer\\Transport\\Smtp\\SmtpTransport->assertResponseCode(\'\', Array)\n#1 C:\\Users\\IKE DECK\\Desktop\\project\\credhyip\\core\\vendor\\symfony\\mailer\\Transport\\Smtp\\SmtpTransport.php(235): Symfony\\Component\\Mailer\\Transport\\Smtp\\SmtpTransport->executeCommand(\'MAIL FROM:<ichi...\', Array)\n#2 C:\\Users\\IKE DECK\\Desktop\\project\\credhyip\\core\\vendor\\symfony\\mailer\\Transport\\Smtp\\SmtpTransport.php(199): Symfony\\Component\\Mailer\\Transport\\Smtp\\SmtpTransport->doMailFromCommand(\'ichiegroup@gmai...\')\n#3 C:\\Users\\IKE DECK\\Desktop\\project\\credhyip\\core\\vendor\\symfony\\mailer\\Transport\\AbstractTransport.php(68): Symfony\\Component\\Mailer\\Transport\\Smtp\\SmtpTransport->doSend(Object(Symfony\\Component\\Mailer\\SentMessage))\n#4 C:\\Users\\IKE DECK\\Desktop\\project\\credhyip\\core\\vendor\\symfony\\mailer\\Transport\\Smtp\\SmtpTransport.php(136): Symfony\\Component\\Mailer\\Transport\\AbstractTransport->send(Object(Symfony\\Component\\Mailer\\SentMessage), Object(Symfony\\Component\\Mailer\\DelayedEnvelope))\n#5 C:\\Users\\IKE DECK\\Desktop\\project\\credhyip\\core\\vendor\\laravel\\framework\\src\\Illuminate\\Mail\\Mailer.php(521): Symfony\\Component\\Mailer\\Transport\\Smtp\\SmtpTransport->send(Object(Symfony\\Component\\Mime\\Email), Object(Symfony\\Component\\Mailer\\DelayedEnvelope))\n#6 C:\\Users\\IKE DECK\\Desktop\\project\\credhyip\\core\\vendor\\laravel\\framework\\src\\Illuminate\\Mail\\Mailer.php(285): Illuminate\\Mail\\Mailer->sendSymfonyMessage(Object(Symfony\\Component\\Mime\\Email))\n#7 C:\\Users\\IKE DECK\\Desktop\\project\\credhyip\\core\\vendor\\laravel\\framework\\src\\Illuminate\\Mail\\Mailable.php(211): Illuminate\\Mail\\Mailer->send(Object(Illuminate\\Support\\HtmlString), Array, Object(Closure))\n#8 C:\\Users\\IKE DECK\\Desktop\\project\\credhyip\\core\\vendor\\laravel\\framework\\src\\Illuminate\\Support\\Traits\\Localizable.php(19): Illuminate\\Mail\\Mailable->Illuminate\\Mail\\{closure}()\n#9 C:\\Users\\IKE DECK\\Desktop\\project\\credhyip\\core\\vendor\\laravel\\framework\\src\\Illuminate\\Mail\\Mailable.php(212): Illuminate\\Mail\\Mailable->withLocale(NULL, Object(Closure))\n#10 C:\\Users\\IKE DECK\\Desktop\\project\\credhyip\\core\\vendor\\laravel\\framework\\src\\Illuminate\\Mail\\SendQueuedMailable.php(65): Illuminate\\Mail\\Mailable->send(Object(Illuminate\\Mail\\MailManager))\n#11 C:\\Users\\IKE DECK\\Desktop\\project\\credhyip\\core\\vendor\\laravel\\framework\\src\\Illuminate\\Container\\BoundMethod.php(36): Illuminate\\Mail\\SendQueuedMailable->handle(Object(Illuminate\\Mail\\MailManager))\n#12 C:\\Users\\IKE DECK\\Desktop\\project\\credhyip\\core\\vendor\\laravel\\framework\\src\\Illuminate\\Container\\Util.php(41): Illuminate\\Container\\BoundMethod::Illuminate\\Container\\{closure}()\n#13 C:\\Users\\IKE DECK\\Desktop\\project\\credhyip\\core\\vendor\\laravel\\framework\\src\\Illuminate\\Container\\BoundMethod.php(93): Illuminate\\Container\\Util::unwrapIfClosure(Object(Closure))\n#14 C:\\Users\\IKE DECK\\Desktop\\project\\credhyip\\core\\vendor\\laravel\\framework\\src\\Illuminate\\Container\\BoundMethod.php(37): Illuminate\\Container\\BoundMethod::callBoundMethod(Object(Illuminate\\Foundation\\Application), Array, Object(Closure))\n#15 C:\\Users\\IKE DECK\\Desktop\\project\\credhyip\\core\\vendor\\laravel\\framework\\src\\Illuminate\\Container\\Container.php(651): Illuminate\\Container\\BoundMethod::call(Object(Illuminate\\Foundation\\Application), Array, Array, NULL)\n#16 C:\\Users\\IKE DECK\\Desktop\\project\\credhyip\\core\\vendor\\laravel\\framework\\src\\Illuminate\\Bus\\Dispatcher.php(128): Illuminate\\Container\\Container->call(Array)\n#17 C:\\Users\\IKE DECK\\Desktop\\project\\credhyip\\core\\vendor\\laravel\\framework\\src\\Illuminate\\Pipeline\\Pipeline.php(141): Illuminate\\Bus\\Dispatcher->Illuminate\\Bus\\{closure}(Object(Illuminate\\Mail\\SendQueuedMailable))\n#18 C:\\Users\\IKE DECK\\Desktop\\project\\credhyip\\core\\vendor\\laravel\\framework\\src\\Illuminate\\Pipeline\\Pipeline.php(116): Illuminate\\Pipeline\\Pipeline->Illuminate\\Pipeline\\{closure}(Object(Illuminate\\Mail\\SendQueuedMailable))\n#19 C:\\Users\\IKE DECK\\Desktop\\project\\credhyip\\core\\vendor\\laravel\\framework\\src\\Illuminate\\Bus\\Dispatcher.php(132): Illuminate\\Pipeline\\Pipeline->then(Object(Closure))\n#20 C:\\Users\\IKE DECK\\Desktop\\project\\credhyip\\core\\vendor\\laravel\\framework\\src\\Illuminate\\Queue\\CallQueuedHandler.php(123): Illuminate\\Bus\\Dispatcher->dispatchNow(Object(Illuminate\\Mail\\SendQueuedMailable), false)\n#21 C:\\Users\\IKE DECK\\Desktop\\project\\credhyip\\core\\vendor\\laravel\\framework\\src\\Illuminate\\Pipeline\\Pipeline.php(141): Illuminate\\Queue\\CallQueuedHandler->Illuminate\\Queue\\{closure}(Object(Illuminate\\Mail\\SendQueuedMailable))\n#22 C:\\Users\\IKE DECK\\Desktop\\project\\credhyip\\core\\vendor\\laravel\\framework\\src\\Illuminate\\Pipeline\\Pipeline.php(116): Illuminate\\Pipeline\\Pipeline->Illuminate\\Pipeline\\{closure}(Object(Illuminate\\Mail\\SendQueuedMailable))\n#23 C:\\Users\\IKE DECK\\Desktop\\project\\credhyip\\core\\vendor\\laravel\\framework\\src\\Illuminate\\Queue\\CallQueuedHandler.php(125): Illuminate\\Pipeline\\Pipeline->then(Object(Closure))\n#24 C:\\Users\\IKE DECK\\Desktop\\project\\credhyip\\core\\vendor\\laravel\\framework\\src\\Illuminate\\Queue\\CallQueuedHandler.php(69): Illuminate\\Queue\\CallQueuedHandler->dispatchThroughMiddleware(Object(Illuminate\\Queue\\Jobs\\DatabaseJob), Object(Illuminate\\Mail\\SendQueuedMailable))\n#25 C:\\Users\\IKE DECK\\Desktop\\project\\credhyip\\core\\vendor\\laravel\\framework\\src\\Illuminate\\Queue\\Jobs\\Job.php(98): Illuminate\\Queue\\CallQueuedHandler->call(Object(Illuminate\\Queue\\Jobs\\DatabaseJob), Array)\n#26 C:\\Users\\IKE DECK\\Desktop\\project\\credhyip\\core\\vendor\\laravel\\framework\\src\\Illuminate\\Queue\\Worker.php(429): Illuminate\\Queue\\Jobs\\Job->fire()\n#27 C:\\Users\\IKE DECK\\Desktop\\project\\credhyip\\core\\vendor\\laravel\\framework\\src\\Illuminate\\Queue\\Worker.php(379): Illuminate\\Queue\\Worker->process(\'database\', Object(Illuminate\\Queue\\Jobs\\DatabaseJob), Object(Illuminate\\Queue\\WorkerOptions))\n#28 C:\\Users\\IKE DECK\\Desktop\\project\\credhyip\\core\\vendor\\laravel\\framework\\src\\Illuminate\\Queue\\Worker.php(173): Illuminate\\Queue\\Worker->runJob(Object(Illuminate\\Queue\\Jobs\\DatabaseJob), \'database\', Object(Illuminate\\Queue\\WorkerOptions))\n#29 C:\\Users\\IKE DECK\\Desktop\\project\\credhyip\\core\\vendor\\laravel\\framework\\src\\Illuminate\\Queue\\Console\\WorkCommand.php(150): Illuminate\\Queue\\Worker->daemon(\'database\', \'default\', Object(Illuminate\\Queue\\WorkerOptions))\n#30 C:\\Users\\IKE DECK\\Desktop\\project\\credhyip\\core\\vendor\\laravel\\framework\\src\\Illuminate\\Queue\\Console\\WorkCommand.php(134): Illuminate\\Queue\\Console\\WorkCommand->runWorker(\'database\', \'default\')\n#31 C:\\Users\\IKE DECK\\Desktop\\project\\credhyip\\core\\vendor\\laravel\\framework\\src\\Illuminate\\Container\\BoundMethod.php(36): Illuminate\\Queue\\Console\\WorkCommand->handle()\n#32 C:\\Users\\IKE DECK\\Desktop\\project\\credhyip\\core\\vendor\\laravel\\framework\\src\\Illuminate\\Container\\Util.php(41): Illuminate\\Container\\BoundMethod::Illuminate\\Container\\{closure}()\n#33 C:\\Users\\IKE DECK\\Desktop\\project\\credhyip\\core\\vendor\\laravel\\framework\\src\\Illuminate\\Container\\BoundMethod.php(93): Illuminate\\Container\\Util::unwrapIfClosure(Object(Closure))\n#34 C:\\Users\\IKE DECK\\Desktop\\project\\credhyip\\core\\vendor\\laravel\\framework\\src\\Illuminate\\Container\\BoundMethod.php(37): Illuminate\\Container\\BoundMethod::callBoundMethod(Object(Illuminate\\Foundation\\Application), Array, Object(Closure))\n#35 C:\\Users\\IKE DECK\\Desktop\\project\\credhyip\\core\\vendor\\laravel\\framework\\src\\Illuminate\\Container\\Container.php(651): Illuminate\\Container\\BoundMethod::call(Object(Illuminate\\Foundation\\Application), Array, Array, NULL)\n#36 C:\\Users\\IKE DECK\\Desktop\\project\\credhyip\\core\\vendor\\laravel\\framework\\src\\Illuminate\\Console\\Command.php(139): Illuminate\\Container\\Container->call(Array)\n#37 C:\\Users\\IKE DECK\\Desktop\\project\\credhyip\\core\\vendor\\symfony\\console\\Command\\Command.php(291): Illuminate\\Console\\Command->execute(Object(Symfony\\Component\\Console\\Input\\ArgvInput), Object(Illuminate\\Console\\OutputStyle))\n#38 C:\\Users\\IKE DECK\\Desktop\\project\\credhyip\\core\\vendor\\laravel\\framework\\src\\Illuminate\\Console\\Command.php(124): Symfony\\Component\\Console\\Command\\Command->run(Object(Symfony\\Component\\Console\\Input\\ArgvInput), Object(Illuminate\\Console\\OutputStyle))\n#39 C:\\Users\\IKE DECK\\Desktop\\project\\credhyip\\core\\vendor\\symfony\\console\\Application.php(998): Illuminate\\Console\\Command->run(Object(Symfony\\Component\\Console\\Input\\ArgvInput), Object(Symfony\\Component\\Console\\Output\\ConsoleOutput))\n#40 C:\\Users\\IKE DECK\\Desktop\\project\\credhyip\\core\\vendor\\symfony\\console\\Application.php(299): Symfony\\Component\\Console\\Application->doRunCommand(Object(Illuminate\\Queue\\Console\\WorkCommand), Object(Symfony\\Component\\Console\\Input\\ArgvInput), Object(Symfony\\Component\\Console\\Output\\ConsoleOutput))\n#41 C:\\Users\\IKE DECK\\Desktop\\project\\credhyip\\core\\vendor\\symfony\\console\\Application.php(171): Symfony\\Component\\Console\\Application->doRun(Object(Symfony\\Component\\Console\\Input\\ArgvInput), Object(Symfony\\Component\\Console\\Output\\ConsoleOutput))\n#42 C:\\Users\\IKE DECK\\Desktop\\project\\credhyip\\core\\vendor\\laravel\\framework\\src\\Illuminate\\Console\\Application.php(102): Symfony\\Component\\Console\\Application->run(Object(Symfony\\Component\\Console\\Input\\ArgvInput), Object(Symfony\\Component\\Console\\Output\\ConsoleOutput))\n#43 C:\\Users\\IKE DECK\\Desktop\\project\\credhyip\\core\\vendor\\laravel\\framework\\src\\Illuminate\\Foundation\\Console\\Kernel.php(129): Illuminate\\Console\\Application->run(Object(Symfony\\Component\\Console\\Input\\ArgvInput), Object(Symfony\\Component\\Console\\Output\\ConsoleOutput))\n#44 C:\\Users\\IKE DECK\\Desktop\\project\\credhyip\\core\\artisan(37): Illuminate\\Foundation\\Console\\Kernel->handle(Object(Symfony\\Component\\Console\\Input\\ArgvInput), Object(Symfony\\Component\\Console\\Output\\ConsoleOutput))\n#45 {main}', '2022-11-16 07:11:32'),
(6, '258be671-e901-4683-a44d-0c4159b81c17', 'database', 'default', '{\"uuid\":\"258be671-e901-4683-a44d-0c4159b81c17\",\"displayName\":\"App\\\\Mail\\\\Email\",\"job\":\"Illuminate\\\\Queue\\\\CallQueuedHandler@call\",\"maxTries\":null,\"maxExceptions\":null,\"failOnTimeout\":false,\"backoff\":null,\"timeout\":null,\"retryUntil\":null,\"data\":{\"commandName\":\"Illuminate\\\\Mail\\\\SendQueuedMailable\",\"command\":\"O:34:\\\"Illuminate\\\\Mail\\\\SendQueuedMailable\\\":13:{s:8:\\\"mailable\\\";O:14:\\\"App\\\\Mail\\\\Email\\\":4:{s:4:\\\"body\\\";s:124:\\\"<h2>Dear Okwor Uchenna,<\\/h2><p>Bellow is your One Time Passcode (OTP) <strong>CXFMN0<\\/strong> , It expires in 15 minutes<\\/p>\\\";s:2:\\\"to\\\";a:1:{i:0;a:2:{s:4:\\\"name\\\";N;s:7:\\\"address\\\";s:20:\\\"ichiegroup@gmail.com\\\";}}s:7:\\\"subject\\\";s:23:\\\"One Time Passcode (OTP)\\\";s:6:\\\"mailer\\\";s:4:\\\"smtp\\\";}s:5:\\\"tries\\\";N;s:7:\\\"timeout\\\";N;s:17:\\\"shouldBeEncrypted\\\";b:0;s:10:\\\"connection\\\";N;s:5:\\\"queue\\\";N;s:15:\\\"chainConnection\\\";N;s:10:\\\"chainQueue\\\";N;s:19:\\\"chainCatchCallbacks\\\";N;s:5:\\\"delay\\\";N;s:11:\\\"afterCommit\\\";N;s:10:\\\"middleware\\\";a:0:{}s:7:\\\"chained\\\";a:0:{}}\"}}', 'Symfony\\Component\\Mailer\\Exception\\TransportException: Connection could not be established with host \"smtp.mailtrap.io:2525\": stream_socket_client(): php_network_getaddresses: getaddrinfo for smtp.mailtrap.io failed: This is usually a temporary error during hostname resolution and means that the local server did not receive a response from an authoritative server.  in C:\\Users\\IKE DECK\\Desktop\\project\\credhyip\\core\\vendor\\symfony\\mailer\\Transport\\Smtp\\Stream\\SocketStream.php:154\nStack trace:\n#0 [internal function]: Symfony\\Component\\Mailer\\Transport\\Smtp\\Stream\\SocketStream->Symfony\\Component\\Mailer\\Transport\\Smtp\\Stream\\{closure}(2, \'stream_socket_c...\', \'C:\\\\Users\\\\IKE DE...\', 157)\n#1 C:\\Users\\IKE DECK\\Desktop\\project\\credhyip\\core\\vendor\\symfony\\mailer\\Transport\\Smtp\\Stream\\SocketStream.php(157): stream_socket_client(\'smtp.mailtrap.i...\', 0, \'\', 60.0, 4, Resource id #3330)\n#2 C:\\Users\\IKE DECK\\Desktop\\project\\credhyip\\core\\vendor\\symfony\\mailer\\Transport\\Smtp\\SmtpTransport.php(251): Symfony\\Component\\Mailer\\Transport\\Smtp\\Stream\\SocketStream->initialize()\n#3 C:\\Users\\IKE DECK\\Desktop\\project\\credhyip\\core\\vendor\\symfony\\mailer\\Transport\\Smtp\\SmtpTransport.php(194): Symfony\\Component\\Mailer\\Transport\\Smtp\\SmtpTransport->start()\n#4 C:\\Users\\IKE DECK\\Desktop\\project\\credhyip\\core\\vendor\\symfony\\mailer\\Transport\\AbstractTransport.php(68): Symfony\\Component\\Mailer\\Transport\\Smtp\\SmtpTransport->doSend(Object(Symfony\\Component\\Mailer\\SentMessage))\n#5 C:\\Users\\IKE DECK\\Desktop\\project\\credhyip\\core\\vendor\\symfony\\mailer\\Transport\\Smtp\\SmtpTransport.php(136): Symfony\\Component\\Mailer\\Transport\\AbstractTransport->send(Object(Symfony\\Component\\Mailer\\SentMessage), Object(Symfony\\Component\\Mailer\\DelayedEnvelope))\n#6 C:\\Users\\IKE DECK\\Desktop\\project\\credhyip\\core\\vendor\\laravel\\framework\\src\\Illuminate\\Mail\\Mailer.php(521): Symfony\\Component\\Mailer\\Transport\\Smtp\\SmtpTransport->send(Object(Symfony\\Component\\Mime\\Email), Object(Symfony\\Component\\Mailer\\DelayedEnvelope))\n#7 C:\\Users\\IKE DECK\\Desktop\\project\\credhyip\\core\\vendor\\laravel\\framework\\src\\Illuminate\\Mail\\Mailer.php(285): Illuminate\\Mail\\Mailer->sendSymfonyMessage(Object(Symfony\\Component\\Mime\\Email))\n#8 C:\\Users\\IKE DECK\\Desktop\\project\\credhyip\\core\\vendor\\laravel\\framework\\src\\Illuminate\\Mail\\Mailable.php(211): Illuminate\\Mail\\Mailer->send(Object(Illuminate\\Support\\HtmlString), Array, Object(Closure))\n#9 C:\\Users\\IKE DECK\\Desktop\\project\\credhyip\\core\\vendor\\laravel\\framework\\src\\Illuminate\\Support\\Traits\\Localizable.php(19): Illuminate\\Mail\\Mailable->Illuminate\\Mail\\{closure}()\n#10 C:\\Users\\IKE DECK\\Desktop\\project\\credhyip\\core\\vendor\\laravel\\framework\\src\\Illuminate\\Mail\\Mailable.php(212): Illuminate\\Mail\\Mailable->withLocale(NULL, Object(Closure))\n#11 C:\\Users\\IKE DECK\\Desktop\\project\\credhyip\\core\\vendor\\laravel\\framework\\src\\Illuminate\\Mail\\SendQueuedMailable.php(65): Illuminate\\Mail\\Mailable->send(Object(Illuminate\\Mail\\MailManager))\n#12 C:\\Users\\IKE DECK\\Desktop\\project\\credhyip\\core\\vendor\\laravel\\framework\\src\\Illuminate\\Container\\BoundMethod.php(36): Illuminate\\Mail\\SendQueuedMailable->handle(Object(Illuminate\\Mail\\MailManager))\n#13 C:\\Users\\IKE DECK\\Desktop\\project\\credhyip\\core\\vendor\\laravel\\framework\\src\\Illuminate\\Container\\Util.php(41): Illuminate\\Container\\BoundMethod::Illuminate\\Container\\{closure}()\n#14 C:\\Users\\IKE DECK\\Desktop\\project\\credhyip\\core\\vendor\\laravel\\framework\\src\\Illuminate\\Container\\BoundMethod.php(93): Illuminate\\Container\\Util::unwrapIfClosure(Object(Closure))\n#15 C:\\Users\\IKE DECK\\Desktop\\project\\credhyip\\core\\vendor\\laravel\\framework\\src\\Illuminate\\Container\\BoundMethod.php(37): Illuminate\\Container\\BoundMethod::callBoundMethod(Object(Illuminate\\Foundation\\Application), Array, Object(Closure))\n#16 C:\\Users\\IKE DECK\\Desktop\\project\\credhyip\\core\\vendor\\laravel\\framework\\src\\Illuminate\\Container\\Container.php(651): Illuminate\\Container\\BoundMethod::call(Object(Illuminate\\Foundation\\Application), Array, Array, NULL)\n#17 C:\\Users\\IKE DECK\\Desktop\\project\\credhyip\\core\\vendor\\laravel\\framework\\src\\Illuminate\\Bus\\Dispatcher.php(128): Illuminate\\Container\\Container->call(Array)\n#18 C:\\Users\\IKE DECK\\Desktop\\project\\credhyip\\core\\vendor\\laravel\\framework\\src\\Illuminate\\Pipeline\\Pipeline.php(141): Illuminate\\Bus\\Dispatcher->Illuminate\\Bus\\{closure}(Object(Illuminate\\Mail\\SendQueuedMailable))\n#19 C:\\Users\\IKE DECK\\Desktop\\project\\credhyip\\core\\vendor\\laravel\\framework\\src\\Illuminate\\Pipeline\\Pipeline.php(116): Illuminate\\Pipeline\\Pipeline->Illuminate\\Pipeline\\{closure}(Object(Illuminate\\Mail\\SendQueuedMailable))\n#20 C:\\Users\\IKE DECK\\Desktop\\project\\credhyip\\core\\vendor\\laravel\\framework\\src\\Illuminate\\Bus\\Dispatcher.php(132): Illuminate\\Pipeline\\Pipeline->then(Object(Closure))\n#21 C:\\Users\\IKE DECK\\Desktop\\project\\credhyip\\core\\vendor\\laravel\\framework\\src\\Illuminate\\Queue\\CallQueuedHandler.php(123): Illuminate\\Bus\\Dispatcher->dispatchNow(Object(Illuminate\\Mail\\SendQueuedMailable), false)\n#22 C:\\Users\\IKE DECK\\Desktop\\project\\credhyip\\core\\vendor\\laravel\\framework\\src\\Illuminate\\Pipeline\\Pipeline.php(141): Illuminate\\Queue\\CallQueuedHandler->Illuminate\\Queue\\{closure}(Object(Illuminate\\Mail\\SendQueuedMailable))\n#23 C:\\Users\\IKE DECK\\Desktop\\project\\credhyip\\core\\vendor\\laravel\\framework\\src\\Illuminate\\Pipeline\\Pipeline.php(116): Illuminate\\Pipeline\\Pipeline->Illuminate\\Pipeline\\{closure}(Object(Illuminate\\Mail\\SendQueuedMailable))\n#24 C:\\Users\\IKE DECK\\Desktop\\project\\credhyip\\core\\vendor\\laravel\\framework\\src\\Illuminate\\Queue\\CallQueuedHandler.php(125): Illuminate\\Pipeline\\Pipeline->then(Object(Closure))\n#25 C:\\Users\\IKE DECK\\Desktop\\project\\credhyip\\core\\vendor\\laravel\\framework\\src\\Illuminate\\Queue\\CallQueuedHandler.php(69): Illuminate\\Queue\\CallQueuedHandler->dispatchThroughMiddleware(Object(Illuminate\\Queue\\Jobs\\DatabaseJob), Object(Illuminate\\Mail\\SendQueuedMailable))\n#26 C:\\Users\\IKE DECK\\Desktop\\project\\credhyip\\core\\vendor\\laravel\\framework\\src\\Illuminate\\Queue\\Jobs\\Job.php(98): Illuminate\\Queue\\CallQueuedHandler->call(Object(Illuminate\\Queue\\Jobs\\DatabaseJob), Array)\n#27 C:\\Users\\IKE DECK\\Desktop\\project\\credhyip\\core\\vendor\\laravel\\framework\\src\\Illuminate\\Queue\\Worker.php(429): Illuminate\\Queue\\Jobs\\Job->fire()\n#28 C:\\Users\\IKE DECK\\Desktop\\project\\credhyip\\core\\vendor\\laravel\\framework\\src\\Illuminate\\Queue\\Worker.php(379): Illuminate\\Queue\\Worker->process(\'database\', Object(Illuminate\\Queue\\Jobs\\DatabaseJob), Object(Illuminate\\Queue\\WorkerOptions))\n#29 C:\\Users\\IKE DECK\\Desktop\\project\\credhyip\\core\\vendor\\laravel\\framework\\src\\Illuminate\\Queue\\Worker.php(173): Illuminate\\Queue\\Worker->runJob(Object(Illuminate\\Queue\\Jobs\\DatabaseJob), \'database\', Object(Illuminate\\Queue\\WorkerOptions))\n#30 C:\\Users\\IKE DECK\\Desktop\\project\\credhyip\\core\\vendor\\laravel\\framework\\src\\Illuminate\\Queue\\Console\\WorkCommand.php(150): Illuminate\\Queue\\Worker->daemon(\'database\', \'default\', Object(Illuminate\\Queue\\WorkerOptions))\n#31 C:\\Users\\IKE DECK\\Desktop\\project\\credhyip\\core\\vendor\\laravel\\framework\\src\\Illuminate\\Queue\\Console\\WorkCommand.php(134): Illuminate\\Queue\\Console\\WorkCommand->runWorker(\'database\', \'default\')\n#32 C:\\Users\\IKE DECK\\Desktop\\project\\credhyip\\core\\vendor\\laravel\\framework\\src\\Illuminate\\Container\\BoundMethod.php(36): Illuminate\\Queue\\Console\\WorkCommand->handle()\n#33 C:\\Users\\IKE DECK\\Desktop\\project\\credhyip\\core\\vendor\\laravel\\framework\\src\\Illuminate\\Container\\Util.php(41): Illuminate\\Container\\BoundMethod::Illuminate\\Container\\{closure}()\n#34 C:\\Users\\IKE DECK\\Desktop\\project\\credhyip\\core\\vendor\\laravel\\framework\\src\\Illuminate\\Container\\BoundMethod.php(93): Illuminate\\Container\\Util::unwrapIfClosure(Object(Closure))\n#35 C:\\Users\\IKE DECK\\Desktop\\project\\credhyip\\core\\vendor\\laravel\\framework\\src\\Illuminate\\Container\\BoundMethod.php(37): Illuminate\\Container\\BoundMethod::callBoundMethod(Object(Illuminate\\Foundation\\Application), Array, Object(Closure))\n#36 C:\\Users\\IKE DECK\\Desktop\\project\\credhyip\\core\\vendor\\laravel\\framework\\src\\Illuminate\\Container\\Container.php(651): Illuminate\\Container\\BoundMethod::call(Object(Illuminate\\Foundation\\Application), Array, Array, NULL)\n#37 C:\\Users\\IKE DECK\\Desktop\\project\\credhyip\\core\\vendor\\laravel\\framework\\src\\Illuminate\\Console\\Command.php(139): Illuminate\\Container\\Container->call(Array)\n#38 C:\\Users\\IKE DECK\\Desktop\\project\\credhyip\\core\\vendor\\symfony\\console\\Command\\Command.php(291): Illuminate\\Console\\Command->execute(Object(Symfony\\Component\\Console\\Input\\ArgvInput), Object(Illuminate\\Console\\OutputStyle))\n#39 C:\\Users\\IKE DECK\\Desktop\\project\\credhyip\\core\\vendor\\laravel\\framework\\src\\Illuminate\\Console\\Command.php(124): Symfony\\Component\\Console\\Command\\Command->run(Object(Symfony\\Component\\Console\\Input\\ArgvInput), Object(Illuminate\\Console\\OutputStyle))\n#40 C:\\Users\\IKE DECK\\Desktop\\project\\credhyip\\core\\vendor\\symfony\\console\\Application.php(998): Illuminate\\Console\\Command->run(Object(Symfony\\Component\\Console\\Input\\ArgvInput), Object(Symfony\\Component\\Console\\Output\\ConsoleOutput))\n#41 C:\\Users\\IKE DECK\\Desktop\\project\\credhyip\\core\\vendor\\symfony\\console\\Application.php(299): Symfony\\Component\\Console\\Application->doRunCommand(Object(Illuminate\\Queue\\Console\\WorkCommand), Object(Symfony\\Component\\Console\\Input\\ArgvInput), Object(Symfony\\Component\\Console\\Output\\ConsoleOutput))\n#42 C:\\Users\\IKE DECK\\Desktop\\project\\credhyip\\core\\vendor\\symfony\\console\\Application.php(171): Symfony\\Component\\Console\\Application->doRun(Object(Symfony\\Component\\Console\\Input\\ArgvInput), Object(Symfony\\Component\\Console\\Output\\ConsoleOutput))\n#43 C:\\Users\\IKE DECK\\Desktop\\project\\credhyip\\core\\vendor\\laravel\\framework\\src\\Illuminate\\Console\\Application.php(102): Symfony\\Component\\Console\\Application->run(Object(Symfony\\Component\\Console\\Input\\ArgvInput), Object(Symfony\\Component\\Console\\Output\\ConsoleOutput))\n#44 C:\\Users\\IKE DECK\\Desktop\\project\\credhyip\\core\\vendor\\laravel\\framework\\src\\Illuminate\\Foundation\\Console\\Kernel.php(129): Illuminate\\Console\\Application->run(Object(Symfony\\Component\\Console\\Input\\ArgvInput), Object(Symfony\\Component\\Console\\Output\\ConsoleOutput))\n#45 C:\\Users\\IKE DECK\\Desktop\\project\\credhyip\\core\\artisan(37): Illuminate\\Foundation\\Console\\Kernel->handle(Object(Symfony\\Component\\Console\\Input\\ArgvInput), Object(Symfony\\Component\\Console\\Output\\ConsoleOutput))\n#46 {main}', '2022-11-16 07:17:49'),
(7, 'acb71098-4fad-43cd-9728-23eb91772050', 'database', 'default', '{\"uuid\":\"acb71098-4fad-43cd-9728-23eb91772050\",\"displayName\":\"App\\\\Mail\\\\Email\",\"job\":\"Illuminate\\\\Queue\\\\CallQueuedHandler@call\",\"maxTries\":null,\"maxExceptions\":null,\"failOnTimeout\":false,\"backoff\":null,\"timeout\":null,\"retryUntil\":null,\"data\":{\"commandName\":\"Illuminate\\\\Mail\\\\SendQueuedMailable\",\"command\":\"O:34:\\\"Illuminate\\\\Mail\\\\SendQueuedMailable\\\":13:{s:8:\\\"mailable\\\";O:14:\\\"App\\\\Mail\\\\Email\\\":4:{s:4:\\\"body\\\";s:124:\\\"<h2>Dear Okwor Uchenna,<\\/h2><p>Bellow is your One Time Passcode (OTP) <strong>HITQ6C<\\/strong> , It expires in 15 minutes<\\/p>\\\";s:2:\\\"to\\\";a:1:{i:0;a:2:{s:4:\\\"name\\\";N;s:7:\\\"address\\\";s:20:\\\"ichiegroup@gmail.com\\\";}}s:7:\\\"subject\\\";s:23:\\\"One Time Passcode (OTP)\\\";s:6:\\\"mailer\\\";s:4:\\\"smtp\\\";}s:5:\\\"tries\\\";N;s:7:\\\"timeout\\\";N;s:17:\\\"shouldBeEncrypted\\\";b:0;s:10:\\\"connection\\\";N;s:5:\\\"queue\\\";N;s:15:\\\"chainConnection\\\";N;s:10:\\\"chainQueue\\\";N;s:19:\\\"chainCatchCallbacks\\\";N;s:5:\\\"delay\\\";N;s:11:\\\"afterCommit\\\";N;s:10:\\\"middleware\\\";a:0:{}s:7:\\\"chained\\\";a:0:{}}\"}}', 'Symfony\\Component\\Mailer\\Exception\\TransportException: Expected response code \"250\" but got an empty response. in C:\\Users\\IKE DECK\\Desktop\\project\\credhyip\\core\\vendor\\symfony\\mailer\\Transport\\Smtp\\SmtpTransport.php:301\nStack trace:\n#0 C:\\Users\\IKE DECK\\Desktop\\project\\credhyip\\core\\vendor\\symfony\\mailer\\Transport\\Smtp\\SmtpTransport.php(182): Symfony\\Component\\Mailer\\Transport\\Smtp\\SmtpTransport->assertResponseCode(\'\', Array)\n#1 C:\\Users\\IKE DECK\\Desktop\\project\\credhyip\\core\\vendor\\symfony\\mailer\\Transport\\Smtp\\SmtpTransport.php(235): Symfony\\Component\\Mailer\\Transport\\Smtp\\SmtpTransport->executeCommand(\'MAIL FROM:<ichi...\', Array)\n#2 C:\\Users\\IKE DECK\\Desktop\\project\\credhyip\\core\\vendor\\symfony\\mailer\\Transport\\Smtp\\SmtpTransport.php(199): Symfony\\Component\\Mailer\\Transport\\Smtp\\SmtpTransport->doMailFromCommand(\'ichiegroup@gmai...\')\n#3 C:\\Users\\IKE DECK\\Desktop\\project\\credhyip\\core\\vendor\\symfony\\mailer\\Transport\\AbstractTransport.php(68): Symfony\\Component\\Mailer\\Transport\\Smtp\\SmtpTransport->doSend(Object(Symfony\\Component\\Mailer\\SentMessage))\n#4 C:\\Users\\IKE DECK\\Desktop\\project\\credhyip\\core\\vendor\\symfony\\mailer\\Transport\\Smtp\\SmtpTransport.php(136): Symfony\\Component\\Mailer\\Transport\\AbstractTransport->send(Object(Symfony\\Component\\Mailer\\SentMessage), Object(Symfony\\Component\\Mailer\\DelayedEnvelope))\n#5 C:\\Users\\IKE DECK\\Desktop\\project\\credhyip\\core\\vendor\\laravel\\framework\\src\\Illuminate\\Mail\\Mailer.php(521): Symfony\\Component\\Mailer\\Transport\\Smtp\\SmtpTransport->send(Object(Symfony\\Component\\Mime\\Email), Object(Symfony\\Component\\Mailer\\DelayedEnvelope))\n#6 C:\\Users\\IKE DECK\\Desktop\\project\\credhyip\\core\\vendor\\laravel\\framework\\src\\Illuminate\\Mail\\Mailer.php(285): Illuminate\\Mail\\Mailer->sendSymfonyMessage(Object(Symfony\\Component\\Mime\\Email))\n#7 C:\\Users\\IKE DECK\\Desktop\\project\\credhyip\\core\\vendor\\laravel\\framework\\src\\Illuminate\\Mail\\Mailable.php(211): Illuminate\\Mail\\Mailer->send(Object(Illuminate\\Support\\HtmlString), Array, Object(Closure))\n#8 C:\\Users\\IKE DECK\\Desktop\\project\\credhyip\\core\\vendor\\laravel\\framework\\src\\Illuminate\\Support\\Traits\\Localizable.php(19): Illuminate\\Mail\\Mailable->Illuminate\\Mail\\{closure}()\n#9 C:\\Users\\IKE DECK\\Desktop\\project\\credhyip\\core\\vendor\\laravel\\framework\\src\\Illuminate\\Mail\\Mailable.php(212): Illuminate\\Mail\\Mailable->withLocale(NULL, Object(Closure))\n#10 C:\\Users\\IKE DECK\\Desktop\\project\\credhyip\\core\\vendor\\laravel\\framework\\src\\Illuminate\\Mail\\SendQueuedMailable.php(65): Illuminate\\Mail\\Mailable->send(Object(Illuminate\\Mail\\MailManager))\n#11 C:\\Users\\IKE DECK\\Desktop\\project\\credhyip\\core\\vendor\\laravel\\framework\\src\\Illuminate\\Container\\BoundMethod.php(36): Illuminate\\Mail\\SendQueuedMailable->handle(Object(Illuminate\\Mail\\MailManager))\n#12 C:\\Users\\IKE DECK\\Desktop\\project\\credhyip\\core\\vendor\\laravel\\framework\\src\\Illuminate\\Container\\Util.php(41): Illuminate\\Container\\BoundMethod::Illuminate\\Container\\{closure}()\n#13 C:\\Users\\IKE DECK\\Desktop\\project\\credhyip\\core\\vendor\\laravel\\framework\\src\\Illuminate\\Container\\BoundMethod.php(93): Illuminate\\Container\\Util::unwrapIfClosure(Object(Closure))\n#14 C:\\Users\\IKE DECK\\Desktop\\project\\credhyip\\core\\vendor\\laravel\\framework\\src\\Illuminate\\Container\\BoundMethod.php(37): Illuminate\\Container\\BoundMethod::callBoundMethod(Object(Illuminate\\Foundation\\Application), Array, Object(Closure))\n#15 C:\\Users\\IKE DECK\\Desktop\\project\\credhyip\\core\\vendor\\laravel\\framework\\src\\Illuminate\\Container\\Container.php(651): Illuminate\\Container\\BoundMethod::call(Object(Illuminate\\Foundation\\Application), Array, Array, NULL)\n#16 C:\\Users\\IKE DECK\\Desktop\\project\\credhyip\\core\\vendor\\laravel\\framework\\src\\Illuminate\\Bus\\Dispatcher.php(128): Illuminate\\Container\\Container->call(Array)\n#17 C:\\Users\\IKE DECK\\Desktop\\project\\credhyip\\core\\vendor\\laravel\\framework\\src\\Illuminate\\Pipeline\\Pipeline.php(141): Illuminate\\Bus\\Dispatcher->Illuminate\\Bus\\{closure}(Object(Illuminate\\Mail\\SendQueuedMailable))\n#18 C:\\Users\\IKE DECK\\Desktop\\project\\credhyip\\core\\vendor\\laravel\\framework\\src\\Illuminate\\Pipeline\\Pipeline.php(116): Illuminate\\Pipeline\\Pipeline->Illuminate\\Pipeline\\{closure}(Object(Illuminate\\Mail\\SendQueuedMailable))\n#19 C:\\Users\\IKE DECK\\Desktop\\project\\credhyip\\core\\vendor\\laravel\\framework\\src\\Illuminate\\Bus\\Dispatcher.php(132): Illuminate\\Pipeline\\Pipeline->then(Object(Closure))\n#20 C:\\Users\\IKE DECK\\Desktop\\project\\credhyip\\core\\vendor\\laravel\\framework\\src\\Illuminate\\Queue\\CallQueuedHandler.php(123): Illuminate\\Bus\\Dispatcher->dispatchNow(Object(Illuminate\\Mail\\SendQueuedMailable), false)\n#21 C:\\Users\\IKE DECK\\Desktop\\project\\credhyip\\core\\vendor\\laravel\\framework\\src\\Illuminate\\Pipeline\\Pipeline.php(141): Illuminate\\Queue\\CallQueuedHandler->Illuminate\\Queue\\{closure}(Object(Illuminate\\Mail\\SendQueuedMailable))\n#22 C:\\Users\\IKE DECK\\Desktop\\project\\credhyip\\core\\vendor\\laravel\\framework\\src\\Illuminate\\Pipeline\\Pipeline.php(116): Illuminate\\Pipeline\\Pipeline->Illuminate\\Pipeline\\{closure}(Object(Illuminate\\Mail\\SendQueuedMailable))\n#23 C:\\Users\\IKE DECK\\Desktop\\project\\credhyip\\core\\vendor\\laravel\\framework\\src\\Illuminate\\Queue\\CallQueuedHandler.php(125): Illuminate\\Pipeline\\Pipeline->then(Object(Closure))\n#24 C:\\Users\\IKE DECK\\Desktop\\project\\credhyip\\core\\vendor\\laravel\\framework\\src\\Illuminate\\Queue\\CallQueuedHandler.php(69): Illuminate\\Queue\\CallQueuedHandler->dispatchThroughMiddleware(Object(Illuminate\\Queue\\Jobs\\DatabaseJob), Object(Illuminate\\Mail\\SendQueuedMailable))\n#25 C:\\Users\\IKE DECK\\Desktop\\project\\credhyip\\core\\vendor\\laravel\\framework\\src\\Illuminate\\Queue\\Jobs\\Job.php(98): Illuminate\\Queue\\CallQueuedHandler->call(Object(Illuminate\\Queue\\Jobs\\DatabaseJob), Array)\n#26 C:\\Users\\IKE DECK\\Desktop\\project\\credhyip\\core\\vendor\\laravel\\framework\\src\\Illuminate\\Queue\\Worker.php(429): Illuminate\\Queue\\Jobs\\Job->fire()\n#27 C:\\Users\\IKE DECK\\Desktop\\project\\credhyip\\core\\vendor\\laravel\\framework\\src\\Illuminate\\Queue\\Worker.php(379): Illuminate\\Queue\\Worker->process(\'database\', Object(Illuminate\\Queue\\Jobs\\DatabaseJob), Object(Illuminate\\Queue\\WorkerOptions))\n#28 C:\\Users\\IKE DECK\\Desktop\\project\\credhyip\\core\\vendor\\laravel\\framework\\src\\Illuminate\\Queue\\Worker.php(173): Illuminate\\Queue\\Worker->runJob(Object(Illuminate\\Queue\\Jobs\\DatabaseJob), \'database\', Object(Illuminate\\Queue\\WorkerOptions))\n#29 C:\\Users\\IKE DECK\\Desktop\\project\\credhyip\\core\\vendor\\laravel\\framework\\src\\Illuminate\\Queue\\Console\\WorkCommand.php(150): Illuminate\\Queue\\Worker->daemon(\'database\', \'default\', Object(Illuminate\\Queue\\WorkerOptions))\n#30 C:\\Users\\IKE DECK\\Desktop\\project\\credhyip\\core\\vendor\\laravel\\framework\\src\\Illuminate\\Queue\\Console\\WorkCommand.php(134): Illuminate\\Queue\\Console\\WorkCommand->runWorker(\'database\', \'default\')\n#31 C:\\Users\\IKE DECK\\Desktop\\project\\credhyip\\core\\vendor\\laravel\\framework\\src\\Illuminate\\Container\\BoundMethod.php(36): Illuminate\\Queue\\Console\\WorkCommand->handle()\n#32 C:\\Users\\IKE DECK\\Desktop\\project\\credhyip\\core\\vendor\\laravel\\framework\\src\\Illuminate\\Container\\Util.php(41): Illuminate\\Container\\BoundMethod::Illuminate\\Container\\{closure}()\n#33 C:\\Users\\IKE DECK\\Desktop\\project\\credhyip\\core\\vendor\\laravel\\framework\\src\\Illuminate\\Container\\BoundMethod.php(93): Illuminate\\Container\\Util::unwrapIfClosure(Object(Closure))\n#34 C:\\Users\\IKE DECK\\Desktop\\project\\credhyip\\core\\vendor\\laravel\\framework\\src\\Illuminate\\Container\\BoundMethod.php(37): Illuminate\\Container\\BoundMethod::callBoundMethod(Object(Illuminate\\Foundation\\Application), Array, Object(Closure))\n#35 C:\\Users\\IKE DECK\\Desktop\\project\\credhyip\\core\\vendor\\laravel\\framework\\src\\Illuminate\\Container\\Container.php(651): Illuminate\\Container\\BoundMethod::call(Object(Illuminate\\Foundation\\Application), Array, Array, NULL)\n#36 C:\\Users\\IKE DECK\\Desktop\\project\\credhyip\\core\\vendor\\laravel\\framework\\src\\Illuminate\\Console\\Command.php(139): Illuminate\\Container\\Container->call(Array)\n#37 C:\\Users\\IKE DECK\\Desktop\\project\\credhyip\\core\\vendor\\symfony\\console\\Command\\Command.php(291): Illuminate\\Console\\Command->execute(Object(Symfony\\Component\\Console\\Input\\ArgvInput), Object(Illuminate\\Console\\OutputStyle))\n#38 C:\\Users\\IKE DECK\\Desktop\\project\\credhyip\\core\\vendor\\laravel\\framework\\src\\Illuminate\\Console\\Command.php(124): Symfony\\Component\\Console\\Command\\Command->run(Object(Symfony\\Component\\Console\\Input\\ArgvInput), Object(Illuminate\\Console\\OutputStyle))\n#39 C:\\Users\\IKE DECK\\Desktop\\project\\credhyip\\core\\vendor\\symfony\\console\\Application.php(998): Illuminate\\Console\\Command->run(Object(Symfony\\Component\\Console\\Input\\ArgvInput), Object(Symfony\\Component\\Console\\Output\\ConsoleOutput))\n#40 C:\\Users\\IKE DECK\\Desktop\\project\\credhyip\\core\\vendor\\symfony\\console\\Application.php(299): Symfony\\Component\\Console\\Application->doRunCommand(Object(Illuminate\\Queue\\Console\\WorkCommand), Object(Symfony\\Component\\Console\\Input\\ArgvInput), Object(Symfony\\Component\\Console\\Output\\ConsoleOutput))\n#41 C:\\Users\\IKE DECK\\Desktop\\project\\credhyip\\core\\vendor\\symfony\\console\\Application.php(171): Symfony\\Component\\Console\\Application->doRun(Object(Symfony\\Component\\Console\\Input\\ArgvInput), Object(Symfony\\Component\\Console\\Output\\ConsoleOutput))\n#42 C:\\Users\\IKE DECK\\Desktop\\project\\credhyip\\core\\vendor\\laravel\\framework\\src\\Illuminate\\Console\\Application.php(102): Symfony\\Component\\Console\\Application->run(Object(Symfony\\Component\\Console\\Input\\ArgvInput), Object(Symfony\\Component\\Console\\Output\\ConsoleOutput))\n#43 C:\\Users\\IKE DECK\\Desktop\\project\\credhyip\\core\\vendor\\laravel\\framework\\src\\Illuminate\\Foundation\\Console\\Kernel.php(129): Illuminate\\Console\\Application->run(Object(Symfony\\Component\\Console\\Input\\ArgvInput), Object(Symfony\\Component\\Console\\Output\\ConsoleOutput))\n#44 C:\\Users\\IKE DECK\\Desktop\\project\\credhyip\\core\\artisan(37): Illuminate\\Foundation\\Console\\Kernel->handle(Object(Symfony\\Component\\Console\\Input\\ArgvInput), Object(Symfony\\Component\\Console\\Output\\ConsoleOutput))\n#45 {main}', '2022-11-16 07:19:51'),
(8, '377d6cc2-8137-46db-bcd1-b9463fa2bb64', 'database', 'default', '{\"uuid\":\"377d6cc2-8137-46db-bcd1-b9463fa2bb64\",\"displayName\":\"App\\\\Mail\\\\Email\",\"job\":\"Illuminate\\\\Queue\\\\CallQueuedHandler@call\",\"maxTries\":null,\"maxExceptions\":null,\"failOnTimeout\":false,\"backoff\":null,\"timeout\":null,\"retryUntil\":null,\"data\":{\"commandName\":\"Illuminate\\\\Mail\\\\SendQueuedMailable\",\"command\":\"O:34:\\\"Illuminate\\\\Mail\\\\SendQueuedMailable\\\":13:{s:8:\\\"mailable\\\";O:14:\\\"App\\\\Mail\\\\Email\\\":4:{s:4:\\\"body\\\";s:124:\\\"<h2>Dear Okwor Uchenna,<\\/h2><p>Bellow is your One Time Passcode (OTP) <strong>F8JPGO<\\/strong> , It expires in 15 minutes<\\/p>\\\";s:2:\\\"to\\\";a:1:{i:0;a:2:{s:4:\\\"name\\\";N;s:7:\\\"address\\\";s:20:\\\"ichiegroup@gmail.com\\\";}}s:7:\\\"subject\\\";s:23:\\\"One Time Passcode (OTP)\\\";s:6:\\\"mailer\\\";s:4:\\\"smtp\\\";}s:5:\\\"tries\\\";N;s:7:\\\"timeout\\\";N;s:17:\\\"shouldBeEncrypted\\\";b:0;s:10:\\\"connection\\\";N;s:5:\\\"queue\\\";N;s:15:\\\"chainConnection\\\";N;s:10:\\\"chainQueue\\\";N;s:19:\\\"chainCatchCallbacks\\\";N;s:5:\\\"delay\\\";N;s:11:\\\"afterCommit\\\";N;s:10:\\\"middleware\\\";a:0:{}s:7:\\\"chained\\\";a:0:{}}\"}}', 'Symfony\\Component\\Mailer\\Exception\\TransportException: Connection could not be established with host \"smtp.mailtrap.io:2525\": stream_socket_client(): php_network_getaddresses: getaddrinfo for smtp.mailtrap.io failed: This is usually a temporary error during hostname resolution and means that the local server did not receive a response from an authoritative server.  in C:\\Users\\IKE DECK\\Desktop\\project\\credhyip\\core\\vendor\\symfony\\mailer\\Transport\\Smtp\\Stream\\SocketStream.php:154\nStack trace:\n#0 [internal function]: Symfony\\Component\\Mailer\\Transport\\Smtp\\Stream\\SocketStream->Symfony\\Component\\Mailer\\Transport\\Smtp\\Stream\\{closure}(2, \'stream_socket_c...\', \'C:\\\\Users\\\\IKE DE...\', 157)\n#1 C:\\Users\\IKE DECK\\Desktop\\project\\credhyip\\core\\vendor\\symfony\\mailer\\Transport\\Smtp\\Stream\\SocketStream.php(157): stream_socket_client(\'smtp.mailtrap.i...\', 0, \'\', 60.0, 4, Resource id #3358)\n#2 C:\\Users\\IKE DECK\\Desktop\\project\\credhyip\\core\\vendor\\symfony\\mailer\\Transport\\Smtp\\SmtpTransport.php(251): Symfony\\Component\\Mailer\\Transport\\Smtp\\Stream\\SocketStream->initialize()\n#3 C:\\Users\\IKE DECK\\Desktop\\project\\credhyip\\core\\vendor\\symfony\\mailer\\Transport\\Smtp\\SmtpTransport.php(194): Symfony\\Component\\Mailer\\Transport\\Smtp\\SmtpTransport->start()\n#4 C:\\Users\\IKE DECK\\Desktop\\project\\credhyip\\core\\vendor\\symfony\\mailer\\Transport\\AbstractTransport.php(68): Symfony\\Component\\Mailer\\Transport\\Smtp\\SmtpTransport->doSend(Object(Symfony\\Component\\Mailer\\SentMessage))\n#5 C:\\Users\\IKE DECK\\Desktop\\project\\credhyip\\core\\vendor\\symfony\\mailer\\Transport\\Smtp\\SmtpTransport.php(136): Symfony\\Component\\Mailer\\Transport\\AbstractTransport->send(Object(Symfony\\Component\\Mailer\\SentMessage), Object(Symfony\\Component\\Mailer\\DelayedEnvelope))\n#6 C:\\Users\\IKE DECK\\Desktop\\project\\credhyip\\core\\vendor\\laravel\\framework\\src\\Illuminate\\Mail\\Mailer.php(521): Symfony\\Component\\Mailer\\Transport\\Smtp\\SmtpTransport->send(Object(Symfony\\Component\\Mime\\Email), Object(Symfony\\Component\\Mailer\\DelayedEnvelope))\n#7 C:\\Users\\IKE DECK\\Desktop\\project\\credhyip\\core\\vendor\\laravel\\framework\\src\\Illuminate\\Mail\\Mailer.php(285): Illuminate\\Mail\\Mailer->sendSymfonyMessage(Object(Symfony\\Component\\Mime\\Email))\n#8 C:\\Users\\IKE DECK\\Desktop\\project\\credhyip\\core\\vendor\\laravel\\framework\\src\\Illuminate\\Mail\\Mailable.php(211): Illuminate\\Mail\\Mailer->send(Object(Illuminate\\Support\\HtmlString), Array, Object(Closure))\n#9 C:\\Users\\IKE DECK\\Desktop\\project\\credhyip\\core\\vendor\\laravel\\framework\\src\\Illuminate\\Support\\Traits\\Localizable.php(19): Illuminate\\Mail\\Mailable->Illuminate\\Mail\\{closure}()\n#10 C:\\Users\\IKE DECK\\Desktop\\project\\credhyip\\core\\vendor\\laravel\\framework\\src\\Illuminate\\Mail\\Mailable.php(212): Illuminate\\Mail\\Mailable->withLocale(NULL, Object(Closure))\n#11 C:\\Users\\IKE DECK\\Desktop\\project\\credhyip\\core\\vendor\\laravel\\framework\\src\\Illuminate\\Mail\\SendQueuedMailable.php(65): Illuminate\\Mail\\Mailable->send(Object(Illuminate\\Mail\\MailManager))\n#12 C:\\Users\\IKE DECK\\Desktop\\project\\credhyip\\core\\vendor\\laravel\\framework\\src\\Illuminate\\Container\\BoundMethod.php(36): Illuminate\\Mail\\SendQueuedMailable->handle(Object(Illuminate\\Mail\\MailManager))\n#13 C:\\Users\\IKE DECK\\Desktop\\project\\credhyip\\core\\vendor\\laravel\\framework\\src\\Illuminate\\Container\\Util.php(41): Illuminate\\Container\\BoundMethod::Illuminate\\Container\\{closure}()\n#14 C:\\Users\\IKE DECK\\Desktop\\project\\credhyip\\core\\vendor\\laravel\\framework\\src\\Illuminate\\Container\\BoundMethod.php(93): Illuminate\\Container\\Util::unwrapIfClosure(Object(Closure))\n#15 C:\\Users\\IKE DECK\\Desktop\\project\\credhyip\\core\\vendor\\laravel\\framework\\src\\Illuminate\\Container\\BoundMethod.php(37): Illuminate\\Container\\BoundMethod::callBoundMethod(Object(Illuminate\\Foundation\\Application), Array, Object(Closure))\n#16 C:\\Users\\IKE DECK\\Desktop\\project\\credhyip\\core\\vendor\\laravel\\framework\\src\\Illuminate\\Container\\Container.php(651): Illuminate\\Container\\BoundMethod::call(Object(Illuminate\\Foundation\\Application), Array, Array, NULL)\n#17 C:\\Users\\IKE DECK\\Desktop\\project\\credhyip\\core\\vendor\\laravel\\framework\\src\\Illuminate\\Bus\\Dispatcher.php(128): Illuminate\\Container\\Container->call(Array)\n#18 C:\\Users\\IKE DECK\\Desktop\\project\\credhyip\\core\\vendor\\laravel\\framework\\src\\Illuminate\\Pipeline\\Pipeline.php(141): Illuminate\\Bus\\Dispatcher->Illuminate\\Bus\\{closure}(Object(Illuminate\\Mail\\SendQueuedMailable))\n#19 C:\\Users\\IKE DECK\\Desktop\\project\\credhyip\\core\\vendor\\laravel\\framework\\src\\Illuminate\\Pipeline\\Pipeline.php(116): Illuminate\\Pipeline\\Pipeline->Illuminate\\Pipeline\\{closure}(Object(Illuminate\\Mail\\SendQueuedMailable))\n#20 C:\\Users\\IKE DECK\\Desktop\\project\\credhyip\\core\\vendor\\laravel\\framework\\src\\Illuminate\\Bus\\Dispatcher.php(132): Illuminate\\Pipeline\\Pipeline->then(Object(Closure))\n#21 C:\\Users\\IKE DECK\\Desktop\\project\\credhyip\\core\\vendor\\laravel\\framework\\src\\Illuminate\\Queue\\CallQueuedHandler.php(123): Illuminate\\Bus\\Dispatcher->dispatchNow(Object(Illuminate\\Mail\\SendQueuedMailable), false)\n#22 C:\\Users\\IKE DECK\\Desktop\\project\\credhyip\\core\\vendor\\laravel\\framework\\src\\Illuminate\\Pipeline\\Pipeline.php(141): Illuminate\\Queue\\CallQueuedHandler->Illuminate\\Queue\\{closure}(Object(Illuminate\\Mail\\SendQueuedMailable))\n#23 C:\\Users\\IKE DECK\\Desktop\\project\\credhyip\\core\\vendor\\laravel\\framework\\src\\Illuminate\\Pipeline\\Pipeline.php(116): Illuminate\\Pipeline\\Pipeline->Illuminate\\Pipeline\\{closure}(Object(Illuminate\\Mail\\SendQueuedMailable))\n#24 C:\\Users\\IKE DECK\\Desktop\\project\\credhyip\\core\\vendor\\laravel\\framework\\src\\Illuminate\\Queue\\CallQueuedHandler.php(125): Illuminate\\Pipeline\\Pipeline->then(Object(Closure))\n#25 C:\\Users\\IKE DECK\\Desktop\\project\\credhyip\\core\\vendor\\laravel\\framework\\src\\Illuminate\\Queue\\CallQueuedHandler.php(69): Illuminate\\Queue\\CallQueuedHandler->dispatchThroughMiddleware(Object(Illuminate\\Queue\\Jobs\\DatabaseJob), Object(Illuminate\\Mail\\SendQueuedMailable))\n#26 C:\\Users\\IKE DECK\\Desktop\\project\\credhyip\\core\\vendor\\laravel\\framework\\src\\Illuminate\\Queue\\Jobs\\Job.php(98): Illuminate\\Queue\\CallQueuedHandler->call(Object(Illuminate\\Queue\\Jobs\\DatabaseJob), Array)\n#27 C:\\Users\\IKE DECK\\Desktop\\project\\credhyip\\core\\vendor\\laravel\\framework\\src\\Illuminate\\Queue\\Worker.php(429): Illuminate\\Queue\\Jobs\\Job->fire()\n#28 C:\\Users\\IKE DECK\\Desktop\\project\\credhyip\\core\\vendor\\laravel\\framework\\src\\Illuminate\\Queue\\Worker.php(379): Illuminate\\Queue\\Worker->process(\'database\', Object(Illuminate\\Queue\\Jobs\\DatabaseJob), Object(Illuminate\\Queue\\WorkerOptions))\n#29 C:\\Users\\IKE DECK\\Desktop\\project\\credhyip\\core\\vendor\\laravel\\framework\\src\\Illuminate\\Queue\\Worker.php(173): Illuminate\\Queue\\Worker->runJob(Object(Illuminate\\Queue\\Jobs\\DatabaseJob), \'database\', Object(Illuminate\\Queue\\WorkerOptions))\n#30 C:\\Users\\IKE DECK\\Desktop\\project\\credhyip\\core\\vendor\\laravel\\framework\\src\\Illuminate\\Queue\\Console\\WorkCommand.php(150): Illuminate\\Queue\\Worker->daemon(\'database\', \'default\', Object(Illuminate\\Queue\\WorkerOptions))\n#31 C:\\Users\\IKE DECK\\Desktop\\project\\credhyip\\core\\vendor\\laravel\\framework\\src\\Illuminate\\Queue\\Console\\WorkCommand.php(134): Illuminate\\Queue\\Console\\WorkCommand->runWorker(\'database\', \'default\')\n#32 C:\\Users\\IKE DECK\\Desktop\\project\\credhyip\\core\\vendor\\laravel\\framework\\src\\Illuminate\\Container\\BoundMethod.php(36): Illuminate\\Queue\\Console\\WorkCommand->handle()\n#33 C:\\Users\\IKE DECK\\Desktop\\project\\credhyip\\core\\vendor\\laravel\\framework\\src\\Illuminate\\Container\\Util.php(41): Illuminate\\Container\\BoundMethod::Illuminate\\Container\\{closure}()\n#34 C:\\Users\\IKE DECK\\Desktop\\project\\credhyip\\core\\vendor\\laravel\\framework\\src\\Illuminate\\Container\\BoundMethod.php(93): Illuminate\\Container\\Util::unwrapIfClosure(Object(Closure))\n#35 C:\\Users\\IKE DECK\\Desktop\\project\\credhyip\\core\\vendor\\laravel\\framework\\src\\Illuminate\\Container\\BoundMethod.php(37): Illuminate\\Container\\BoundMethod::callBoundMethod(Object(Illuminate\\Foundation\\Application), Array, Object(Closure))\n#36 C:\\Users\\IKE DECK\\Desktop\\project\\credhyip\\core\\vendor\\laravel\\framework\\src\\Illuminate\\Container\\Container.php(651): Illuminate\\Container\\BoundMethod::call(Object(Illuminate\\Foundation\\Application), Array, Array, NULL)\n#37 C:\\Users\\IKE DECK\\Desktop\\project\\credhyip\\core\\vendor\\laravel\\framework\\src\\Illuminate\\Console\\Command.php(139): Illuminate\\Container\\Container->call(Array)\n#38 C:\\Users\\IKE DECK\\Desktop\\project\\credhyip\\core\\vendor\\symfony\\console\\Command\\Command.php(291): Illuminate\\Console\\Command->execute(Object(Symfony\\Component\\Console\\Input\\ArgvInput), Object(Illuminate\\Console\\OutputStyle))\n#39 C:\\Users\\IKE DECK\\Desktop\\project\\credhyip\\core\\vendor\\laravel\\framework\\src\\Illuminate\\Console\\Command.php(124): Symfony\\Component\\Console\\Command\\Command->run(Object(Symfony\\Component\\Console\\Input\\ArgvInput), Object(Illuminate\\Console\\OutputStyle))\n#40 C:\\Users\\IKE DECK\\Desktop\\project\\credhyip\\core\\vendor\\symfony\\console\\Application.php(998): Illuminate\\Console\\Command->run(Object(Symfony\\Component\\Console\\Input\\ArgvInput), Object(Symfony\\Component\\Console\\Output\\ConsoleOutput))\n#41 C:\\Users\\IKE DECK\\Desktop\\project\\credhyip\\core\\vendor\\symfony\\console\\Application.php(299): Symfony\\Component\\Console\\Application->doRunCommand(Object(Illuminate\\Queue\\Console\\WorkCommand), Object(Symfony\\Component\\Console\\Input\\ArgvInput), Object(Symfony\\Component\\Console\\Output\\ConsoleOutput))\n#42 C:\\Users\\IKE DECK\\Desktop\\project\\credhyip\\core\\vendor\\symfony\\console\\Application.php(171): Symfony\\Component\\Console\\Application->doRun(Object(Symfony\\Component\\Console\\Input\\ArgvInput), Object(Symfony\\Component\\Console\\Output\\ConsoleOutput))\n#43 C:\\Users\\IKE DECK\\Desktop\\project\\credhyip\\core\\vendor\\laravel\\framework\\src\\Illuminate\\Console\\Application.php(102): Symfony\\Component\\Console\\Application->run(Object(Symfony\\Component\\Console\\Input\\ArgvInput), Object(Symfony\\Component\\Console\\Output\\ConsoleOutput))\n#44 C:\\Users\\IKE DECK\\Desktop\\project\\credhyip\\core\\vendor\\laravel\\framework\\src\\Illuminate\\Foundation\\Console\\Kernel.php(129): Illuminate\\Console\\Application->run(Object(Symfony\\Component\\Console\\Input\\ArgvInput), Object(Symfony\\Component\\Console\\Output\\ConsoleOutput))\n#45 C:\\Users\\IKE DECK\\Desktop\\project\\credhyip\\core\\artisan(37): Illuminate\\Foundation\\Console\\Kernel->handle(Object(Symfony\\Component\\Console\\Input\\ArgvInput), Object(Symfony\\Component\\Console\\Output\\ConsoleOutput))\n#46 {main}', '2022-11-16 07:35:41');
INSERT INTO `failed_jobs` (`id`, `uuid`, `connection`, `queue`, `payload`, `exception`, `failed_at`) VALUES
(9, '36bc5626-f72e-494e-be1a-5a5aee94b18a', 'database', 'default', '{\"uuid\":\"36bc5626-f72e-494e-be1a-5a5aee94b18a\",\"displayName\":\"App\\\\Mail\\\\Email\",\"job\":\"Illuminate\\\\Queue\\\\CallQueuedHandler@call\",\"maxTries\":null,\"maxExceptions\":null,\"failOnTimeout\":false,\"backoff\":null,\"timeout\":null,\"retryUntil\":null,\"data\":{\"commandName\":\"Illuminate\\\\Mail\\\\SendQueuedMailable\",\"command\":\"O:34:\\\"Illuminate\\\\Mail\\\\SendQueuedMailable\\\":13:{s:8:\\\"mailable\\\";O:14:\\\"App\\\\Mail\\\\Email\\\":4:{s:4:\\\"body\\\";s:124:\\\"<h2>Dear Okwor Uchenna,<\\/h2><p>Bellow is your One Time Passcode (OTP) <strong>5EMY1P<\\/strong> , It expires in 15 minutes<\\/p>\\\";s:2:\\\"to\\\";a:1:{i:0;a:2:{s:4:\\\"name\\\";N;s:7:\\\"address\\\";s:20:\\\"ichiegroup@gmail.com\\\";}}s:7:\\\"subject\\\";s:23:\\\"One Time Passcode (OTP)\\\";s:6:\\\"mailer\\\";s:4:\\\"smtp\\\";}s:5:\\\"tries\\\";N;s:7:\\\"timeout\\\";N;s:17:\\\"shouldBeEncrypted\\\";b:0;s:10:\\\"connection\\\";N;s:5:\\\"queue\\\";N;s:15:\\\"chainConnection\\\";N;s:10:\\\"chainQueue\\\";N;s:19:\\\"chainCatchCallbacks\\\";N;s:5:\\\"delay\\\";N;s:11:\\\"afterCommit\\\";N;s:10:\\\"middleware\\\";a:0:{}s:7:\\\"chained\\\";a:0:{}}\"}}', 'Symfony\\Component\\Mailer\\Exception\\TransportException: Expected response code \"250\" but got an empty response. in C:\\Users\\IKE DECK\\Desktop\\project\\credhyip\\core\\vendor\\symfony\\mailer\\Transport\\Smtp\\SmtpTransport.php:301\nStack trace:\n#0 C:\\Users\\IKE DECK\\Desktop\\project\\credhyip\\core\\vendor\\symfony\\mailer\\Transport\\Smtp\\SmtpTransport.php(182): Symfony\\Component\\Mailer\\Transport\\Smtp\\SmtpTransport->assertResponseCode(\'\', Array)\n#1 C:\\Users\\IKE DECK\\Desktop\\project\\credhyip\\core\\vendor\\symfony\\mailer\\Transport\\Smtp\\SmtpTransport.php(235): Symfony\\Component\\Mailer\\Transport\\Smtp\\SmtpTransport->executeCommand(\'MAIL FROM:<ichi...\', Array)\n#2 C:\\Users\\IKE DECK\\Desktop\\project\\credhyip\\core\\vendor\\symfony\\mailer\\Transport\\Smtp\\SmtpTransport.php(199): Symfony\\Component\\Mailer\\Transport\\Smtp\\SmtpTransport->doMailFromCommand(\'ichiegroup@gmai...\')\n#3 C:\\Users\\IKE DECK\\Desktop\\project\\credhyip\\core\\vendor\\symfony\\mailer\\Transport\\AbstractTransport.php(68): Symfony\\Component\\Mailer\\Transport\\Smtp\\SmtpTransport->doSend(Object(Symfony\\Component\\Mailer\\SentMessage))\n#4 C:\\Users\\IKE DECK\\Desktop\\project\\credhyip\\core\\vendor\\symfony\\mailer\\Transport\\Smtp\\SmtpTransport.php(136): Symfony\\Component\\Mailer\\Transport\\AbstractTransport->send(Object(Symfony\\Component\\Mailer\\SentMessage), Object(Symfony\\Component\\Mailer\\DelayedEnvelope))\n#5 C:\\Users\\IKE DECK\\Desktop\\project\\credhyip\\core\\vendor\\laravel\\framework\\src\\Illuminate\\Mail\\Mailer.php(521): Symfony\\Component\\Mailer\\Transport\\Smtp\\SmtpTransport->send(Object(Symfony\\Component\\Mime\\Email), Object(Symfony\\Component\\Mailer\\DelayedEnvelope))\n#6 C:\\Users\\IKE DECK\\Desktop\\project\\credhyip\\core\\vendor\\laravel\\framework\\src\\Illuminate\\Mail\\Mailer.php(285): Illuminate\\Mail\\Mailer->sendSymfonyMessage(Object(Symfony\\Component\\Mime\\Email))\n#7 C:\\Users\\IKE DECK\\Desktop\\project\\credhyip\\core\\vendor\\laravel\\framework\\src\\Illuminate\\Mail\\Mailable.php(211): Illuminate\\Mail\\Mailer->send(Object(Illuminate\\Support\\HtmlString), Array, Object(Closure))\n#8 C:\\Users\\IKE DECK\\Desktop\\project\\credhyip\\core\\vendor\\laravel\\framework\\src\\Illuminate\\Support\\Traits\\Localizable.php(19): Illuminate\\Mail\\Mailable->Illuminate\\Mail\\{closure}()\n#9 C:\\Users\\IKE DECK\\Desktop\\project\\credhyip\\core\\vendor\\laravel\\framework\\src\\Illuminate\\Mail\\Mailable.php(212): Illuminate\\Mail\\Mailable->withLocale(NULL, Object(Closure))\n#10 C:\\Users\\IKE DECK\\Desktop\\project\\credhyip\\core\\vendor\\laravel\\framework\\src\\Illuminate\\Mail\\SendQueuedMailable.php(65): Illuminate\\Mail\\Mailable->send(Object(Illuminate\\Mail\\MailManager))\n#11 C:\\Users\\IKE DECK\\Desktop\\project\\credhyip\\core\\vendor\\laravel\\framework\\src\\Illuminate\\Container\\BoundMethod.php(36): Illuminate\\Mail\\SendQueuedMailable->handle(Object(Illuminate\\Mail\\MailManager))\n#12 C:\\Users\\IKE DECK\\Desktop\\project\\credhyip\\core\\vendor\\laravel\\framework\\src\\Illuminate\\Container\\Util.php(41): Illuminate\\Container\\BoundMethod::Illuminate\\Container\\{closure}()\n#13 C:\\Users\\IKE DECK\\Desktop\\project\\credhyip\\core\\vendor\\laravel\\framework\\src\\Illuminate\\Container\\BoundMethod.php(93): Illuminate\\Container\\Util::unwrapIfClosure(Object(Closure))\n#14 C:\\Users\\IKE DECK\\Desktop\\project\\credhyip\\core\\vendor\\laravel\\framework\\src\\Illuminate\\Container\\BoundMethod.php(37): Illuminate\\Container\\BoundMethod::callBoundMethod(Object(Illuminate\\Foundation\\Application), Array, Object(Closure))\n#15 C:\\Users\\IKE DECK\\Desktop\\project\\credhyip\\core\\vendor\\laravel\\framework\\src\\Illuminate\\Container\\Container.php(651): Illuminate\\Container\\BoundMethod::call(Object(Illuminate\\Foundation\\Application), Array, Array, NULL)\n#16 C:\\Users\\IKE DECK\\Desktop\\project\\credhyip\\core\\vendor\\laravel\\framework\\src\\Illuminate\\Bus\\Dispatcher.php(128): Illuminate\\Container\\Container->call(Array)\n#17 C:\\Users\\IKE DECK\\Desktop\\project\\credhyip\\core\\vendor\\laravel\\framework\\src\\Illuminate\\Pipeline\\Pipeline.php(141): Illuminate\\Bus\\Dispatcher->Illuminate\\Bus\\{closure}(Object(Illuminate\\Mail\\SendQueuedMailable))\n#18 C:\\Users\\IKE DECK\\Desktop\\project\\credhyip\\core\\vendor\\laravel\\framework\\src\\Illuminate\\Pipeline\\Pipeline.php(116): Illuminate\\Pipeline\\Pipeline->Illuminate\\Pipeline\\{closure}(Object(Illuminate\\Mail\\SendQueuedMailable))\n#19 C:\\Users\\IKE DECK\\Desktop\\project\\credhyip\\core\\vendor\\laravel\\framework\\src\\Illuminate\\Bus\\Dispatcher.php(132): Illuminate\\Pipeline\\Pipeline->then(Object(Closure))\n#20 C:\\Users\\IKE DECK\\Desktop\\project\\credhyip\\core\\vendor\\laravel\\framework\\src\\Illuminate\\Queue\\CallQueuedHandler.php(123): Illuminate\\Bus\\Dispatcher->dispatchNow(Object(Illuminate\\Mail\\SendQueuedMailable), false)\n#21 C:\\Users\\IKE DECK\\Desktop\\project\\credhyip\\core\\vendor\\laravel\\framework\\src\\Illuminate\\Pipeline\\Pipeline.php(141): Illuminate\\Queue\\CallQueuedHandler->Illuminate\\Queue\\{closure}(Object(Illuminate\\Mail\\SendQueuedMailable))\n#22 C:\\Users\\IKE DECK\\Desktop\\project\\credhyip\\core\\vendor\\laravel\\framework\\src\\Illuminate\\Pipeline\\Pipeline.php(116): Illuminate\\Pipeline\\Pipeline->Illuminate\\Pipeline\\{closure}(Object(Illuminate\\Mail\\SendQueuedMailable))\n#23 C:\\Users\\IKE DECK\\Desktop\\project\\credhyip\\core\\vendor\\laravel\\framework\\src\\Illuminate\\Queue\\CallQueuedHandler.php(125): Illuminate\\Pipeline\\Pipeline->then(Object(Closure))\n#24 C:\\Users\\IKE DECK\\Desktop\\project\\credhyip\\core\\vendor\\laravel\\framework\\src\\Illuminate\\Queue\\CallQueuedHandler.php(69): Illuminate\\Queue\\CallQueuedHandler->dispatchThroughMiddleware(Object(Illuminate\\Queue\\Jobs\\DatabaseJob), Object(Illuminate\\Mail\\SendQueuedMailable))\n#25 C:\\Users\\IKE DECK\\Desktop\\project\\credhyip\\core\\vendor\\laravel\\framework\\src\\Illuminate\\Queue\\Jobs\\Job.php(98): Illuminate\\Queue\\CallQueuedHandler->call(Object(Illuminate\\Queue\\Jobs\\DatabaseJob), Array)\n#26 C:\\Users\\IKE DECK\\Desktop\\project\\credhyip\\core\\vendor\\laravel\\framework\\src\\Illuminate\\Queue\\Worker.php(429): Illuminate\\Queue\\Jobs\\Job->fire()\n#27 C:\\Users\\IKE DECK\\Desktop\\project\\credhyip\\core\\vendor\\laravel\\framework\\src\\Illuminate\\Queue\\Worker.php(379): Illuminate\\Queue\\Worker->process(\'database\', Object(Illuminate\\Queue\\Jobs\\DatabaseJob), Object(Illuminate\\Queue\\WorkerOptions))\n#28 C:\\Users\\IKE DECK\\Desktop\\project\\credhyip\\core\\vendor\\laravel\\framework\\src\\Illuminate\\Queue\\Worker.php(173): Illuminate\\Queue\\Worker->runJob(Object(Illuminate\\Queue\\Jobs\\DatabaseJob), \'database\', Object(Illuminate\\Queue\\WorkerOptions))\n#29 C:\\Users\\IKE DECK\\Desktop\\project\\credhyip\\core\\vendor\\laravel\\framework\\src\\Illuminate\\Queue\\Console\\WorkCommand.php(150): Illuminate\\Queue\\Worker->daemon(\'database\', \'default\', Object(Illuminate\\Queue\\WorkerOptions))\n#30 C:\\Users\\IKE DECK\\Desktop\\project\\credhyip\\core\\vendor\\laravel\\framework\\src\\Illuminate\\Queue\\Console\\WorkCommand.php(134): Illuminate\\Queue\\Console\\WorkCommand->runWorker(\'database\', \'default\')\n#31 C:\\Users\\IKE DECK\\Desktop\\project\\credhyip\\core\\vendor\\laravel\\framework\\src\\Illuminate\\Container\\BoundMethod.php(36): Illuminate\\Queue\\Console\\WorkCommand->handle()\n#32 C:\\Users\\IKE DECK\\Desktop\\project\\credhyip\\core\\vendor\\laravel\\framework\\src\\Illuminate\\Container\\Util.php(41): Illuminate\\Container\\BoundMethod::Illuminate\\Container\\{closure}()\n#33 C:\\Users\\IKE DECK\\Desktop\\project\\credhyip\\core\\vendor\\laravel\\framework\\src\\Illuminate\\Container\\BoundMethod.php(93): Illuminate\\Container\\Util::unwrapIfClosure(Object(Closure))\n#34 C:\\Users\\IKE DECK\\Desktop\\project\\credhyip\\core\\vendor\\laravel\\framework\\src\\Illuminate\\Container\\BoundMethod.php(37): Illuminate\\Container\\BoundMethod::callBoundMethod(Object(Illuminate\\Foundation\\Application), Array, Object(Closure))\n#35 C:\\Users\\IKE DECK\\Desktop\\project\\credhyip\\core\\vendor\\laravel\\framework\\src\\Illuminate\\Container\\Container.php(651): Illuminate\\Container\\BoundMethod::call(Object(Illuminate\\Foundation\\Application), Array, Array, NULL)\n#36 C:\\Users\\IKE DECK\\Desktop\\project\\credhyip\\core\\vendor\\laravel\\framework\\src\\Illuminate\\Console\\Command.php(139): Illuminate\\Container\\Container->call(Array)\n#37 C:\\Users\\IKE DECK\\Desktop\\project\\credhyip\\core\\vendor\\symfony\\console\\Command\\Command.php(291): Illuminate\\Console\\Command->execute(Object(Symfony\\Component\\Console\\Input\\ArgvInput), Object(Illuminate\\Console\\OutputStyle))\n#38 C:\\Users\\IKE DECK\\Desktop\\project\\credhyip\\core\\vendor\\laravel\\framework\\src\\Illuminate\\Console\\Command.php(124): Symfony\\Component\\Console\\Command\\Command->run(Object(Symfony\\Component\\Console\\Input\\ArgvInput), Object(Illuminate\\Console\\OutputStyle))\n#39 C:\\Users\\IKE DECK\\Desktop\\project\\credhyip\\core\\vendor\\symfony\\console\\Application.php(998): Illuminate\\Console\\Command->run(Object(Symfony\\Component\\Console\\Input\\ArgvInput), Object(Symfony\\Component\\Console\\Output\\ConsoleOutput))\n#40 C:\\Users\\IKE DECK\\Desktop\\project\\credhyip\\core\\vendor\\symfony\\console\\Application.php(299): Symfony\\Component\\Console\\Application->doRunCommand(Object(Illuminate\\Queue\\Console\\WorkCommand), Object(Symfony\\Component\\Console\\Input\\ArgvInput), Object(Symfony\\Component\\Console\\Output\\ConsoleOutput))\n#41 C:\\Users\\IKE DECK\\Desktop\\project\\credhyip\\core\\vendor\\symfony\\console\\Application.php(171): Symfony\\Component\\Console\\Application->doRun(Object(Symfony\\Component\\Console\\Input\\ArgvInput), Object(Symfony\\Component\\Console\\Output\\ConsoleOutput))\n#42 C:\\Users\\IKE DECK\\Desktop\\project\\credhyip\\core\\vendor\\laravel\\framework\\src\\Illuminate\\Console\\Application.php(102): Symfony\\Component\\Console\\Application->run(Object(Symfony\\Component\\Console\\Input\\ArgvInput), Object(Symfony\\Component\\Console\\Output\\ConsoleOutput))\n#43 C:\\Users\\IKE DECK\\Desktop\\project\\credhyip\\core\\vendor\\laravel\\framework\\src\\Illuminate\\Foundation\\Console\\Kernel.php(129): Illuminate\\Console\\Application->run(Object(Symfony\\Component\\Console\\Input\\ArgvInput), Object(Symfony\\Component\\Console\\Output\\ConsoleOutput))\n#44 C:\\Users\\IKE DECK\\Desktop\\project\\credhyip\\core\\artisan(37): Illuminate\\Foundation\\Console\\Kernel->handle(Object(Symfony\\Component\\Console\\Input\\ArgvInput), Object(Symfony\\Component\\Console\\Output\\ConsoleOutput))\n#45 {main}', '2022-11-16 07:44:13'),
(10, '953da9f5-8be9-4f50-85e3-3b219be493ed', 'database', 'default', '{\"uuid\":\"953da9f5-8be9-4f50-85e3-3b219be493ed\",\"displayName\":\"App\\\\Mail\\\\Email\",\"job\":\"Illuminate\\\\Queue\\\\CallQueuedHandler@call\",\"maxTries\":null,\"maxExceptions\":null,\"failOnTimeout\":false,\"backoff\":null,\"timeout\":null,\"retryUntil\":null,\"data\":{\"commandName\":\"Illuminate\\\\Mail\\\\SendQueuedMailable\",\"command\":\"O:34:\\\"Illuminate\\\\Mail\\\\SendQueuedMailable\\\":13:{s:8:\\\"mailable\\\";O:14:\\\"App\\\\Mail\\\\Email\\\":4:{s:4:\\\"body\\\";s:124:\\\"<h2>Dear Okwor Uchenna,<\\/h2><p>Bellow is your One Time Passcode (OTP) <strong>EYUBWR<\\/strong> , It expires in 15 minutes<\\/p>\\\";s:2:\\\"to\\\";a:1:{i:0;a:2:{s:4:\\\"name\\\";N;s:7:\\\"address\\\";s:20:\\\"ichiegroup@gmail.com\\\";}}s:7:\\\"subject\\\";s:23:\\\"One Time Passcode (OTP)\\\";s:6:\\\"mailer\\\";s:4:\\\"smtp\\\";}s:5:\\\"tries\\\";N;s:7:\\\"timeout\\\";N;s:17:\\\"shouldBeEncrypted\\\";b:0;s:10:\\\"connection\\\";N;s:5:\\\"queue\\\";N;s:15:\\\"chainConnection\\\";N;s:10:\\\"chainQueue\\\";N;s:19:\\\"chainCatchCallbacks\\\";N;s:5:\\\"delay\\\";N;s:11:\\\"afterCommit\\\";N;s:10:\\\"middleware\\\";a:0:{}s:7:\\\"chained\\\";a:0:{}}\"}}', 'Symfony\\Component\\Mailer\\Exception\\TransportException: Expected response code \"250\" but got an empty response. in C:\\Users\\IKE DECK\\Desktop\\project\\credhyip\\core\\vendor\\symfony\\mailer\\Transport\\Smtp\\SmtpTransport.php:301\nStack trace:\n#0 C:\\Users\\IKE DECK\\Desktop\\project\\credhyip\\core\\vendor\\symfony\\mailer\\Transport\\Smtp\\SmtpTransport.php(182): Symfony\\Component\\Mailer\\Transport\\Smtp\\SmtpTransport->assertResponseCode(\'\', Array)\n#1 C:\\Users\\IKE DECK\\Desktop\\project\\credhyip\\core\\vendor\\symfony\\mailer\\Transport\\Smtp\\SmtpTransport.php(235): Symfony\\Component\\Mailer\\Transport\\Smtp\\SmtpTransport->executeCommand(\'MAIL FROM:<ichi...\', Array)\n#2 C:\\Users\\IKE DECK\\Desktop\\project\\credhyip\\core\\vendor\\symfony\\mailer\\Transport\\Smtp\\SmtpTransport.php(199): Symfony\\Component\\Mailer\\Transport\\Smtp\\SmtpTransport->doMailFromCommand(\'ichiegroup@gmai...\')\n#3 C:\\Users\\IKE DECK\\Desktop\\project\\credhyip\\core\\vendor\\symfony\\mailer\\Transport\\AbstractTransport.php(68): Symfony\\Component\\Mailer\\Transport\\Smtp\\SmtpTransport->doSend(Object(Symfony\\Component\\Mailer\\SentMessage))\n#4 C:\\Users\\IKE DECK\\Desktop\\project\\credhyip\\core\\vendor\\symfony\\mailer\\Transport\\Smtp\\SmtpTransport.php(136): Symfony\\Component\\Mailer\\Transport\\AbstractTransport->send(Object(Symfony\\Component\\Mailer\\SentMessage), Object(Symfony\\Component\\Mailer\\DelayedEnvelope))\n#5 C:\\Users\\IKE DECK\\Desktop\\project\\credhyip\\core\\vendor\\laravel\\framework\\src\\Illuminate\\Mail\\Mailer.php(521): Symfony\\Component\\Mailer\\Transport\\Smtp\\SmtpTransport->send(Object(Symfony\\Component\\Mime\\Email), Object(Symfony\\Component\\Mailer\\DelayedEnvelope))\n#6 C:\\Users\\IKE DECK\\Desktop\\project\\credhyip\\core\\vendor\\laravel\\framework\\src\\Illuminate\\Mail\\Mailer.php(285): Illuminate\\Mail\\Mailer->sendSymfonyMessage(Object(Symfony\\Component\\Mime\\Email))\n#7 C:\\Users\\IKE DECK\\Desktop\\project\\credhyip\\core\\vendor\\laravel\\framework\\src\\Illuminate\\Mail\\Mailable.php(211): Illuminate\\Mail\\Mailer->send(Object(Illuminate\\Support\\HtmlString), Array, Object(Closure))\n#8 C:\\Users\\IKE DECK\\Desktop\\project\\credhyip\\core\\vendor\\laravel\\framework\\src\\Illuminate\\Support\\Traits\\Localizable.php(19): Illuminate\\Mail\\Mailable->Illuminate\\Mail\\{closure}()\n#9 C:\\Users\\IKE DECK\\Desktop\\project\\credhyip\\core\\vendor\\laravel\\framework\\src\\Illuminate\\Mail\\Mailable.php(212): Illuminate\\Mail\\Mailable->withLocale(NULL, Object(Closure))\n#10 C:\\Users\\IKE DECK\\Desktop\\project\\credhyip\\core\\vendor\\laravel\\framework\\src\\Illuminate\\Mail\\SendQueuedMailable.php(65): Illuminate\\Mail\\Mailable->send(Object(Illuminate\\Mail\\MailManager))\n#11 C:\\Users\\IKE DECK\\Desktop\\project\\credhyip\\core\\vendor\\laravel\\framework\\src\\Illuminate\\Container\\BoundMethod.php(36): Illuminate\\Mail\\SendQueuedMailable->handle(Object(Illuminate\\Mail\\MailManager))\n#12 C:\\Users\\IKE DECK\\Desktop\\project\\credhyip\\core\\vendor\\laravel\\framework\\src\\Illuminate\\Container\\Util.php(41): Illuminate\\Container\\BoundMethod::Illuminate\\Container\\{closure}()\n#13 C:\\Users\\IKE DECK\\Desktop\\project\\credhyip\\core\\vendor\\laravel\\framework\\src\\Illuminate\\Container\\BoundMethod.php(93): Illuminate\\Container\\Util::unwrapIfClosure(Object(Closure))\n#14 C:\\Users\\IKE DECK\\Desktop\\project\\credhyip\\core\\vendor\\laravel\\framework\\src\\Illuminate\\Container\\BoundMethod.php(37): Illuminate\\Container\\BoundMethod::callBoundMethod(Object(Illuminate\\Foundation\\Application), Array, Object(Closure))\n#15 C:\\Users\\IKE DECK\\Desktop\\project\\credhyip\\core\\vendor\\laravel\\framework\\src\\Illuminate\\Container\\Container.php(651): Illuminate\\Container\\BoundMethod::call(Object(Illuminate\\Foundation\\Application), Array, Array, NULL)\n#16 C:\\Users\\IKE DECK\\Desktop\\project\\credhyip\\core\\vendor\\laravel\\framework\\src\\Illuminate\\Bus\\Dispatcher.php(128): Illuminate\\Container\\Container->call(Array)\n#17 C:\\Users\\IKE DECK\\Desktop\\project\\credhyip\\core\\vendor\\laravel\\framework\\src\\Illuminate\\Pipeline\\Pipeline.php(141): Illuminate\\Bus\\Dispatcher->Illuminate\\Bus\\{closure}(Object(Illuminate\\Mail\\SendQueuedMailable))\n#18 C:\\Users\\IKE DECK\\Desktop\\project\\credhyip\\core\\vendor\\laravel\\framework\\src\\Illuminate\\Pipeline\\Pipeline.php(116): Illuminate\\Pipeline\\Pipeline->Illuminate\\Pipeline\\{closure}(Object(Illuminate\\Mail\\SendQueuedMailable))\n#19 C:\\Users\\IKE DECK\\Desktop\\project\\credhyip\\core\\vendor\\laravel\\framework\\src\\Illuminate\\Bus\\Dispatcher.php(132): Illuminate\\Pipeline\\Pipeline->then(Object(Closure))\n#20 C:\\Users\\IKE DECK\\Desktop\\project\\credhyip\\core\\vendor\\laravel\\framework\\src\\Illuminate\\Queue\\CallQueuedHandler.php(123): Illuminate\\Bus\\Dispatcher->dispatchNow(Object(Illuminate\\Mail\\SendQueuedMailable), false)\n#21 C:\\Users\\IKE DECK\\Desktop\\project\\credhyip\\core\\vendor\\laravel\\framework\\src\\Illuminate\\Pipeline\\Pipeline.php(141): Illuminate\\Queue\\CallQueuedHandler->Illuminate\\Queue\\{closure}(Object(Illuminate\\Mail\\SendQueuedMailable))\n#22 C:\\Users\\IKE DECK\\Desktop\\project\\credhyip\\core\\vendor\\laravel\\framework\\src\\Illuminate\\Pipeline\\Pipeline.php(116): Illuminate\\Pipeline\\Pipeline->Illuminate\\Pipeline\\{closure}(Object(Illuminate\\Mail\\SendQueuedMailable))\n#23 C:\\Users\\IKE DECK\\Desktop\\project\\credhyip\\core\\vendor\\laravel\\framework\\src\\Illuminate\\Queue\\CallQueuedHandler.php(125): Illuminate\\Pipeline\\Pipeline->then(Object(Closure))\n#24 C:\\Users\\IKE DECK\\Desktop\\project\\credhyip\\core\\vendor\\laravel\\framework\\src\\Illuminate\\Queue\\CallQueuedHandler.php(69): Illuminate\\Queue\\CallQueuedHandler->dispatchThroughMiddleware(Object(Illuminate\\Queue\\Jobs\\DatabaseJob), Object(Illuminate\\Mail\\SendQueuedMailable))\n#25 C:\\Users\\IKE DECK\\Desktop\\project\\credhyip\\core\\vendor\\laravel\\framework\\src\\Illuminate\\Queue\\Jobs\\Job.php(98): Illuminate\\Queue\\CallQueuedHandler->call(Object(Illuminate\\Queue\\Jobs\\DatabaseJob), Array)\n#26 C:\\Users\\IKE DECK\\Desktop\\project\\credhyip\\core\\vendor\\laravel\\framework\\src\\Illuminate\\Queue\\Worker.php(429): Illuminate\\Queue\\Jobs\\Job->fire()\n#27 C:\\Users\\IKE DECK\\Desktop\\project\\credhyip\\core\\vendor\\laravel\\framework\\src\\Illuminate\\Queue\\Worker.php(379): Illuminate\\Queue\\Worker->process(\'database\', Object(Illuminate\\Queue\\Jobs\\DatabaseJob), Object(Illuminate\\Queue\\WorkerOptions))\n#28 C:\\Users\\IKE DECK\\Desktop\\project\\credhyip\\core\\vendor\\laravel\\framework\\src\\Illuminate\\Queue\\Worker.php(173): Illuminate\\Queue\\Worker->runJob(Object(Illuminate\\Queue\\Jobs\\DatabaseJob), \'database\', Object(Illuminate\\Queue\\WorkerOptions))\n#29 C:\\Users\\IKE DECK\\Desktop\\project\\credhyip\\core\\vendor\\laravel\\framework\\src\\Illuminate\\Queue\\Console\\WorkCommand.php(150): Illuminate\\Queue\\Worker->daemon(\'database\', \'default\', Object(Illuminate\\Queue\\WorkerOptions))\n#30 C:\\Users\\IKE DECK\\Desktop\\project\\credhyip\\core\\vendor\\laravel\\framework\\src\\Illuminate\\Queue\\Console\\WorkCommand.php(134): Illuminate\\Queue\\Console\\WorkCommand->runWorker(\'database\', \'default\')\n#31 C:\\Users\\IKE DECK\\Desktop\\project\\credhyip\\core\\vendor\\laravel\\framework\\src\\Illuminate\\Container\\BoundMethod.php(36): Illuminate\\Queue\\Console\\WorkCommand->handle()\n#32 C:\\Users\\IKE DECK\\Desktop\\project\\credhyip\\core\\vendor\\laravel\\framework\\src\\Illuminate\\Container\\Util.php(41): Illuminate\\Container\\BoundMethod::Illuminate\\Container\\{closure}()\n#33 C:\\Users\\IKE DECK\\Desktop\\project\\credhyip\\core\\vendor\\laravel\\framework\\src\\Illuminate\\Container\\BoundMethod.php(93): Illuminate\\Container\\Util::unwrapIfClosure(Object(Closure))\n#34 C:\\Users\\IKE DECK\\Desktop\\project\\credhyip\\core\\vendor\\laravel\\framework\\src\\Illuminate\\Container\\BoundMethod.php(37): Illuminate\\Container\\BoundMethod::callBoundMethod(Object(Illuminate\\Foundation\\Application), Array, Object(Closure))\n#35 C:\\Users\\IKE DECK\\Desktop\\project\\credhyip\\core\\vendor\\laravel\\framework\\src\\Illuminate\\Container\\Container.php(651): Illuminate\\Container\\BoundMethod::call(Object(Illuminate\\Foundation\\Application), Array, Array, NULL)\n#36 C:\\Users\\IKE DECK\\Desktop\\project\\credhyip\\core\\vendor\\laravel\\framework\\src\\Illuminate\\Console\\Command.php(139): Illuminate\\Container\\Container->call(Array)\n#37 C:\\Users\\IKE DECK\\Desktop\\project\\credhyip\\core\\vendor\\symfony\\console\\Command\\Command.php(291): Illuminate\\Console\\Command->execute(Object(Symfony\\Component\\Console\\Input\\ArgvInput), Object(Illuminate\\Console\\OutputStyle))\n#38 C:\\Users\\IKE DECK\\Desktop\\project\\credhyip\\core\\vendor\\laravel\\framework\\src\\Illuminate\\Console\\Command.php(124): Symfony\\Component\\Console\\Command\\Command->run(Object(Symfony\\Component\\Console\\Input\\ArgvInput), Object(Illuminate\\Console\\OutputStyle))\n#39 C:\\Users\\IKE DECK\\Desktop\\project\\credhyip\\core\\vendor\\symfony\\console\\Application.php(998): Illuminate\\Console\\Command->run(Object(Symfony\\Component\\Console\\Input\\ArgvInput), Object(Symfony\\Component\\Console\\Output\\ConsoleOutput))\n#40 C:\\Users\\IKE DECK\\Desktop\\project\\credhyip\\core\\vendor\\symfony\\console\\Application.php(299): Symfony\\Component\\Console\\Application->doRunCommand(Object(Illuminate\\Queue\\Console\\WorkCommand), Object(Symfony\\Component\\Console\\Input\\ArgvInput), Object(Symfony\\Component\\Console\\Output\\ConsoleOutput))\n#41 C:\\Users\\IKE DECK\\Desktop\\project\\credhyip\\core\\vendor\\symfony\\console\\Application.php(171): Symfony\\Component\\Console\\Application->doRun(Object(Symfony\\Component\\Console\\Input\\ArgvInput), Object(Symfony\\Component\\Console\\Output\\ConsoleOutput))\n#42 C:\\Users\\IKE DECK\\Desktop\\project\\credhyip\\core\\vendor\\laravel\\framework\\src\\Illuminate\\Console\\Application.php(102): Symfony\\Component\\Console\\Application->run(Object(Symfony\\Component\\Console\\Input\\ArgvInput), Object(Symfony\\Component\\Console\\Output\\ConsoleOutput))\n#43 C:\\Users\\IKE DECK\\Desktop\\project\\credhyip\\core\\vendor\\laravel\\framework\\src\\Illuminate\\Foundation\\Console\\Kernel.php(129): Illuminate\\Console\\Application->run(Object(Symfony\\Component\\Console\\Input\\ArgvInput), Object(Symfony\\Component\\Console\\Output\\ConsoleOutput))\n#44 C:\\Users\\IKE DECK\\Desktop\\project\\credhyip\\core\\artisan(37): Illuminate\\Foundation\\Console\\Kernel->handle(Object(Symfony\\Component\\Console\\Input\\ArgvInput), Object(Symfony\\Component\\Console\\Output\\ConsoleOutput))\n#45 {main}', '2022-11-16 08:36:23');

-- --------------------------------------------------------

--
-- Table structure for table `faqs`
--

CREATE TABLE `faqs` (
  `id` bigint UNSIGNED NOT NULL,
  `question` varchar(255) CHARACTER SET utf8mb4 COLLATE utf8mb4_unicode_ci NOT NULL,
  `answer` longtext CHARACTER SET utf8mb4 COLLATE utf8mb4_unicode_ci NOT NULL,
  `created_at` timestamp NULL DEFAULT NULL,
  `updated_at` timestamp NULL DEFAULT NULL
) ENGINE=InnoDB DEFAULT CHARSET=utf8mb4 COLLATE=utf8mb4_unicode_ci;

--
-- Dumping data for table `faqs`
--

INSERT INTO `faqs` (`id`, `question`, `answer`, `created_at`, `updated_at`) VALUES
(2, 'How Do Start Investing?', 'To start investing, you have an account which is KYC verified. Deposit money to your account and fund you are ready to start investing.', '2022-09-04 00:41:13', '2022-09-04 00:41:13'),
(3, 'What is the minimum investment amount?', 'The minimum amount you can deposit depends on the deposit method you intend to use. TO find out the individual deposit limit, check the deposit page.', '2022-09-04 00:41:13', '2022-09-04 00:41:13'),
(4, 'Do you provide support?', 'Yes! We have dedicated support to assist you with all your questions. You can reach us via livechat, telegram, and email.', '2022-09-04 00:41:13', '2022-09-04 00:41:13'),
(7, 'What is the minimum deposit amount?', 'The minimum amount you can deposit is EUR50', '2022-09-09 11:33:10', '2022-09-09 11:33:10');

-- --------------------------------------------------------

--
-- Table structure for table `id_verifications`
--

CREATE TABLE `id_verifications` (
  `id` bigint UNSIGNED NOT NULL,
  `user_id` bigint UNSIGNED DEFAULT NULL,
  `marital_status` varchar(255) CHARACTER SET utf8mb4 COLLATE utf8mb4_unicode_ci NOT NULL,
  `id_type` varchar(255) CHARACTER SET utf8mb4 COLLATE utf8mb4_unicode_ci NOT NULL,
  `front_id` varchar(255) CHARACTER SET utf8mb4 COLLATE utf8mb4_unicode_ci NOT NULL,
  `back_id` varchar(255) CHARACTER SET utf8mb4 COLLATE utf8mb4_unicode_ci NOT NULL,
  `selfie` varchar(255) CHARACTER SET utf8mb4 COLLATE utf8mb4_unicode_ci NOT NULL,
  `comment` longtext CHARACTER SET utf8mb4 COLLATE utf8mb4_unicode_ci,
  `created_at` timestamp NULL DEFAULT NULL,
  `updated_at` timestamp NULL DEFAULT NULL
) ENGINE=InnoDB DEFAULT CHARSET=utf8mb4 COLLATE=utf8mb4_unicode_ci;

-- --------------------------------------------------------

--
-- Table structure for table `investments`
--

CREATE TABLE `investments` (
  `id` bigint UNSIGNED NOT NULL,
  `user_id` bigint UNSIGNED NOT NULL,
  `plan_name` varchar(255) CHARACTER SET utf8mb4 COLLATE utf8mb4_unicode_ci NOT NULL,
  `amount` varchar(255) CHARACTER SET utf8mb4 COLLATE utf8mb4_unicode_ci NOT NULL,
  `expires` varchar(255) CHARACTER SET utf8mb4 COLLATE utf8mb4_unicode_ci NOT NULL,
  `interval` varchar(255) CHARACTER SET utf8mb4 COLLATE utf8mb4_unicode_ci DEFAULT NULL,
  `next_profit_time` varchar(255) CHARACTER SET utf8mb4 COLLATE utf8mb4_unicode_ci NOT NULL,
  `last_profit_time` varchar(255) CHARACTER SET utf8mb4 COLLATE utf8mb4_unicode_ci NOT NULL,
  `profit_per_interval` varchar(255) CHARACTER SET utf8mb4 COLLATE utf8mb4_unicode_ci NOT NULL,
  `total_intervals` varchar(255) CHARACTER SET utf8mb4 COLLATE utf8mb4_unicode_ci NOT NULL,
  `total_intervals_given` varchar(255) CHARACTER SET utf8mb4 COLLATE utf8mb4_unicode_ci NOT NULL,
  `total_profit_earned` varchar(255) CHARACTER SET utf8mb4 COLLATE utf8mb4_unicode_ci NOT NULL,
  `status` varchar(255) CHARACTER SET utf8mb4 COLLATE utf8mb4_unicode_ci NOT NULL,
  `created_at` timestamp NULL DEFAULT NULL,
  `updated_at` timestamp NULL DEFAULT NULL
) ENGINE=InnoDB DEFAULT CHARSET=utf8mb4 COLLATE=utf8mb4_unicode_ci;

--
-- Dumping data for table `investments`
--

INSERT INTO `investments` (`id`, `user_id`, `plan_name`, `amount`, `expires`, `interval`, `next_profit_time`, `last_profit_time`, `profit_per_interval`, `total_intervals`, `total_intervals_given`, `total_profit_earned`, `status`, `created_at`, `updated_at`) VALUES
(4, 23, 'Gold Plan', '599', '1658156285', '+1 day', '1662460367', '1662373967', '65.89', '10', '10', '658.9', 'expired', '2022-07-08 13:58:05', '2022-09-05 09:32:55'),
(6, 1, 'Starter Plan', '100', '1659145819', '+1 hour', '1659146442', '1659142842', '12.5', '12', '12', '150', 'expired', '2022-07-29 12:50:19', '2022-07-30 05:00:42'),
(7, 1, 'Pro Plan', '400', '1659534659', '+1 day', '1668095497', '1668009097', '84', '5', '5', '420', 'expired', '2022-07-29 12:50:59', '2022-11-09 14:51:39'),
(8, 1, 'Gold Plan', '300', '1659966718', '+1 day', '1668095497', '1668009097', '33', '10', '5', '165', 'active', '2022-07-29 12:51:58', '2022-11-09 14:51:37'),
(9, 3, 'Diamond Plan', '4000', '1660398958', '+1 hour', '1668012697', '1668009097', '12.777777777778', '360', '40', '511.11111111118', 'active', '2022-07-29 12:55:58', '2022-11-09 14:51:37'),
(10, 3, 'Gold Plan', '250', '1659966994', '+1 day', '1668095497', '1668009097', '27.5', '10', '5', '137.5', 'active', '2022-07-29 12:56:34', '2022-11-09 14:51:37'),
(13, 24, 'Pro Plan', '500', '1659535278', '+1 day', '1668095498', '1668009098', '105', '5', '5', '525', 'expired', '2022-07-29 13:01:18', '2022-11-09 14:51:39'),
(14, 24, 'Diamond Plan', '1000', '1660399317', '+1 hour', '1668012698', '1668009098', '3.1944444444444', '360', '39', '124.58333333329', 'active', '2022-07-29 13:01:57', '2022-11-09 14:51:38'),
(16, 1, 'Starter Plan', '100', '1659164968', '+1 hour', '1659170425', '1659166825', '12.5', '12', '12', '150', 'expired', '2022-07-29 23:09:28', '2022-07-30 11:40:25'),
(17, 1, 'Diamond Plan', '5000', '1660417836', '+1 hour', '1668012698', '1668009098', '15.972222222222', '360', '34', '543.05555555549', 'active', '2022-07-29 23:10:36', '2022-11-09 14:51:38'),
(18, 1, 'Gold Plan', '599', '1659985890', '+1 day', '1668095498', '1668009098', '65.89', '10', '5', '329.45', 'active', '2022-07-29 23:11:30', '2022-11-09 14:51:38'),
(19, 2, 'Starter Plan', '100', '1661228640', '+1 hour', '1668012698', '1668009098', '12.5', '12', '2', '25', 'active', '2022-08-22 15:24:00', '2022-11-09 14:51:38');

-- --------------------------------------------------------

--
-- Table structure for table `investment_plans`
--

CREATE TABLE `investment_plans` (
  `id` bigint UNSIGNED NOT NULL,
  `name` varchar(255) CHARACTER SET utf8mb4 COLLATE utf8mb4_unicode_ci NOT NULL,
  `amount_type` varchar(255) CHARACTER SET utf8mb4 COLLATE utf8mb4_unicode_ci NOT NULL,
  `min_amount` varchar(255) CHARACTER SET utf8mb4 COLLATE utf8mb4_unicode_ci NOT NULL,
  `max_amount` varchar(255) CHARACTER SET utf8mb4 COLLATE utf8mb4_unicode_ci NOT NULL,
  `return_type` varchar(255) CHARACTER SET utf8mb4 COLLATE utf8mb4_unicode_ci NOT NULL,
  `return` varchar(255) CHARACTER SET utf8mb4 COLLATE utf8mb4_unicode_ci NOT NULL,
  `duration` varchar(255) CHARACTER SET utf8mb4 COLLATE utf8mb4_unicode_ci NOT NULL,
  `duration_type` varchar(255) CHARACTER SET utf8mb4 COLLATE utf8mb4_unicode_ci NOT NULL,
  `return_interval` varchar(255) CHARACTER SET utf8mb4 COLLATE utf8mb4_unicode_ci NOT NULL,
  `status` varchar(255) CHARACTER SET utf8mb4 COLLATE utf8mb4_unicode_ci NOT NULL,
  `label` varchar(255) CHARACTER SET utf8mb4 COLLATE utf8mb4_unicode_ci DEFAULT NULL,
  `created_at` timestamp NULL DEFAULT NULL,
  `updated_at` timestamp NULL DEFAULT NULL
) ENGINE=InnoDB DEFAULT CHARSET=utf8mb4 COLLATE=utf8mb4_unicode_ci;

--
-- Dumping data for table `investment_plans`
--

INSERT INTO `investment_plans` (`id`, `name`, `amount_type`, `min_amount`, `max_amount`, `return_type`, `return`, `duration`, `duration_type`, `return_interval`, `status`, `label`, `created_at`, `updated_at`) VALUES
(1, 'Starter Plan', 'fixed', '100', '100', 'fixed', '50', '12', 'hour', 'hourly', 'active', 'most popular', '2022-07-08 00:57:54', '2022-07-08 08:22:55'),
(2, 'Pro Plan', 'range', '100', '600', 'percent', '5', '5', 'day', 'daily', 'active', 'vip', '2022-07-08 00:57:54', '2022-07-08 00:57:54'),
(3, 'Gold Plan', 'range', '200', '599', 'percent', '10', '10', 'day', 'daily', 'active', 'VIP', '2022-07-08 08:50:07', '2022-07-08 08:50:07'),
(4, 'Diamond Plan', 'range', '600', '5999', 'percent', '15', '15', 'day', 'hourly', 'active', 'VIP', '2022-07-08 08:52:39', '2022-07-08 08:52:39'),
(5, 'Mega Plan', 'range', '5000', '1000000', 'percent', '100', '9', 'day', 'daily', 'inactive', 'VVIP', '2022-09-12 16:09:18', '2022-09-17 16:56:32');

-- --------------------------------------------------------

--
-- Table structure for table `jobs`
--

CREATE TABLE `jobs` (
  `id` bigint UNSIGNED NOT NULL,
  `queue` varchar(255) CHARACTER SET utf8mb4 COLLATE utf8mb4_unicode_ci NOT NULL,
  `payload` longtext CHARACTER SET utf8mb4 COLLATE utf8mb4_unicode_ci NOT NULL,
  `attempts` tinyint UNSIGNED NOT NULL,
  `reserved_at` int UNSIGNED DEFAULT NULL,
  `available_at` int UNSIGNED NOT NULL,
  `created_at` int UNSIGNED NOT NULL
) ENGINE=InnoDB DEFAULT CHARSET=utf8mb4 COLLATE=utf8mb4_unicode_ci;

-- --------------------------------------------------------

--
-- Table structure for table `loans`
--

CREATE TABLE `loans` (
  `id` bigint UNSIGNED NOT NULL,
  `user_id` bigint UNSIGNED NOT NULL,
  `amount` varchar(255) CHARACTER SET utf8mb4 COLLATE utf8mb4_unicode_ci NOT NULL,
  `interest` varchar(255) CHARACTER SET utf8mb4 COLLATE utf8mb4_unicode_ci NOT NULL,
  `repayment_date` varchar(255) CHARACTER SET utf8mb4 COLLATE utf8mb4_unicode_ci NOT NULL,
  `temp_date` varchar(255) CHARACTER SET utf8mb4 COLLATE utf8mb4_unicode_ci DEFAULT NULL,
  `status` varchar(255) CHARACTER SET utf8mb4 COLLATE utf8mb4_unicode_ci NOT NULL,
  `created_at` timestamp NULL DEFAULT NULL,
  `updated_at` timestamp NULL DEFAULT NULL
) ENGINE=InnoDB DEFAULT CHARSET=utf8mb4 COLLATE=utf8mb4_unicode_ci;

--
-- Dumping data for table `loans`
--

INSERT INTO `loans` (`id`, `user_id`, `amount`, `interest`, `repayment_date`, `temp_date`, `status`, `created_at`, `updated_at`) VALUES
(4, 23, '199', '200', '1657202458', '+3 hour', 'pending', '2022-07-07 10:00:58', '2022-07-07 10:00:58'),
(6, 1, '99', '4.455', '1657398684', '+2 day', 'rejected', '2022-07-07 16:04:31', '2022-07-07 19:36:00'),
(8, 1, '55', '2.475', '1661265351', '+1 week', 'paid', '2022-08-16 12:38:26', '2022-08-16 13:37:00'),
(9, 1, '3000', '135', '1661096645', '+5 day', 'paid', '2022-08-16 14:42:45', '2022-09-05 09:32:42');

-- --------------------------------------------------------

--
-- Table structure for table `loan_plans`
--

CREATE TABLE `loan_plans` (
  `id` bigint UNSIGNED NOT NULL,
  `name` varchar(255) CHARACTER SET utf8mb4 COLLATE utf8mb4_unicode_ci NOT NULL,
  `min_amount` varchar(255) CHARACTER SET utf8mb4 COLLATE utf8mb4_unicode_ci NOT NULL,
  `max_amount` varchar(255) CHARACTER SET utf8mb4 COLLATE utf8mb4_unicode_ci NOT NULL,
  `min_deposit` varchar(255) CHARACTER SET utf8mb4 COLLATE utf8mb4_unicode_ci NOT NULL,
  `interest_type` varchar(255) CHARACTER SET utf8mb4 COLLATE utf8mb4_unicode_ci NOT NULL,
  `interest` varchar(255) CHARACTER SET utf8mb4 COLLATE utf8mb4_unicode_ci NOT NULL,
  `duration` varchar(255) CHARACTER SET utf8mb4 COLLATE utf8mb4_unicode_ci NOT NULL,
  `duration_type` varchar(255) CHARACTER SET utf8mb4 COLLATE utf8mb4_unicode_ci NOT NULL,
  `created_at` timestamp NULL DEFAULT NULL,
  `updated_at` timestamp NULL DEFAULT NULL
) ENGINE=InnoDB DEFAULT CHARSET=utf8mb4 COLLATE=utf8mb4_unicode_ci;

--
-- Dumping data for table `loan_plans`
--

INSERT INTO `loan_plans` (`id`, `name`, `min_amount`, `max_amount`, `min_deposit`, `interest_type`, `interest`, `duration`, `duration_type`, `created_at`, `updated_at`) VALUES
(1, 'Beginner Plan', '25', '100', '10', 'percent', '4.5', '1', 'week', '2022-07-06 13:43:20', '2022-07-07 21:52:46'),
(3, 'Super Plan', '500', '6798', '300', 'percent', '4.5', '5', 'day', '2022-07-07 22:11:20', '2022-07-07 22:11:20'),
(5, 'Mega Plan', '5000', '500000', '50', 'percent', '1.5', '10', 'month', '2022-08-23 18:37:51', '2022-08-23 18:37:51');

-- --------------------------------------------------------

--
-- Table structure for table `manual_deposit_methods`
--

CREATE TABLE `manual_deposit_methods` (
  `id` bigint UNSIGNED NOT NULL,
  `name` varchar(255) CHARACTER SET utf8mb4 COLLATE utf8mb4_unicode_ci NOT NULL,
  `class` varchar(255) CHARACTER SET utf8mb4 COLLATE utf8mb4_unicode_ci NOT NULL DEFAULT 'manual',
  `type` varchar(255) CHARACTER SET utf8mb4 COLLATE utf8mb4_unicode_ci NOT NULL,
  `status` varchar(255) CHARACTER SET utf8mb4 COLLATE utf8mb4_unicode_ci NOT NULL,
  `min_amount` varchar(255) CHARACTER SET utf8mb4 COLLATE utf8mb4_unicode_ci NOT NULL,
  `max_amount` varchar(255) CHARACTER SET utf8mb4 COLLATE utf8mb4_unicode_ci NOT NULL,
  `charge` varchar(255) CHARACTER SET utf8mb4 COLLATE utf8mb4_unicode_ci NOT NULL DEFAULT '5',
  `charge_type` varchar(255) CHARACTER SET utf8mb4 COLLATE utf8mb4_unicode_ci NOT NULL DEFAULT 'percent',
  `currency` varchar(255) CHARACTER SET utf8mb4 COLLATE utf8mb4_unicode_ci NOT NULL DEFAULT 'gbp',
  `wallet_address` varchar(255) CHARACTER SET utf8mb4 COLLATE utf8mb4_unicode_ci DEFAULT NULL,
  `network_type` varchar(255) CHARACTER SET utf8mb4 COLLATE utf8mb4_unicode_ci DEFAULT NULL,
  `payment_instruction` longtext CHARACTER SET utf8mb4 COLLATE utf8mb4_unicode_ci NOT NULL,
  `bank_name` varchar(255) CHARACTER SET utf8mb4 COLLATE utf8mb4_unicode_ci DEFAULT NULL,
  `account_name` varchar(255) CHARACTER SET utf8mb4 COLLATE utf8mb4_unicode_ci DEFAULT NULL,
  `account_no` varchar(255) CHARACTER SET utf8mb4 COLLATE utf8mb4_unicode_ci DEFAULT NULL,
  `sort_code` varchar(255) CHARACTER SET utf8mb4 COLLATE utf8mb4_unicode_ci DEFAULT NULL,
  `bank_code` varchar(255) CHARACTER SET utf8mb4 COLLATE utf8mb4_unicode_ci DEFAULT NULL,
  `logo` varchar(255) CHARACTER SET utf8mb4 COLLATE utf8mb4_unicode_ci NOT NULL,
  `created_at` timestamp NULL DEFAULT NULL,
  `updated_at` timestamp NULL DEFAULT NULL
) ENGINE=InnoDB DEFAULT CHARSET=utf8mb4 COLLATE=utf8mb4_unicode_ci;

--
-- Dumping data for table `manual_deposit_methods`
--

INSERT INTO `manual_deposit_methods` (`id`, `name`, `class`, `type`, `status`, `min_amount`, `max_amount`, `charge`, `charge_type`, `currency`, `wallet_address`, `network_type`, `payment_instruction`, `bank_name`, `account_name`, `account_no`, `sort_code`, `bank_code`, `logo`, `created_at`, `updated_at`) VALUES
(3, 'Bank Deposit/Transfer', 'manual', 'bank', 'active', '100', '100000', '2.5', 'percent', 'gbp', NULL, NULL, 'Payment into bank must be confirm by an admin', 'CredBank', 'CredHYIP Limited', '3465789767', '1234376', '6787989', 'bank-logo.png', NULL, '2022-08-14 23:02:15'),
(4, 'Ethereum', 'manual', 'crypto', 'active', '50', '5000', '7.5', 'percent', 'eth', '765dgfhjkasdfghjklkjhgfdsadfg', 'bep20', 'Contact an admin after successful payment', NULL, NULL, NULL, NULL, NULL, '4uzjmwURT7T3mFtEUsM0HaLLp8nZ86wFbHQUv0DF.png', '2022-06-26 08:23:11', '2022-08-14 23:13:59'),
(6, 'PayPal', 'gateway', 'paypal', 'active', '100', '50000', '5', 'percent', 'usd', NULL, NULL, '<p>Paypal payment method is automatic</p>', NULL, NULL, NULL, NULL, NULL, 'pp.png', '2022-06-27 08:27:48', '2022-10-30 03:36:57'),
(7, 'Paystack', 'gateway', 'paystack', 'active', '100', '100000', '2.1', 'percent', 'ngn', NULL, NULL, '<p>You will be redirected to paystack to complete your deposit</p>', NULL, NULL, NULL, NULL, NULL, 'paystack.png', '2022-06-27 14:42:23', '2022-10-30 11:31:55'),
(10, 'RazorPay', 'gateway', 'razorpay', 'active', '100', '100000', '5', 'percent', 'INR', NULL, NULL, '<p>You will be redirected to RazorPay to complete your payment</p>', NULL, NULL, NULL, NULL, NULL, 'razorpay.png', NULL, '2022-10-30 13:45:55'),
(11, 'Flutterwave', 'gateway', 'flutterwave', 'active', '100', '500000', '7.5', 'percent', 'ngn', NULL, NULL, '<p>You will be redirected to Flutterwave to complete your payment</p>', NULL, NULL, NULL, NULL, NULL, 'flutterwave.png', '2022-06-28 09:24:25', '2022-10-30 19:53:51'),
(12, 'CoinGate', 'gateway', 'coingate', 'active', '50', '20000', '5', 'percent', 'EUR', NULL, NULL, '<p>Your will be redirected to Coingate to complete your payment</p>', NULL, NULL, NULL, NULL, NULL, 'coingate.png', NULL, '2022-10-30 20:23:36'),
(13, 'CashMaal', 'gateway', 'cashmaal', 'active', '20', '20000', '5', 'percent', 'PKR', NULL, NULL, '<p>Your will be redirected to Cashmaal to complete your payment</p>', NULL, NULL, NULL, NULL, NULL, 'cashmaal.png', NULL, '2022-10-30 23:49:30'),
(14, 'Coinbase', 'gateway', 'coinbase', 'active', '50', '20000', '5', 'percent', 'USD', NULL, NULL, '<p>Your will be redirected to Coinbase to complete your payment</p>', NULL, NULL, NULL, NULL, NULL, 'coinbase.png', NULL, '2022-10-31 15:46:41'),
(16, 'Authorize.net', 'gateway', 'authorize', 'active', '15', '50000', '5', 'percent', 'USD', NULL, NULL, '<p>You will be redirected to Authorize.net to process your payment</p>', NULL, NULL, NULL, NULL, NULL, 'authorize.png', NULL, '2022-10-30 01:07:47'),
(17, 'Monnify', 'gateway', 'monnify', 'active', '50', '50000', '5', 'percent', 'NGN', NULL, NULL, 'Your payment will be processed by Monnify', NULL, NULL, NULL, NULL, NULL, 'monnify.jpg', NULL, NULL),
(18, 'Bitcoin', 'manual', 'crypto', 'active', '100', '50000', '2', 'percent', 'btc', '765dgfhjkasdfghjklkjhgfdsadfg', 'bep20', 'nothing', NULL, NULL, NULL, NULL, NULL, 'pK8oGXWseI1kQArIIf8AjXxKhr2o8ZKXgjFdZ3rY.png', '2022-08-14 23:16:12', '2022-08-23 13:41:33'),
(19, 'Stripe', 'gateway', 'stripe', 'active', '100', '10000', '2', 'percent', 'usd', NULL, NULL, '<p>You will be redirected to stripe to process your payment</p>', NULL, NULL, NULL, NULL, NULL, 'stripe.png', '2022-10-30 10:54:05', '2022-10-30 11:36:58');

-- --------------------------------------------------------

--
-- Table structure for table `migrations`
--

CREATE TABLE `migrations` (
  `id` int UNSIGNED NOT NULL,
  `migration` varchar(255) CHARACTER SET utf8mb4 COLLATE utf8mb4_unicode_ci NOT NULL,
  `batch` int NOT NULL
) ENGINE=InnoDB DEFAULT CHARSET=utf8mb4 COLLATE=utf8mb4_unicode_ci;

--
-- Dumping data for table `migrations`
--

INSERT INTO `migrations` (`id`, `migration`, `batch`) VALUES
(2, '2014_10_12_000000_create_users_table', 1),
(3, '2019_08_19_000000_create_failed_jobs_table', 1),
(4, '2019_12_14_000001_create_personal_access_tokens_table', 1),
(5, '2022_06_10_025307_create_password_resets_table', 1),
(6, '2022_06_10_030006_create_email_templates_table', 1),
(7, '2022_06_10_034022_create_website_settings_table', 1),
(8, '2022_06_11_024431_create_verify_tokens_table', 1),
(10, '2022_06_18_125309_add_id_verified_to_users_table', 2),
(11, '2022_06_18_130425_create_id_verifications_table', 3),
(12, '2022_06_18_132726_add_id_verified_to_users_table', 4),
(13, '2022_06_18_175831_create_plans_table', 5),
(14, '2022_06_18_181653_create_user_investments_table', 6),
(16, '2022_06_18_185818_create_transactions_table', 7),
(17, '2022_06_18_204541_create_withdrawal_methods_table', 8),
(18, '2022_06_18_205611_create_deposits_table', 9),
(19, '2022_06_19_020523_create_withdrawals_table', 9),
(22, '2022_06_20_153405_create_admins_table', 10),
(24, '2022_06_21_084132_add_comment_to_id_verifcations_table', 11),
(25, '2022_06_21_172238_create_jobs_table', 12),
(28, '2022_06_21_205940_add_amount_to_transactions_table', 13),
(29, '2022_06_22_061604_add_txn_id_to_transactions_table', 14),
(30, '2022_06_24_222203_create_manual_deposit_methods_table', 15),
(31, '2022_06_24_233251_add_currency_to_manual_deposit_methods_table', 16),
(32, '2022_06_25_070516_add_converted_amount_to_deposits_table', 17),
(33, '2022_06_25_071139_add_charge_to_manual_deposit_methods', 18),
(35, '2022_06_25_084829_add_payment_screenshot_to_deposits_table', 19),
(36, '2022_06_25_202730_drop_qr_code', 20),
(38, '2022_06_27_080958_add_class_to_manual_deposit_method_table', 21),
(39, '2022_06_27_154909_add_txn_to_deposits_table', 22),
(40, '2022_07_01_094512_create_webhook_payments_table', 23),
(43, '2022_07_03_215718_create_transfers_table', 24),
(46, '2022_07_05_223933_rename_2fa', 25),
(47, '2022_07_06_132639_create_loan_plans_table', 26),
(48, '2022_07_06_133405_create_loans_table', 26),
(49, '2022_07_07_165212_add_temp_date_to_loans', 27),
(50, '2022_07_08_003450_drop_tables_plan', 28),
(51, '2022_07_08_004343_create_investment_plans_table', 29),
(52, '2022_07_08_105312_create_investments_table', 30),
(53, '2022_07_08_164523_add_interval_to_investments', 31),
(56, '2022_07_09_115021_add_shortcodes_to_email_templates', 32),
(58, '2022_07_21_123752_create_blogs_table', 33),
(60, '2022_07_21_145743_drop_withdraw_table', 34),
(62, '2022_07_21_161421_create_withdrawal_wallets_table', 35),
(65, '2022_07_22_094825_withdrawal_table', 36),
(67, '2022_07_22_130002_add_txn_id_to_withdrawal_table', 37),
(71, '2022_07_24_151746_create_support_tickets_table', 38),
(72, '2022_07_24_151953_create_support_ticket_replies_table', 38),
(73, '2022_07_24_200827_create_support_ticket_attachments_table', 38),
(75, '2022_08_19_223158_add_status_to_template_table', 39),
(77, '2022_08_31_225546_create_sections_table', 40),
(78, '2022_08_31_235000_create_faqs_table', 41),
(79, '2022_09_03_190258_create_teams_table', 42),
(80, '2022_09_04_012725_create_testimonials_table', 43),
(81, '2022_09_05_105351_create_newsletters_table', 44),
(83, '2022_09_05_191803_create_contact_form_submissions_table', 45),
(84, '2022_10_12_235220_create_trading_wallets_table', 46),
(87, '2022_10_18_142048_create_trading_wallet_transactions_table', 47),
(89, '2022_10_18_232321_create_trading_signals_table', 48),
(91, '2022_10_19_234113_create_trading_pairs_table', 49),
(92, '2022_10_20_162143_create_trading_logs_table', 50),
(94, '2022_10_20_215535_create_stakings_table', 51),
(96, '2022_10_21_193109_create_stakings_table', 52),
(102, '2022_10_22_121454_create_trading_bots_table', 53),
(103, '2022_10_22_121916_create_trading_bot_activations_table', 53),
(104, '2022_10_29_002937_add_user_activated_table', 54),
(105, '2022_10_29_114155_create_trading_bot_trades_table', 55),
(106, '2022_11_01_223442_trading_bot_trades', 56);

-- --------------------------------------------------------

--
-- Table structure for table `newsletters`
--

CREATE TABLE `newsletters` (
  `id` bigint UNSIGNED NOT NULL,
  `email` varchar(255) CHARACTER SET utf8mb4 COLLATE utf8mb4_unicode_ci NOT NULL,
  `created_at` timestamp NULL DEFAULT NULL,
  `updated_at` timestamp NULL DEFAULT NULL
) ENGINE=InnoDB DEFAULT CHARSET=utf8mb4 COLLATE=utf8mb4_unicode_ci;

--
-- Dumping data for table `newsletters`
--

INSERT INTO `newsletters` (`id`, `email`, `created_at`, `updated_at`) VALUES
(1, 'ichiegroup@gmail.com', '2022-09-05 10:11:41', '2022-09-05 10:11:41'),
(2, 'ichiegroup@gmail.comm', '2022-09-10 13:03:47', '2022-09-10 13:03:47'),
(3, 'hello@gmail.com', '2022-09-17 22:47:29', '2022-09-17 22:47:29');

-- --------------------------------------------------------

--
-- Table structure for table `password_resets`
--

CREATE TABLE `password_resets` (
  `id` bigint UNSIGNED NOT NULL,
  `email` varchar(255) CHARACTER SET utf8mb4 COLLATE utf8mb4_unicode_ci NOT NULL,
  `token` varchar(255) CHARACTER SET utf8mb4 COLLATE utf8mb4_unicode_ci NOT NULL,
  `expires` varchar(255) CHARACTER SET utf8mb4 COLLATE utf8mb4_unicode_ci NOT NULL,
  `created_at` timestamp NULL DEFAULT NULL,
  `updated_at` timestamp NULL DEFAULT NULL
) ENGINE=InnoDB DEFAULT CHARSET=utf8mb4 COLLATE=utf8mb4_unicode_ci;

--
-- Dumping data for table `password_resets`
--

INSERT INTO `password_resets` (`id`, `email`, `token`, `expires`, `created_at`, `updated_at`) VALUES
(1, 'ichiegroup@gmail.com', 'ke8L1VHSmdpcQAYFBusJO0r5yX7UvGKCtPRTIa942Ng', '1658316474', '2022-07-20 10:12:54', '2022-07-20 10:12:54'),
(4, 'mrfebuc@gmail.com', 'tenLoOhGrJCx0Bp3jTl06iMDw9y7vKWFEmPkq54NsZ2', '1659110819', '2022-07-29 19:51:59', '2022-07-29 19:51:59');

-- --------------------------------------------------------

--
-- Table structure for table `personal_access_tokens`
--

CREATE TABLE `personal_access_tokens` (
  `id` bigint UNSIGNED NOT NULL,
  `tokenable_type` varchar(255) CHARACTER SET utf8mb4 COLLATE utf8mb4_unicode_ci NOT NULL,
  `tokenable_id` bigint UNSIGNED NOT NULL,
  `name` varchar(255) CHARACTER SET utf8mb4 COLLATE utf8mb4_unicode_ci NOT NULL,
  `token` varchar(64) CHARACTER SET utf8mb4 COLLATE utf8mb4_unicode_ci NOT NULL,
  `abilities` text CHARACTER SET utf8mb4 COLLATE utf8mb4_unicode_ci,
  `last_used_at` timestamp NULL DEFAULT NULL,
  `created_at` timestamp NULL DEFAULT NULL,
  `updated_at` timestamp NULL DEFAULT NULL
) ENGINE=InnoDB DEFAULT CHARSET=utf8mb4 COLLATE=utf8mb4_unicode_ci;

-- --------------------------------------------------------

--
-- Table structure for table `sections`
--

CREATE TABLE `sections` (
  `id` bigint UNSIGNED NOT NULL,
  `name` varchar(255) CHARACTER SET utf8mb4 COLLATE utf8mb4_unicode_ci NOT NULL,
  `content` longtext CHARACTER SET utf8mb4 COLLATE utf8mb4_unicode_ci NOT NULL,
  `pages` longtext CHARACTER SET utf8mb4 COLLATE utf8mb4_unicode_ci NOT NULL,
  `created_at` timestamp NULL DEFAULT NULL,
  `updated_at` timestamp NULL DEFAULT NULL
) ENGINE=InnoDB DEFAULT CHARSET=utf8mb4 COLLATE=utf8mb4_unicode_ci;

--
-- Dumping data for table `sections`
--

INSERT INTO `sections` (`id`, `name`, `content`, `pages`, `created_at`, `updated_at`) VALUES
(1, 'hero', '{\"section_heading\":\"Bitcoin Investment is the future\",\"section_text\":\"<p>Credhyip is the industry leading crypto investment company. Investing in crypto shouldnt be hard, we have best algorithin for profitable trading. Invest with a reliable company today! We are reliable Not sure when to start? Start now!<\\/p>\",\"section_button_text\":\"Sign up\",\"section_button_url\":\"https:\\/\\/credhyip.local\\/register\",\"section_bg_img\":\"hero-bg-1662467318.jpg\"}', '[\"home\",\"about\"]', '2022-08-31 22:36:23', '2022-09-16 19:03:03'),
(2, 'about', '{\"section_heading\":\"About <span>Us<\\/span>\",\"section_text\":\"<p>CredHYIP is an established international financial brokage company. We specialise in profitable cryptocurrency trading, mining, investment and foresting trading. We have a team of competent traders.<\\/p><p>We are determined to providing conducive investment to our esteemed investors, minimising losses, and offerring safe investmets. With our edge cutting technology, we are able to automate trading, investments and returns. With Credhyip, there is guaranteed return on investment.<\\/p>\",\"section_button_text\":\"Learn More\",\"section_button_url\":\"\\/about\",\"section_bg_img\":\"about-bg-1662469172.jpg\"}', '[\"about\",\"contact\",\"home\",\"plans\"]', '2022-08-31 22:36:23', '2022-09-17 19:30:46'),
(3, 'plans', '{\"section_heading\":\"Investment <span>Plans<\\/span>\",\"section_text\":\"<p>To start earning, you should pick an investment plan. We have plans for all pocket sizes<\\/p>\"}', '[\"home\",\"plans\"]', '2022-08-31 22:36:23', '2022-09-17 19:32:11'),
(4, 'why', '{\"section_heading\":\"Why Choose <span>CredHYIP<\\/span>?\",\"section_text\":\"<p>We are committed to proving conducive ivesting ground for all our users. Invest today<\\/p>\",\"whys\":[{\"icon\":\"M9 12l2 2 4-4m5.618-4.016A11.955 11.955 0 0112 2.944a11.955 11.955 0 01-8.618 3.04A12.02 12.02 0 003 9c0 5.591 3.824 10.29 9 11.622 5.176-1.332 9-6.03 9-11.622 0-1.042-.133-2.052-.382-3.016z\",\"title\":\"Realiable\",\"text\":\"We are a reliable trading company\"},{\"icon\":\"M9 12l2 2 4-4M7.835 4.697a3.42 3.42 0 001.946-.806 3.42 3.42 0 014.438 0 3.42 3.42 0 001.946.806 3.42 3.42 0 013.138 3.138 3.42 3.42 0 00.806 1.946 3.42 3.42 0 010 4.438 3.42 3.42 0 00-.806 1.946 3.42 3.42 0 01-3.138 3.138 3.42 3.42 0 00-1.946.806 3.42 3.42 0 01-4.438 0 3.42 3.42 0 00-1.946-.806 3.42 3.42 0 01-3.138-3.138 3.42 3.42 0 00-.806-1.946 3.42 3.42 0 010-4.438 3.42 3.42 0 00.806-1.946 3.42 3.42 0 013.138-3.138z\",\"title\":\"Legal Company\",\"text\":\"We are a legal trading company\"},{\"icon\":\"M13 10V3L4 14h7v7l9-11h-7z\",\"title\":\"Quick Withdrawal\",\"text\":\"All payout are processed and paid out within 24 hours\"},{\"icon\":\"M9 12l2 2 4-4m5.618-4.016A11.955 11.955 0 0112 2.944a11.955 11.955 0 01-8.618 3.04A12.02 12.02 0 003 9c0 5.591 3.824 10.29 9 11.622 5.176-1.332 9-6.03 9-11.622 0-1.042-.133-2.052-.382-3.016z\",\"title\":\"Trusted\",\"text\":\"We are trusted over 2 million investor worldwide\"},{\"icon\":\"M17 20h5v-2a3 3 0 00-5.356-1.857M17 20H7m10 0v-2c0-.656-.126-1.283-.356-1.857M7 20H2v-2a3 3 0 015.356-1.857M7 20v-2c0-.656.126-1.283.356-1.857m0 0a5.002 5.002 0 019.288 0M15 7a3 3 0 11-6 0 3 3 0 016 0zm6 3a2 2 0 11-4 0 2 2 0 014 0zM7 10a2 2 0 11-4 0 2 2 0 014 0z\",\"title\":\"Referral Commission\",\"text\":\"Earn 5% referral commission when you refer your family and friends\"},{\"icon\":\"M17 8h2a2 2 0 012 2v6a2 2 0 01-2 2h-2v4l-4-4H9a1.994 1.994 0 01-1.414-.586m0 0L11 14h4a2 2 0 002-2V6a2 2 0 00-2-2H5a2 2 0 00-2 2v6a2 2 0 002 2h2v4l.586-.586z\",\"title\":\"24\\/7 Support\",\"text\":\"We are available 24\\/7 to attend to your support request through various channels\"}]}', '[\"about\",\"home\"]', '2022-08-31 22:36:23', '2022-09-17 19:29:00'),
(5, 'how', '{\"section_heading\":\"How To <span>Invest<\\/span> With CredHYIP\",\"section_text\":\"<p>Investing with CredHYIP is very easy. Follow the steps below to start investing<\\/p>\",\"steps\":{\"register\":{\"icon\":\"M18 9v3m0 0v3m0-3h3m-3 0h-3m-2-5a4 4 0 11-8 0 4 4 0 018 0zM3 20a6 6 0 0112 0v1H3v-1z\",\"text\":\"Sign up for an account by going to the signup page and fill in your details\"},\"fund_wallet\":{\"icon\":\"M17 9V7a2 2 0 00-2-2H5a2 2 0 00-2 2v6a2 2 0 002 2h2m2 4h10a2 2 0 002-2v-6a2 2 0 00-2-2H9a2 2 0 00-2 2v6a2 2 0 002 2zm7-5a2 2 0 11-4 0 2 2 0 014 0z\",\"text\":\"Fund your trading wallet by depositing money to your account\"},\"invest\":{\"icon\":\"M13 7h8m0 0v8m0-8l-8 8-4-4-6 6\",\"text\":\"Choose from our various investment plans and start earning\"},\"withdraw\":{\"icon\":\"M15.75 9V5.25A2.25 2.25 0 0013.5 3h-6a2.25 2.25 0 00-2.25 2.25v13.5A2.25 2.25 0 007.5 21h6a2.25 2.25 0 002.25-2.25V15m3 0l3-3m0 0l-3-3m3 3H9\",\"text\":\"Withdraw money through your preferred method\"}}}', '[\"about\",\"home\",\"plans\"]', '2022-08-31 22:36:24', '2022-09-17 16:09:50'),
(6, 'calculator', '{\"section_heading\":\"Profit  <span>Calculator<\\/span>\",\"section_text\":\"<p>Find out how much you will be making from your investment using our profit calculator below<\\/p>\"}', '[\"contact\",\"home\",\"plans\"]', '2022-08-31 22:36:24', '2022-09-17 19:27:47'),
(7, 'faq', '{\"section_heading\":\"Frequently <span>Asked<\\/span> Questions\",\"section_text\":\"<p>Below are frequently asked questions from our users<\\/p>\"}', '[\"about\",\"contact\",\"home\",\"plans\"]', '2022-08-31 22:36:24', '2022-11-17 20:22:00'),
(8, 'deposit_withdraw', '{\"section_heading\":\"Latest Deposits and Withdrawals\",\"section_text\":\"<p>Below are recent deposits and withdrawals from members<\\/p>\"}', '[\"home\",\"plans\"]', '2022-08-31 22:36:24', '2022-09-17 21:48:03'),
(9, 'deposit_methods', '{\"section_heading\":\"Payment Methods\",\"section_text\":\"<p>We accept the following deposit methods<\\/p>\"}', '[\"home\",\"plans\"]', '2022-08-31 22:36:24', '2022-09-17 23:06:41'),
(10, 'newsletter', '{\"section_heading\":\"Join Our Newsletter\",\"section_text\":\"<p>join our newsletter to receive update from us<\\/p>\"}', '[\"blog\",\"blog_detail\",\"plans\",\"about\",\"contact\",\"home\"]', '2022-08-31 22:36:24', '2022-09-16 18:36:02'),
(11, 'loan_plans', '{\"section_heading\":\"Loan <span>Plans<\\/span>\",\"section_text\":\"<p>We have loans to assist you get started in your investing journey<\\/p>\"}', '[\"home\",\"plans\"]', '2022-08-31 23:20:17', '2022-09-17 19:33:38'),
(12, 'testimonials', '{\"section_heading\":\"Testimonials\",\"section_text\":\"<p>Bellow is what our esteamed investors are saying<\\/p>\"}', '[\"about\",\"home\",\"plans\"]', '2022-09-01 01:17:35', '2022-09-17 21:59:42'),
(13, 'teams', '{\"section_heading\":\"Our <span>Team<\\/span>\",\"section_text\":\"<p>Our team is made of expert traders, with several years of experience in trading and financial management<\\/p>\"}', '[\"about\",\"home\",\"plans\"]', '2022-09-01 01:17:35', '2022-09-17 19:25:37'),
(14, 'blog', '{\"section_heading\":\"Latest Financial Updates\",\"section_text\":\"<p>Read latest financial news update from our blog<\\/p>\"}', '[\"about\",\"blog\",\"blog_detail\",\"contact\",\"home\",\"plans\"]', '2022-09-01 01:17:35', '2022-09-17 22:39:04'),
(15, 'stats', '{\"section_heading\":\"Our stats speaks volume\",\"section_text\":\"<p>We are proud to serve you since inception<\\/p>\",\"counters\":[{\"icon\":\"M12 4.354a4 4 0 110 5.292M15 21H3v-1a6 6 0 0112 0v1zm0 0h6v-1a6 6 0 00-9-5.197M13 7a4 4 0 11-8 0 4 4 0 018 0z\",\"title\":\"Users\",\"count\":\"1234\"},{\"icon\":\"M4 16v1a3 3 0 003 3h10a3 3 0 003-3v-1m-4-4l-4 4m0 0l-4-4m4 4V4\",\"title\":\"Deposits\",\"count\":\"687300\"},{\"icon\":\"M4 16v1a3 3 0 003 3h10a3 3 0 003-3v-1m-4-8l-4-4m0 0L8 8m4-4v12\",\"title\":\"Withdrawals\",\"count\":\"47833783\"}]}', '[\"home\",\"plans\",\"about\"]', '2022-09-05 13:33:26', '2022-09-16 18:35:48'),
(16, 'breadcrumb', '{\"section_bg_img\":\"breadcrumb.jpg\"}', '[\"blog_detail\",\"plans\",\"about\",\"contact\"]', '2022-09-05 15:11:15', '2022-09-16 18:50:11'),
(17, 'contact', '{\"section_heading\":\"Get In Touch\",\"section_text\":\"<p>Fill the form below to make inquirires. You can also contact us via livechat, email, support ticket or using the contact details below.<\\/p>\"}', '[\"blog_detail\",\"contact\",\"home\",\"plans\"]', '2022-09-05 15:39:33', '2022-09-17 23:02:26');

-- --------------------------------------------------------

--
-- Table structure for table `stakings`
--

CREATE TABLE `stakings` (
  `id` bigint UNSIGNED NOT NULL,
  `coin_id` bigint UNSIGNED NOT NULL,
  `user_id` varchar(255) CHARACTER SET utf8mb4 COLLATE utf8mb4_unicode_ci NOT NULL,
  `amount` varchar(255) CHARACTER SET utf8mb4 COLLATE utf8mb4_unicode_ci NOT NULL,
  `staked` varchar(255) CHARACTER SET utf8mb4 COLLATE utf8mb4_unicode_ci NOT NULL,
  `daily_return` varchar(255) CHARACTER SET utf8mb4 COLLATE utf8mb4_unicode_ci NOT NULL,
  `returned` varchar(255) CHARACTER SET utf8mb4 COLLATE utf8mb4_unicode_ci NOT NULL,
  `returnable` varchar(255) CHARACTER SET utf8mb4 COLLATE utf8mb4_unicode_ci NOT NULL,
  `next_return` varchar(255) CHARACTER SET utf8mb4 COLLATE utf8mb4_unicode_ci NOT NULL,
  `last_return` varchar(255) CHARACTER SET utf8mb4 COLLATE utf8mb4_unicode_ci NOT NULL,
  `created_at` timestamp NULL DEFAULT NULL,
  `updated_at` timestamp NULL DEFAULT NULL
) ENGINE=InnoDB DEFAULT CHARSET=utf8mb4 COLLATE=utf8mb4_unicode_ci;

-- --------------------------------------------------------

--
-- Table structure for table `staking_coins`
--

CREATE TABLE `staking_coins` (
  `id` bigint UNSIGNED NOT NULL,
  `coin` varchar(255) CHARACTER SET utf8mb4 COLLATE utf8mb4_unicode_ci NOT NULL,
  `symbol` varchar(255) CHARACTER SET utf8mb4 COLLATE utf8mb4_unicode_ci NOT NULL,
  `duration` varchar(255) CHARACTER SET utf8mb4 COLLATE utf8mb4_unicode_ci NOT NULL,
  `apr` varchar(255) CHARACTER SET utf8mb4 COLLATE utf8mb4_unicode_ci NOT NULL,
  `daily_return` varchar(255) CHARACTER SET utf8mb4 COLLATE utf8mb4_unicode_ci NOT NULL,
  `max_stake` varchar(255) CHARACTER SET utf8mb4 COLLATE utf8mb4_unicode_ci NOT NULL,
  `min_stake` varchar(255) CHARACTER SET utf8mb4 COLLATE utf8mb4_unicode_ci NOT NULL,
  `total` varchar(255) CHARACTER SET utf8mb4 COLLATE utf8mb4_unicode_ci NOT NULL,
  `staked` varchar(255) CHARACTER SET utf8mb4 COLLATE utf8mb4_unicode_ci NOT NULL,
  `status` varchar(255) CHARACTER SET utf8mb4 COLLATE utf8mb4_unicode_ci NOT NULL,
  `price` varchar(255) CHARACTER SET utf8mb4 COLLATE utf8mb4_unicode_ci NOT NULL,
  `icon` varchar(255) CHARACTER SET utf8mb4 COLLATE utf8mb4_unicode_ci NOT NULL,
  `created_at` timestamp NULL DEFAULT NULL,
  `updated_at` timestamp NULL DEFAULT NULL
) ENGINE=InnoDB DEFAULT CHARSET=utf8mb4 COLLATE=utf8mb4_unicode_ci;

--
-- Dumping data for table `staking_coins`
--

INSERT INTO `staking_coins` (`id`, `coin`, `symbol`, `duration`, `apr`, `daily_return`, `max_stake`, `min_stake`, `total`, `staked`, `status`, `price`, `icon`, `created_at`, `updated_at`) VALUES
(1, 'Bitcoin', 'BTC', '30', '3', '1.5', '1000', '20', '1000000', '1000', 'status', '20000', 'w2MhEzkF05e6QhEGianMmNdQ6O2Oo0C68MZcLJaP.png', '2022-10-21 14:29:14', '2022-10-21 14:29:14'),
(2, 'Ripple', 'XRP', '34', '12', '2.5', '1000', '20', '40000', '9', 'status', '83', 'vO1tgiBeXn8L2xW0tjZNSWHH2R4rD3nbDNtaGp43.png', '2022-10-21 22:11:51', '2022-10-21 22:11:51');

-- --------------------------------------------------------

--
-- Table structure for table `support_tickets`
--

CREATE TABLE `support_tickets` (
  `id` bigint UNSIGNED NOT NULL,
  `user_id` bigint UNSIGNED NOT NULL,
  `title` varchar(255) CHARACTER SET utf8mb4 COLLATE utf8mb4_unicode_ci NOT NULL,
  `message` longtext CHARACTER SET utf8mb4 COLLATE utf8mb4_unicode_ci NOT NULL,
  `status` varchar(255) CHARACTER SET utf8mb4 COLLATE utf8mb4_unicode_ci NOT NULL,
  `last_reply_by` varchar(255) CHARACTER SET utf8mb4 COLLATE utf8mb4_unicode_ci NOT NULL,
  `ticket_id` varchar(255) CHARACTER SET utf8mb4 COLLATE utf8mb4_unicode_ci NOT NULL,
  `created_at` timestamp NULL DEFAULT NULL,
  `updated_at` timestamp NULL DEFAULT NULL
) ENGINE=InnoDB DEFAULT CHARSET=utf8mb4 COLLATE=utf8mb4_unicode_ci;

--
-- Dumping data for table `support_tickets`
--

INSERT INTO `support_tickets` (`id`, `user_id`, `title`, `message`, `status`, `last_reply_by`, `ticket_id`, `created_at`, `updated_at`) VALUES
(1, 23, 'Support Ticket Testing', '\"My wallet stopped working, can you help me check if I can use the service again\"', 'open', 'admin', 'TKT-100', '2022-07-24 22:50:35', '2022-07-27 22:03:30'),
(2, 23, 'My license keys  has stopped working', '\"Lorem ipsum dolor sit amet consectetur adipisicing elit. Praesentium consequatur minus nemo eligendi rerum soluta reprehenderit. Rem debitis impedit dolorem optio cum, quae cumque voluptatum magni, atque quos reprehenderit ipsa!\"', 'resolved', 'user', 'TKT-1001658708493', '2022-07-24 23:21:33', '2022-07-25 09:44:30'),
(3, 23, 'How to withdraw', '\"Hi admin, I have earned some money that I want to withdraw, please how can i withdraw this?\"', 'new', 'user', 'TKT-1001658744269', '2022-07-25 09:17:49', '2022-07-25 09:17:49'),
(4, 2, 'How to invest', '\"I don\'t know how to invest, can you teach me?\"', 'open', 'user', 'TKT-1001661873080', '2022-08-30 14:24:40', '2022-08-30 14:36:40'),
(5, 2, 'Hello', '\"Can I get a chicken sand winch with caremel display.\"', 'pending', 'admin', 'TKT-1001663028271', '2022-09-12 23:17:51', '2022-11-07 19:51:32');

-- --------------------------------------------------------

--
-- Table structure for table `support_ticket_attachments`
--

CREATE TABLE `support_ticket_attachments` (
  `id` bigint UNSIGNED NOT NULL,
  `ticket_id` bigint UNSIGNED NOT NULL,
  `hash_name` varchar(255) CHARACTER SET utf8mb4 COLLATE utf8mb4_unicode_ci NOT NULL,
  `original_name` varchar(255) CHARACTER SET utf8mb4 COLLATE utf8mb4_unicode_ci NOT NULL,
  `created_at` timestamp NULL DEFAULT NULL,
  `updated_at` timestamp NULL DEFAULT NULL
) ENGINE=InnoDB DEFAULT CHARSET=utf8mb4 COLLATE=utf8mb4_unicode_ci;

--
-- Dumping data for table `support_ticket_attachments`
--

INSERT INTO `support_ticket_attachments` (`id`, `ticket_id`, `hash_name`, `original_name`, `created_at`, `updated_at`) VALUES
(1, 1, 'XP6tCbScQPL5a5zZumSsoGOlxKEsGEKSI6SqSTnn.png', '\"authorize.png\"', '2022-07-24 22:50:36', '2022-07-24 22:50:36'),
(2, 1, 'mtOICRQoCttd4oJ1vquWDwvCGCyqQrjHIrv3wmdC.png', '\"bank-logo.png\"', '2022-07-24 22:50:36', '2022-07-24 22:50:36'),
(3, 1, 'k4mYDmk1aWZBzM8bxj1gZOn6f2aT03BYEIXRs6uX.png', '\"coinbase.png\"', '2022-07-24 22:50:36', '2022-07-24 22:50:36'),
(4, 1, '5gsdmAcW2GFcZoREWEhC2csBcpUtWmbJZ3ZWZhEH.png', '\"coingate.png\"', '2022-07-24 22:50:36', '2022-07-24 22:50:36'),
(5, 2, 'AO6XLVKTFmrBnRImQeYQQQo2A65ChzdmN3Gf13d9.png', '\"razorpay.png\"', '2022-07-24 23:21:34', '2022-07-24 23:21:34'),
(6, 2, 'b0bNgS8wKclTWdxq0n4XBfgF7Up3JuQwLY8e7952.jpg', '\"voguepay.jpg\"', '2022-07-24 23:21:34', '2022-07-24 23:21:34'),
(7, 2, 'eVyLxA1OmNCLDLsvbXEK0B5i22gxoTM2DAWlttS6.png', '\"YKIjymIKKhl3yVox9FMNA11sSeUuxV0qqFHDWtaj.png\"', '2022-07-24 23:21:34', '2022-07-24 23:21:34'),
(8, 2, 'w1uSHr7Rq5NSBeGDcuNbESr2OpfU8f3tNHccCdJk.png', '\"zMS1gQYz8FcZ9DpYAhqFVZKUl0xc1u280mPtE1Sv.png\"', '2022-07-24 23:21:34', '2022-07-24 23:21:34'),
(9, 1, 'r9fHfNBXNaUxJLasSVe5OQsxIkOadC60i7k8h5qb.png', '\"9VzcgjYsqqIEiTAhWKTHPCKT8iAXfRd8cuxVyFsM.png\"', '2022-07-25 08:51:59', '2022-07-25 08:51:59'),
(10, 1, 'lpHMHS8TooK2gMaOtsTBqlRkV7vY8N5KUJS9bgGs.png', '\"authorize.png\"', '2022-07-25 08:51:59', '2022-07-25 08:51:59'),
(11, 1, 'clEoQqGR54yWouBTUr14SnvxEp6KQPAd6o74qXer.png', '\"bank-logo.png\"', '2022-07-25 08:52:00', '2022-07-25 08:52:00'),
(12, 3, 'HbI13r7T97hOf248sGAICZMpqRqQPM4g7t2uN5UM.png', '\"bank-logo.png\"', '2022-07-25 09:17:50', '2022-07-25 09:17:50'),
(14, 1, 'nvtKkfZj4mEoTrhvc6TClaagv7N4OLMt0eEOrJgR.png', '\"flutterwave.png\"', '2022-07-25 13:33:07', '2022-07-25 13:33:07'),
(15, 4, 'URFRpP3dxOj6430eyN21u4MDHaUxq28OTfPaprvL.pdf', '\"iche_detials.pdf\"', '2022-08-30 14:24:41', '2022-08-30 14:24:41'),
(16, 4, 'aQRsDL86PWfi4rA7qAcRRgl9Du7HllmTc2CqCFgw.jpg', '\"IMG_0439.JPG\"', '2022-08-30 14:24:41', '2022-08-30 14:24:41');

-- --------------------------------------------------------

--
-- Table structure for table `support_ticket_replies`
--

CREATE TABLE `support_ticket_replies` (
  `id` bigint UNSIGNED NOT NULL,
  `ticket_id` bigint UNSIGNED NOT NULL,
  `reply` longtext CHARACTER SET utf8mb4 COLLATE utf8mb4_unicode_ci NOT NULL,
  `reply_by` varchar(255) CHARACTER SET utf8mb4 COLLATE utf8mb4_unicode_ci NOT NULL,
  `role` varchar(255) CHARACTER SET utf8mb4 COLLATE utf8mb4_unicode_ci NOT NULL,
  `created_at` timestamp NULL DEFAULT NULL,
  `updated_at` timestamp NULL DEFAULT NULL
) ENGINE=InnoDB DEFAULT CHARSET=utf8mb4 COLLATE=utf8mb4_unicode_ci;

--
-- Dumping data for table `support_ticket_replies`
--

INSERT INTO `support_ticket_replies` (`id`, `ticket_id`, `reply`, `reply_by`, `role`, `created_at`, `updated_at`) VALUES
(1, 1, '<p> Thnk you for contaction support </p>\r\n\r\n<p>Lorem, ipsum dolor sit amet consectetur adipisicing elit. Placeat optio repellendus illum labore quidem minus eligendi odio et asperiores consectetur accusantium necessitatibus maiores ipsum aperiam nesciunt id eum alias similique, consequuntur eos corporis repellat nulla! Eius optio quisquam reiciendis omnis!</p>', 'admin', 'admin', '2022-07-23 23:00:00', '2022-07-25 01:35:56'),
(2, 1, '<p>Lorem, ipsum dolor sit amet consectetur adipisicing elit. Placeat optio repellendus illum labore quidem minus eligendi odio et asperiores consectetur accusantium necessitatibus maiores ipsum aperiam nesciunt id eum alias similique, consequuntur eos corporis repellat nulla! Eius optio quisquam reiciendis omnis!</p>', 'user', 'user', '2022-07-25 00:38:56', '2022-07-25 01:35:56'),
(3, 1, '<p> Thnk you for contaction support </p>\r\n\r\n<p>Lorem, ipsum dolor sit amet consectetur adipisicing elit. Placeat optio repellendus illum labore quidem minus eligendi odio et asperiores consectetur accusantium necessitatibus maiores ipsum aperiam nesciunt id eum alias similique, consequuntur eos corporis repellat nulla! Eius optio quisquam reiciendis omnis!</p>', 'admin', 'admin', '2022-07-25 00:40:56', '2022-07-25 01:35:56'),
(4, 1, '<p>Lorem, ipsum dolor sit amet consectetur adipisicing elit. Placeat optio repellendus illum labore quidem minus eligendi odio et asperiores consectetur accusantium necessitatibus maiores ipsum aperiam nesciunt id eum alias similique, consequuntur eos corporis repellat nulla! Eius optio quisquam reiciendis omnis!</p>', 'user', 'user', '2022-07-25 00:43:56', '2022-07-25 01:35:56'),
(5, 1, '<p> Thnk you for contaction support </p>\r\n\r\n<p>Lorem, ipsum dolor sit amet consectetur adipisicing elit. Placeat optio repellendus illum labore quidem minus eligendi odio et asperiores consectetur accusantium necessitatibus maiores ipsum aperiam nesciunt id eum alias similique, consequuntur eos corporis repellat nulla! Eius optio quisquam reiciendis omnis!</p>', 'admin', 'admin', '2022-07-25 00:45:56', '2022-07-25 01:35:56'),
(6, 1, '<p>Lorem, ipsum dolor sit amet consectetur adipisicing elit. Placeat optio repellendus illum labore quidem minus eligendi odio et asperiores consectetur accusantium necessitatibus maiores ipsum aperiam nesciunt id eum alias similique, consequuntur eos corporis repellat nulla! Eius optio quisquam reiciendis omnis!</p>', 'user', 'user', '2022-07-25 00:48:56', '2022-07-25 01:35:56'),
(7, 2, '<p> Thnk you for contaction support </p>\r\n\r\n<p>Lorem, ipsum dolor sit amet consectetur adipisicing elit. Placeat optio repellendus illum labore quidem minus eligendi odio et asperiores consectetur accusantium necessitatibus maiores ipsum aperiam nesciunt id eum alias similique, consequuntur eos corporis repellat nulla! Eius optio quisquam reiciendis omnis!</p>', 'admin', 'admin', '2022-07-25 00:50:56', '2022-07-25 01:35:56'),
(8, 2, '<p>Lorem, ipsum dolor sit amet consectetur adipisicing elit. Placeat optio repellendus illum labore quidem minus eligendi odio et asperiores consectetur accusantium necessitatibus maiores ipsum aperiam nesciunt id eum alias similique, consequuntur eos corporis repellat nulla! Eius optio quisquam reiciendis omnis!</p>', 'user', 'user', '2022-07-25 00:55:56', '2022-07-25 01:35:56'),
(9, 1, 'Are you able to resolve my ticket', 'Chastity', 'user', '2022-07-25 08:51:59', '2022-07-25 08:51:59'),
(10, 1, 'sit amet consectetur adipisicing elit. Placeat optio repellendus illum labore quidem minus eligendi odio et asperiores consectetur accusantium necessitatibus maiores ipsum aperiam nesciunt id eum alias similique, consequuntur eos corporis repellat nulla!', 'John', 'admin', '2022-07-25 13:31:19', '2022-07-25 13:31:19'),
(11, 1, 'sit amet consectetur adipisicing elit. Placeat optio repellendus illum labore quidem minus eligendi odio et asperiores consectetur accusantium necessitatibus maiores ipsum aperiam nesciunt id eum alias similique, consequuntur eos corporis repellat nulla!', 'John', 'admin', '2022-07-25 13:33:07', '2022-07-25 13:33:07'),
(12, 4, 'Hello', 'Okwor', 'user', '2022-08-30 14:32:57', '2022-08-30 14:32:57'),
(13, 4, 'Thank you for contacting support, have you checked the available plans?', 'Okwor', 'admin', '2022-08-30 14:35:05', '2022-08-30 14:35:05'),
(14, 4, 'I have checked but its not available', 'Okwor', 'user', '2022-08-30 14:36:40', '2022-08-30 14:36:40'),
(15, 4, 'Some reply new reply', 'Okwor', 'user', '2022-09-12 16:12:12', '2022-09-12 16:12:12'),
(16, 4, 'hello', 'Okwor', 'user', '2022-09-12 16:25:39', '2022-09-12 16:25:39'),
(17, 4, 'helo admin', 'Okwor', 'user', '2022-09-12 16:35:17', '2022-09-12 16:35:17'),
(18, 4, 'hello', 'Okwor', 'user', '2022-09-12 16:36:31', '2022-09-12 16:36:31'),
(19, 4, 'IM tryiong', 'Okwor', 'user', '2022-09-12 16:40:09', '2022-09-12 16:40:09'),
(20, 4, 'testing', 'Okwor', 'user', '2022-09-12 16:41:54', '2022-09-12 16:41:54'),
(21, 4, 'trying again', 'Okwor', 'user', '2022-09-12 16:45:46', '2022-09-12 16:45:46'),
(22, 4, 'hello', 'Okwor', 'user', '2022-09-12 16:47:05', '2022-09-12 16:47:05'),
(23, 4, 'hello', 'Okwor', 'user', '2022-09-12 16:47:24', '2022-09-12 16:47:24'),
(24, 4, 'hello', 'Okwor', 'user', '2022-09-12 16:47:49', '2022-09-12 16:47:49'),
(25, 4, 'how can i update this', 'Okwor', 'user', '2022-09-12 16:50:13', '2022-09-12 16:50:13'),
(26, 4, 'cow', 'Okwor', 'user', '2022-09-12 16:59:37', '2022-09-12 16:59:37'),
(27, 4, 'cow', 'Okwor', 'user', '2022-09-12 17:00:00', '2022-09-12 17:00:00'),
(28, 4, 'hi', 'Okwor', 'user', '2022-09-12 17:04:43', '2022-09-12 17:04:43'),
(29, 4, 'hklj gkhjlkl hjhjl vhjgkhj. bgkjjh vnhkjkh bvhkh bnbjhn bnhjh nhkjmngn bmm,hjnbmn  bmbm', 'Okwor', 'user', '2022-09-12 18:01:30', '2022-09-12 18:01:30'),
(30, 4, 'hklj gkhjlkl hjhjl vhjgkhj. bgkjjh vnhkjkh bvhkh bnbjhn bnhjh nhkjmngn bmm,hjnbmn bmbm', 'Okwor', 'user', '2022-09-12 23:07:32', '2022-09-12 23:07:32'),
(31, 4, 'hklj gkhjlkl hjhjl vhjgkhj. bgkjjh vnhkjkh bvhkh bnbjhn bnhjh nhkjmngn bmm,hjnbmn bmbm', 'Okwor', 'user', '2022-09-12 23:08:11', '2022-09-12 23:08:11'),
(32, 5, 'Can I get a chicken sand winch with caremel display.', 'Okwor', 'user', '2022-09-12 23:26:08', '2022-09-12 23:26:08'),
(33, 5, 'Can I get a chicken sand winch with caremel display.', 'Okwor', 'user', '2022-09-12 23:26:29', '2022-09-12 23:26:29'),
(34, 5, 'Can I get a chicken sand winch with caremel display.', 'Okwor', 'user', '2022-09-12 23:26:40', '2022-09-12 23:26:40'),
(35, 5, 'Can I get a chicken sand winch with caremel display.', 'Okwor', 'user', '2022-09-12 23:26:55', '2022-09-12 23:26:55'),
(36, 5, 'Can I get a chicken sand winch with caremel display.', 'Okwor', 'user', '2022-09-12 23:27:20', '2022-09-12 23:27:20'),
(37, 5, 'Can I get a chicken sand winch with caremel display.', 'Okwor', 'user', '2022-09-12 23:27:39', '2022-09-12 23:27:39'),
(38, 5, 'Can I get a chicken sand winch with caremel display.', 'Okwor', 'user', '2022-09-12 23:27:51', '2022-09-12 23:27:51'),
(39, 5, 'Can I get a chicken sand winch with caremel display.', 'Okwor', 'user', '2022-09-12 23:28:01', '2022-09-12 23:28:01'),
(40, 5, 'Can I get a chicken sand winch with caremel display.', 'Okwor', 'user', '2022-09-12 23:28:15', '2022-09-12 23:28:15'),
(41, 5, 'Can I get a chicken sand winch with caremel display.', 'Okwor', 'user', '2022-09-12 23:28:29', '2022-09-12 23:28:29'),
(42, 5, 'Can I get a chicken sand winch with caremel display.', 'Okwor', 'user', '2022-09-12 23:29:26', '2022-09-12 23:29:26'),
(43, 5, 'Can I get a chicken sand winch with caremel display.', 'Okwor', 'user', '2022-09-12 23:29:41', '2022-09-12 23:29:41'),
(44, 5, 'Can I get a chicken sand winch with caremel display', 'Okwor', 'user', '2022-09-12 23:32:03', '2022-09-12 23:32:03'),
(45, 5, 'thanks', 'Okwor', 'admin', '2022-11-07 19:51:32', '2022-11-07 19:51:32');

-- --------------------------------------------------------

--
-- Table structure for table `teams`
--

CREATE TABLE `teams` (
  `id` bigint UNSIGNED NOT NULL,
  `name` varchar(255) CHARACTER SET utf8mb4 COLLATE utf8mb4_unicode_ci NOT NULL,
  `role` varchar(255) CHARACTER SET utf8mb4 COLLATE utf8mb4_unicode_ci NOT NULL,
  `photo` varchar(255) CHARACTER SET utf8mb4 COLLATE utf8mb4_unicode_ci NOT NULL,
  `created_at` timestamp NULL DEFAULT NULL,
  `updated_at` timestamp NULL DEFAULT NULL
) ENGINE=InnoDB DEFAULT CHARSET=utf8mb4 COLLATE=utf8mb4_unicode_ci;

--
-- Dumping data for table `teams`
--

INSERT INTO `teams` (`id`, `name`, `role`, `photo`, `created_at`, `updated_at`) VALUES
(1, 'John Doe', 'President', 'user.png', '2022-09-03 19:11:08', NULL),
(2, 'Peter Grifin', 'CEO', 'user.png', '2022-09-03 19:11:08', '2022-09-03 19:11:08'),
(3, 'Taylor Ziff', 'COO', 'user.png', '2022-09-03 19:11:08', '2022-09-03 19:11:08'),
(5, 'James Tomoson', 'Head of Operations', '7EYe9BOSImmbmyanXuD5RsS8ibm136Z3DdzfjVhz.jpg', '2022-09-09 13:58:56', '2022-09-09 13:58:56');

-- --------------------------------------------------------

--
-- Table structure for table `testimonials`
--

CREATE TABLE `testimonials` (
  `id` bigint UNSIGNED NOT NULL,
  `name` varchar(255) CHARACTER SET utf8mb4 COLLATE utf8mb4_unicode_ci NOT NULL,
  `comment` longtext CHARACTER SET utf8mb4 COLLATE utf8mb4_unicode_ci NOT NULL,
  `star_rating` varchar(255) CHARACTER SET utf8mb4 COLLATE utf8mb4_unicode_ci NOT NULL,
  `photo` varchar(255) CHARACTER SET utf8mb4 COLLATE utf8mb4_unicode_ci NOT NULL DEFAULT 'user.png',
  `created_at` timestamp NULL DEFAULT NULL,
  `updated_at` timestamp NULL DEFAULT NULL
) ENGINE=InnoDB DEFAULT CHARSET=utf8mb4 COLLATE=utf8mb4_unicode_ci;

--
-- Dumping data for table `testimonials`
--

INSERT INTO `testimonials` (`id`, `name`, `comment`, `star_rating`, `photo`, `created_at`, `updated_at`) VALUES
(1, 'Cardone Ruff', 'This is best investment website ever, got instant payout as soon as requested', '5.0', 'user.png', '2022-06-26 17:54:19', '2022-06-26 17:54:19'),
(2, 'Jasmine Blake', 'Totally worth the risk. I doubted at first. So glad i took the risk.', '4.5', 'user.png', '2022-06-26 17:54:19', '2022-06-26 17:54:19'),
(3, 'Peter Pakkrin', 'I\'m so glad my friend referred me to this platform. I am so excited', '3.5', 'user.png', '2022-06-26 17:54:19', '2022-06-26 17:54:19'),
(5, 'Joshua', 'I totally recommend them, fastest payout', '4.9', 'pqMEnO0H4svAspYfXK2HjUIaj3zNZIOuzqvcHPhn.png', '2022-09-09 20:17:30', '2022-09-09 20:17:30');

-- --------------------------------------------------------

--
-- Table structure for table `trading_bots`
--

CREATE TABLE `trading_bots` (
  `id` bigint UNSIGNED NOT NULL,
  `name` varchar(255) CHARACTER SET utf8mb4 COLLATE utf8mb4_unicode_ci NOT NULL,
  `price` varchar(255) CHARACTER SET utf8mb4 COLLATE utf8mb4_unicode_ci NOT NULL,
  `lose_count` varchar(255) CHARACTER SET utf8mb4 COLLATE utf8mb4_unicode_ci NOT NULL,
  `return_min` varchar(255) CHARACTER SET utf8mb4 COLLATE utf8mb4_unicode_ci NOT NULL,
  `return_max` varchar(255) CHARACTER SET utf8mb4 COLLATE utf8mb4_unicode_ci NOT NULL,
  `icon` varchar(255) CHARACTER SET utf8mb4 COLLATE utf8mb4_unicode_ci NOT NULL,
  `status` varchar(255) CHARACTER SET utf8mb4 COLLATE utf8mb4_unicode_ci NOT NULL DEFAULT 'enabled',
  `created_at` timestamp NULL DEFAULT NULL,
  `updated_at` timestamp NULL DEFAULT NULL
) ENGINE=InnoDB DEFAULT CHARSET=utf8mb4 COLLATE=utf8mb4_unicode_ci;

--
-- Dumping data for table `trading_bots`
--

INSERT INTO `trading_bots` (`id`, `name`, `price`, `lose_count`, `return_min`, `return_max`, `icon`, `status`, `created_at`, `updated_at`) VALUES
(1, 'Molt Bolt', '300', '15', '20', '50', 'auV6F5IchhRMQC0BYCGfyUteAqaWLEeldRAg2u0n.png', 'enabled', '2022-10-22 14:06:28', '2022-10-22 14:06:28'),
(2, 'Morpheus', '250', '5', '3', '5', 'gYLwrYllATFsD5MVys7LFiljZDQm0oqPm32H6ZjT.png', 'enabled', '2022-10-22 14:22:21', '2022-10-22 14:22:21');

-- --------------------------------------------------------

--
-- Table structure for table `trading_bot_activations`
--

CREATE TABLE `trading_bot_activations` (
  `id` bigint UNSIGNED NOT NULL,
  `bot_id` bigint UNSIGNED NOT NULL,
  `user_id` varchar(255) CHARACTER SET utf8mb4 COLLATE utf8mb4_unicode_ci NOT NULL,
  `user_activated` varchar(255) CHARACTER SET utf8mb4 COLLATE utf8mb4_unicode_ci NOT NULL DEFAULT 'no',
  `key` varchar(255) CHARACTER SET utf8mb4 COLLATE utf8mb4_unicode_ci NOT NULL,
  `status` varchar(255) CHARACTER SET utf8mb4 COLLATE utf8mb4_unicode_ci NOT NULL DEFAULT 'enabled',
  `created_at` timestamp NULL DEFAULT NULL,
  `updated_at` timestamp NULL DEFAULT NULL
) ENGINE=InnoDB DEFAULT CHARSET=utf8mb4 COLLATE=utf8mb4_unicode_ci;

-- --------------------------------------------------------

--
-- Table structure for table `trading_bot_trades`
--

CREATE TABLE `trading_bot_trades` (
  `id` bigint UNSIGNED NOT NULL,
  `bot_id` bigint UNSIGNED NOT NULL,
  `user_id` varchar(255) CHARACTER SET utf8mb4 COLLATE utf8mb4_unicode_ci NOT NULL,
  `pair` varchar(255) CHARACTER SET utf8mb4 COLLATE utf8mb4_unicode_ci NOT NULL,
  `status` varchar(255) CHARACTER SET utf8mb4 COLLATE utf8mb4_unicode_ci NOT NULL,
  `next_trade_time` varchar(255) CHARACTER SET utf8mb4 COLLATE utf8mb4_unicode_ci NOT NULL DEFAULT '1667342667',
  `wins` varchar(255) CHARACTER SET utf8mb4 COLLATE utf8mb4_unicode_ci NOT NULL DEFAULT '0',
  `loses` varchar(255) CHARACTER SET utf8mb4 COLLATE utf8mb4_unicode_ci NOT NULL DEFAULT '0',
  `created_at` timestamp NULL DEFAULT NULL,
  `updated_at` timestamp NULL DEFAULT NULL
) ENGINE=InnoDB DEFAULT CHARSET=utf8mb4 COLLATE=utf8mb4_unicode_ci;

--
-- Dumping data for table `trading_bot_trades`
--

INSERT INTO `trading_bot_trades` (`id`, `bot_id`, `user_id`, `pair`, `status`, `next_trade_time`, `wins`, `loses`, `created_at`, `updated_at`) VALUES
(3, 1, '2', 'BTC_USDT', 'stopped', '1667353864', '0', '0', '2022-10-29 12:48:58', '2022-11-05 17:55:48');

-- --------------------------------------------------------

--
-- Table structure for table `trading_currencies`
--

CREATE TABLE `trading_currencies` (
  `id` bigint UNSIGNED NOT NULL,
  `symbol` varchar(255) CHARACTER SET utf8mb4 COLLATE utf8mb4_unicode_ci DEFAULT NULL,
  `name` varchar(255) CHARACTER SET utf8mb4 COLLATE utf8mb4_unicode_ci DEFAULT NULL,
  `created_at` timestamp NULL DEFAULT NULL,
  `updated_at` timestamp NULL DEFAULT NULL
) ENGINE=InnoDB DEFAULT CHARSET=utf8mb4 COLLATE=utf8mb4_unicode_ci;

--
-- Dumping data for table `trading_currencies`
--

INSERT INTO `trading_currencies` (`id`, `symbol`, `name`, `created_at`, `updated_at`) VALUES
(1, 'CSP', 'Caspian', '2022-04-09 13:12:54', '2022-09-23 13:41:39'),
(2, 'LOKI', 'Oxen', '2022-04-09 13:12:54', '2022-09-23 13:41:39'),
(3, 'NRG', 'Energi', '2022-04-09 13:12:54', '2022-09-23 13:41:39'),
(4, 'FET', 'Fetch.Ai', '2022-04-09 13:12:54', '2022-09-23 13:41:39'),
(5, 'XMR', 'Monero', '2022-04-09 13:12:54', '2022-09-23 13:41:39'),
(6, 'RBTC', 'RSK Smart Bitcoin', '2022-04-09 13:12:54', '2022-09-23 13:41:39'),
(7, 'RIF', 'RIF Token', '2022-04-09 13:12:54', '2022-09-23 13:41:39'),
(8, 'ANKR', 'Ankr Network', '2022-04-09 13:12:54', '2022-09-23 13:41:39'),
(9, 'MTV', 'MultiVAC', '2022-04-09 13:12:54', '2022-09-23 13:41:39'),
(10, 'TRTL', 'TurtleCoin', '2022-04-09 13:12:54', '2022-04-09 13:12:54'),
(11, 'CRO', 'Crypto.com Coin', '2022-04-09 13:12:54', '2022-09-23 13:41:39'),
(12, 'OPT', 'Optimus', '2022-04-09 13:12:54', '2022-09-23 13:41:39'),
(13, 'KMD', 'Komodo', '2022-04-09 13:12:54', '2022-09-23 13:41:39'),
(14, 'RFOX', 'RedFox', '2022-04-09 13:12:54', '2022-09-23 13:41:39'),
(15, 'TT', 'ThunderCore', '2022-04-09 13:12:54', '2022-09-23 13:41:39'),
(16, 'ATOM', 'Cosmos', '2022-04-09 13:12:54', '2022-09-23 13:41:39'),
(17, 'CHR', 'Chromia', '2022-04-09 13:12:54', '2022-09-23 13:41:39'),
(18, 'NIM', 'Nimiq', '2022-04-09 13:12:54', '2022-09-23 13:41:39'),
(19, 'OCEAN', 'Ocean Protocol', '2022-04-09 13:12:54', '2022-09-23 13:41:39'),
(20, 'COTI', 'Coti', '2022-04-09 13:12:54', '2022-09-23 13:41:39'),
(21, 'FX', 'Function X', '2022-04-09 13:12:54', '2022-09-23 13:41:39'),
(22, 'PIVX', 'Pivx', '2022-04-09 13:12:54', '2022-09-23 13:41:39'),
(23, 'XTZ', 'Tezos', '2022-04-09 13:12:54', '2022-09-23 13:41:39'),
(24, 'BNB', 'Binance Chain Native Token', '2022-04-09 13:12:54', '2022-09-23 13:41:39'),
(25, 'JAR', 'Jarvis  Coins', '2022-04-09 13:12:54', '2022-09-23 13:41:39'),
(26, 'ALGO', 'Algorand', '2022-04-09 13:12:54', '2022-09-23 13:41:39'),
(27, 'ADA', 'Cardano', '2022-04-09 13:12:54', '2022-09-23 13:41:39'),
(28, 'XEM', 'NEM', '2022-04-09 13:12:54', '2022-09-23 13:41:39'),
(29, 'CIX100', 'Cryptoindex 100', '2022-04-09 13:12:54', '2022-09-23 13:41:39'),
(30, 'ZEC', 'ZEC', '2022-04-09 13:12:54', '2022-09-23 13:41:39'),
(31, 'WXT', 'Wirex Token', '2022-04-09 13:12:54', '2022-09-23 13:41:39'),
(32, 'FORESTPLUS', 'The Forbidden Forest', '2022-04-09 13:12:54', '2022-09-23 13:41:39'),
(33, 'BOLT', 'BOLT Token', '2022-04-09 13:12:54', '2022-09-23 13:41:39'),
(34, 'ARPA', 'ARPA Token', '2022-04-09 13:12:54', '2022-09-23 13:41:39'),
(35, 'SERO', 'Sero', '2022-04-09 13:12:54', '2022-04-09 13:12:54'),
(36, 'CHZ', 'Chiliz', '2022-04-09 13:12:54', '2022-09-23 13:41:39'),
(37, 'NOIA', 'Syntropy', '2022-04-09 13:12:54', '2022-09-23 13:41:39'),
(38, 'DAPPT', 'Dapp.com', '2022-04-09 13:12:54', '2022-09-23 13:41:39'),
(39, 'EOSC', 'EOSForce', '2022-04-09 13:12:54', '2022-09-23 13:41:39'),
(40, 'DERO', 'Dero', '2022-04-09 13:12:54', '2022-09-23 13:41:39'),
(41, 'WIN', 'WINk', '2022-04-09 13:12:54', '2022-09-23 13:41:39'),
(42, 'FKX', 'FortKnoxster', '2022-04-09 13:12:54', '2022-09-23 13:41:39'),
(43, 'ENQ', 'Enecuum', '2022-04-09 13:12:54', '2022-09-23 13:41:39'),
(44, 'THETA', 'THETA', '2022-04-09 13:12:54', '2022-09-23 13:41:39'),
(45, 'ONE', 'Harmony', '2022-04-09 13:12:54', '2022-09-23 13:41:39'),
(46, 'TOKO', 'Tokoin', '2022-04-09 13:12:54', '2022-09-23 13:41:39'),
(47, 'TFUEL', 'Theta Fuel', '2022-04-09 13:12:54', '2022-09-23 13:41:39'),
(48, 'LOL', 'EMOGI', '2022-04-09 13:12:54', '2022-09-23 13:41:39'),
(49, 'LUNA', 'Terra', '2022-04-09 13:12:54', '2022-09-23 13:41:39'),
(50, 'VID', 'VideoCoin', '2022-04-09 13:12:54', '2022-09-23 13:41:39'),
(51, 'MXW', 'Maxonrow', '2022-04-09 13:12:54', '2022-09-23 13:41:39'),
(52, 'SXP', 'Swipe', '2022-04-09 13:12:54', '2022-09-23 13:41:39'),
(53, 'VIDT', 'VIDT Datalink ', '2022-04-09 13:12:54', '2022-09-23 13:41:39'),
(54, 'AKRO', 'Akropolis', '2022-04-09 13:12:54', '2022-09-23 13:41:39'),
(55, 'ROOBEE', 'ROOBEE', '2022-04-09 13:12:54', '2022-09-23 13:41:39'),
(56, 'AMPL', 'Ampleforth', '2022-04-09 13:12:54', '2022-09-23 13:41:39'),
(57, 'MAP', 'MAP Protocol', '2022-04-09 13:12:54', '2022-09-23 13:41:39'),
(58, 'COS', 'Contentos', '2022-04-09 13:12:54', '2022-09-23 13:41:39'),
(59, 'POL', 'Proof Of Liquidity', '2022-04-09 13:12:54', '2022-09-23 13:41:39'),
(60, 'ARX', 'ARCS', '2022-04-09 13:12:54', '2022-09-23 13:41:39'),
(61, 'NWC', 'Newscrypto', '2022-04-09 13:12:54', '2022-09-23 13:41:39'),
(62, 'BEPRO', 'BEPRO Network', '2022-04-09 13:12:54', '2022-09-23 13:41:39'),
(63, 'VRA', 'Verasity', '2022-04-09 13:12:54', '2022-09-23 13:41:39'),
(64, 'KSM', 'Kusama', '2022-04-09 13:12:54', '2022-09-23 13:41:39'),
(65, 'ROAD', 'ROAD', '2022-04-09 13:12:55', '2022-04-09 13:12:55'),
(66, 'SUTER', 'Suterusu', '2022-04-09 13:12:55', '2022-09-23 13:41:39'),
(67, 'ACOIN', 'Alchemy', '2022-04-09 13:12:55', '2022-09-23 13:41:39'),
(68, 'VI', 'Vid', '2022-04-09 13:12:55', '2022-09-23 13:41:39'),
(69, 'AXE', 'Axe', '2022-04-09 13:12:55', '2022-09-23 13:41:39'),
(70, 'STEEM', 'Steem', '2022-04-09 13:12:55', '2022-09-23 13:41:39'),
(71, 'SENSO', 'Sensorium', '2022-04-09 13:12:55', '2022-09-23 13:41:39'),
(72, 'PRE', 'Presearch', '2022-04-09 13:12:55', '2022-09-23 13:41:39'),
(73, 'XDB', 'DigitalBits', '2022-04-09 13:12:55', '2022-09-23 13:41:39'),
(74, 'SYLO', 'Sylo', '2022-04-09 13:12:55', '2022-09-23 13:41:39'),
(75, 'WOM', 'WOM Protocol', '2022-04-09 13:12:55', '2022-09-23 13:41:39'),
(76, 'LYXE', 'LUKSO', '2022-04-09 13:12:55', '2022-09-23 13:41:39'),
(77, 'CADH', 'CADH', '2022-04-09 13:12:55', '2022-09-23 13:41:39'),
(78, 'JST', 'JUST', '2022-04-09 13:12:55', '2022-09-23 13:41:39'),
(79, 'STX', 'Stacks', '2022-04-09 13:12:55', '2022-09-23 13:41:39'),
(80, 'USDN', 'Neutrino USDN', '2022-04-09 13:12:55', '2022-09-23 13:41:39'),
(81, 'XSR', 'Xensor', '2022-04-09 13:12:55', '2022-09-23 13:41:39'),
(82, 'COMP', 'Compound', '2022-04-09 13:12:55', '2022-09-23 13:41:39'),
(83, 'DGTX', 'DigitexFutures', '2022-04-09 13:12:55', '2022-09-23 13:41:39'),
(84, 'KAI', 'KardiaChain Token', '2022-04-09 13:12:55', '2022-09-23 13:41:39'),
(85, 'DOT', 'Polkadot', '2022-04-09 13:12:55', '2022-09-23 13:41:39'),
(86, 'EWT', 'Energy Web Token', '2022-04-09 13:12:55', '2022-09-23 13:41:39'),
(87, 'WEST', 'Waves Enterprise', '2022-04-09 13:12:55', '2022-09-23 13:41:39'),
(88, 'NVT', 'Nerve', '2022-04-09 13:12:55', '2022-09-23 13:41:39'),
(89, 'BNS', 'Bitbns', '2022-04-09 13:12:55', '2022-09-23 13:41:39'),
(90, 'ORN', 'Orion Protocol', '2022-04-09 13:12:55', '2022-09-23 13:41:39'),
(91, 'PNK', 'Kleros', '2022-04-09 13:12:55', '2022-09-23 13:41:39'),
(92, 'WAVES', 'Waves', '2022-04-09 13:12:55', '2022-09-23 13:41:39'),
(93, 'SUKU', 'suku', '2022-04-09 13:12:55', '2022-09-23 13:41:39'),
(94, 'MLK', 'MiL.k ', '2022-04-09 13:12:55', '2022-09-23 13:41:39'),
(95, 'DIA', 'DIA', '2022-04-09 13:12:55', '2022-09-23 13:41:39'),
(96, 'SHA', 'Safe Haven', '2022-04-09 13:12:55', '2022-09-23 13:41:39'),
(97, 'LINK', 'ChainLink', '2022-04-09 13:12:55', '2022-09-23 13:41:39'),
(98, 'DMG', 'DMM Governance', '2022-04-09 13:12:55', '2022-04-09 13:12:55'),
(99, 'USDJ', 'USDJ', '2022-04-09 13:12:55', '2022-09-23 13:41:39'),
(100, 'ALEPH', 'aleph.im', '2022-04-09 13:12:55', '2022-09-23 13:41:39'),
(101, 'EFX', 'Effect.AI', '2022-04-09 13:12:55', '2022-09-23 13:41:39'),
(102, 'CKB', 'Nervos Network', '2022-04-09 13:12:55', '2022-09-23 13:41:39'),
(103, 'UMA', 'UMA', '2022-04-09 13:12:55', '2022-09-23 13:41:39'),
(104, 'VELO', 'VELO', '2022-04-09 13:12:55', '2022-09-23 13:41:39'),
(105, 'SUN', 'SunToken', '2022-04-09 13:12:55', '2022-09-23 13:41:39'),
(106, 'BUY', 'Burency', '2022-04-09 13:12:55', '2022-09-23 13:41:39'),
(107, 'YFI', 'yearn.finance', '2022-04-09 13:12:55', '2022-09-23 13:41:39'),
(108, 'UNI', 'Uniswap', '2022-04-09 13:12:55', '2022-09-23 13:41:40'),
(109, 'SNTVT', 'Sentivate', '2022-04-09 13:12:55', '2022-09-23 13:41:40'),
(110, 'UOS', 'Ultra', '2022-04-09 13:12:55', '2022-09-23 13:41:40'),
(111, 'SATT', 'Smart Advertising Transaction Token', '2022-04-09 13:12:55', '2022-09-23 13:41:40'),
(112, 'KTS', 'Kratos', '2022-04-09 13:12:55', '2022-09-23 13:41:40'),
(113, 'DEGO', 'Dego Finance', '2022-04-09 13:12:55', '2022-09-23 13:41:40'),
(114, 'UDOO', 'Hyprr', '2022-04-09 13:12:55', '2022-09-23 13:41:40'),
(115, 'RFUEL', 'Rio Fuel Token', '2022-04-09 13:12:55', '2022-09-23 13:41:40'),
(116, 'UBX', 'UBX', '2022-04-09 13:12:55', '2022-09-23 13:41:40'),
(117, 'FIL', 'Filecoin', '2022-04-09 13:12:55', '2022-09-23 13:41:40'),
(118, 'COMB', 'COMBO', '2022-04-09 13:12:55', '2022-09-23 13:41:40'),
(119, 'REAP', 'ReapChain', '2022-04-09 13:12:55', '2022-09-23 13:41:40'),
(120, 'AAVE', 'Aave', '2022-04-09 13:12:55', '2022-09-23 13:41:40'),
(121, 'TONE', 'TE-FOOD', '2022-04-09 13:12:55', '2022-09-23 13:41:40'),
(122, 'OPCT', 'Opacity', '2022-04-09 13:12:55', '2022-09-23 13:41:40'),
(123, 'UQC', 'Uquid Coin', '2022-04-09 13:12:55', '2022-09-23 13:41:40'),
(124, 'WIS', 'Experty Wisdom Token', '2022-04-09 13:12:55', '2022-04-09 13:12:55'),
(125, 'SHR', 'ShareRing', '2022-04-09 13:12:55', '2022-09-23 13:41:40'),
(126, 'UBXT', 'UpBots', '2022-04-09 13:12:55', '2022-09-23 13:41:40'),
(127, 'ROSE', 'Oasis Network', '2022-04-09 13:12:55', '2022-09-23 13:41:40'),
(128, 'UST', 'TerraUSD', '2022-04-09 13:12:55', '2022-09-23 13:41:45'),
(129, 'CTI', 'ClinTex', '2022-04-09 13:12:55', '2022-09-23 13:41:40'),
(130, 'ETH2', 'Ethereum2.0', '2022-04-09 13:12:55', '2022-09-23 13:41:40'),
(131, 'BUX', 'BUX Token', '2022-04-09 13:12:55', '2022-09-23 13:41:40'),
(132, 'XHV', 'Haven Protocol', '2022-04-09 13:12:55', '2022-09-23 13:41:40'),
(133, 'PLU', 'Pluton', '2022-04-09 13:12:55', '2022-09-23 13:41:40'),
(134, 'CAS', 'Cashaa', '2022-04-09 13:12:55', '2022-09-23 13:41:40'),
(135, 'GRT', 'The Graph', '2022-04-09 13:12:55', '2022-09-23 13:41:40'),
(136, 'MSWAP', 'MoneySwap', '2022-04-09 13:12:55', '2022-09-23 13:41:40'),
(137, 'GOM2', 'GoMoney2', '2022-04-09 13:12:55', '2022-09-23 13:41:40'),
(138, 'REVV', 'REVV', '2022-04-09 13:12:55', '2022-09-23 13:41:40'),
(139, 'LON', 'Tokenlon', '2022-04-09 13:12:55', '2022-09-23 13:41:40'),
(140, 'API3', 'API3', '2022-04-09 13:12:55', '2022-09-23 13:41:40'),
(141, 'SUSHI', 'SushiSwap', '2022-04-09 13:12:55', '2022-09-23 13:41:40'),
(142, 'UNFI', 'Unifi Protocol DAO', '2022-04-09 13:12:55', '2022-09-23 13:41:40'),
(143, 'ALPA', 'Alpaca City', '2022-04-09 13:12:55', '2022-09-23 13:41:40'),
(144, '1INCH', '1INCH Token', '2022-04-09 13:12:55', '2022-09-23 13:41:40'),
(145, 'HTR', 'Hathor', '2022-04-09 13:12:55', '2022-09-23 13:41:40'),
(146, 'FRONT', 'Frontier', '2022-04-09 13:12:55', '2022-09-23 13:41:40'),
(147, 'WBTC', 'Wrapped Bitcoin', '2022-04-09 13:12:55', '2022-09-23 13:41:40'),
(148, 'HYDRA', 'hydra', '2022-04-09 13:12:55', '2022-09-23 13:41:40'),
(149, 'MIR', 'Mirror Protocol', '2022-04-09 13:12:55', '2022-09-23 13:41:40'),
(150, 'DFI', 'DeFiChain', '2022-04-09 13:12:55', '2022-09-23 13:41:40'),
(151, 'FRM', 'Ferrum Network Token', '2022-04-09 13:12:55', '2022-09-23 13:41:40'),
(152, 'CRV', 'Curve', '2022-04-09 13:12:55', '2022-09-23 13:41:40'),
(153, 'BTC3L', 'BTC 3x Long', '2022-04-09 13:12:55', '2022-09-23 13:41:40'),
(154, 'BTC3S', 'BTC 3x Short', '2022-04-09 13:12:55', '2022-09-23 13:41:40'),
(155, 'ETH3L', 'ETH 3x Long', '2022-04-09 13:12:55', '2022-09-23 13:41:40'),
(156, 'ETH3S', 'ETH 3x Short', '2022-04-09 13:12:55', '2022-09-23 13:41:40'),
(157, 'GZIL', 'Governance ZIL', '2022-04-09 13:12:55', '2022-09-23 13:41:40'),
(158, 'PROPS', 'Props Token', '2022-04-09 13:12:55', '2022-04-09 13:12:55'),
(159, 'ZEN', 'Horizen', '2022-04-09 13:12:55', '2022-09-23 13:41:40'),
(160, 'CUDOS', 'Cudos', '2022-04-09 13:12:55', '2022-09-23 13:41:40'),
(161, 'MAP2', 'LoungeM', '2022-04-09 13:12:55', '2022-09-23 13:41:40'),
(162, 'REN', 'Ren', '2022-04-09 13:12:55', '2022-09-23 13:41:40'),
(163, 'LRC', 'LoopringCoin V2', '2022-04-09 13:12:55', '2022-09-23 13:41:40'),
(164, 'KLV', 'Klever', '2022-04-09 13:12:55', '2022-09-23 13:41:40'),
(165, 'BOA', 'BOSAGORA', '2022-04-09 13:12:55', '2022-09-23 13:41:40'),
(166, 'QNT', 'Quant', '2022-04-09 13:12:55', '2022-09-23 13:41:40'),
(167, 'BAT', 'BAT', '2022-04-09 13:12:55', '2022-09-23 13:41:40'),
(168, 'DAO', 'DAO Maker', '2022-04-09 13:12:55', '2022-09-23 13:41:40'),
(169, 'DOGE', 'Dogecoin', '2022-04-09 13:12:55', '2022-09-23 13:41:40'),
(170, 'STRONG', 'Strong', '2022-04-09 13:12:55', '2022-09-23 13:41:40'),
(171, 'TRIAS', 'Trias', '2022-04-09 13:12:55', '2022-09-23 13:41:40'),
(172, 'MITX', 'Morpheus Labs', '2022-04-09 13:12:55', '2022-09-23 13:41:40'),
(173, 'CAKE', 'PancakeSwap Token', '2022-04-09 13:12:55', '2022-09-23 13:41:40'),
(174, 'ORAI', 'Oraichain Token', '2022-04-09 13:12:55', '2022-09-23 13:41:40'),
(175, 'LTX', 'Lattice Token', '2022-04-09 13:12:55', '2022-09-23 13:41:40'),
(176, 'ZEE', 'ZeroSwapToken', '2022-04-09 13:12:55', '2022-09-23 13:41:40'),
(177, 'MASK', 'Mask Network', '2022-04-09 13:12:55', '2022-09-23 13:41:40'),
(178, 'IDEA', 'Ideaology', '2022-04-09 13:12:55', '2022-09-23 13:41:40'),
(179, 'PHA', 'Phala', '2022-04-09 13:12:55', '2022-09-23 13:41:40'),
(180, 'SRK', 'SparkPoint', '2022-04-09 13:12:55', '2022-09-23 13:41:40'),
(181, 'SWINGBY', 'Swingby', '2022-04-09 13:12:55', '2022-09-23 13:41:40'),
(182, 'AVAX', 'Avalanche', '2022-04-09 13:12:55', '2022-09-23 13:41:40'),
(183, 'DON', 'donnie_finance', '2022-04-09 13:12:55', '2022-09-23 13:41:40'),
(184, 'KRL', 'Kryll', '2022-04-09 13:12:55', '2022-09-23 13:41:40'),
(185, 'POLK', 'Polkamarkets', '2022-04-09 13:12:55', '2022-09-23 13:41:40'),
(186, 'RNDR', 'Render Token', '2022-04-09 13:12:55', '2022-09-23 13:41:40'),
(187, 'RLY', 'Rally', '2022-04-09 13:12:55', '2022-09-23 13:41:40'),
(188, 'ANC', 'Anchor Protocol', '2022-04-09 13:12:55', '2022-09-23 13:41:40'),
(189, 'SKEY', 'SmartKey', '2022-04-09 13:12:55', '2022-09-23 13:41:40'),
(190, 'LAYER', 'Unilayer', '2022-04-09 13:12:55', '2022-09-23 13:41:40'),
(191, 'TARA', 'Taraxa Coin', '2022-04-09 13:12:55', '2022-09-23 13:41:40'),
(192, 'XYM', 'Symbol', '2022-04-09 13:12:55', '2022-09-23 13:41:40'),
(193, 'DYP', 'DeFiYieldProtocol', '2022-04-09 13:12:55', '2022-09-23 13:41:40'),
(194, 'PCX', 'Chainx', '2022-04-09 13:12:55', '2022-09-23 13:41:40'),
(195, 'ORBS', 'Orbs', '2022-04-09 13:12:55', '2022-09-23 13:41:40'),
(196, 'DSLA', 'DSLA Protocol', '2022-04-09 13:12:55', '2022-09-23 13:41:40'),
(197, 'FLUX', 'flux', '2022-04-09 13:12:55', '2022-09-23 13:41:40'),
(198, 'SAND', 'The Sandbox', '2022-04-09 13:12:55', '2022-09-23 13:41:40'),
(199, 'SPI', 'Shopping.io', '2022-04-09 13:12:56', '2022-09-23 13:41:40'),
(200, 'GSPI', 'SPI Governance', '2022-04-09 13:12:56', '2022-04-09 13:12:56'),
(201, 'XCUR', 'Curate', '2022-04-09 13:12:56', '2022-09-23 13:41:40'),
(202, 'VAIOT', 'VAIOT', '2022-04-09 13:12:56', '2022-09-23 13:41:40'),
(203, 'DODO', 'DODO', '2022-04-09 13:12:56', '2022-09-23 13:41:40'),
(204, 'PUNDIX', 'Pundi X ', '2022-04-09 13:12:56', '2022-09-23 13:41:40'),
(205, 'BOSON', 'Boson Protocol', '2022-04-09 13:12:56', '2022-09-23 13:41:40'),
(206, 'HT', 'Huobi Token', '2022-04-09 13:12:56', '2022-09-23 13:41:40'),
(207, 'PDEX', 'Polkadex', '2022-04-09 13:12:56', '2022-09-23 13:41:40'),
(208, 'LABS', 'LABS Group', '2022-04-09 13:12:56', '2022-09-23 13:41:40'),
(209, 'STRK', 'Strike', '2022-04-09 13:12:56', '2022-09-23 13:41:40'),
(210, 'PHNX', 'PhoenixDAO', '2022-04-09 13:12:56', '2022-09-23 13:41:40'),
(211, 'HAI', 'Hacken Token', '2022-04-09 13:12:56', '2022-09-23 13:41:40'),
(212, 'EQZ', 'Equalizer', '2022-04-09 13:12:56', '2022-09-23 13:41:40'),
(213, 'FORTH', 'Ampleforth Governance Token', '2022-04-09 13:12:56', '2022-09-23 13:41:40'),
(214, 'CARR', 'Carnomaly', '2022-04-09 13:12:56', '2022-09-23 13:41:40'),
(215, 'HORD', 'HORD Token', '2022-04-09 13:12:56', '2022-09-23 13:41:40'),
(216, 'CGG', 'Chain Guardians', '2022-04-09 13:12:56', '2022-09-23 13:41:40'),
(217, 'GHX', 'GamerCoin', '2022-04-09 13:12:56', '2022-09-23 13:41:40'),
(218, 'TCP', 'The Crypto Prophecies', '2022-04-09 13:12:56', '2022-09-23 13:41:40'),
(219, 'TOWER', 'TOWER', '2022-04-09 13:12:56', '2022-09-23 13:41:40'),
(220, 'ACE', 'ACENT', '2022-04-09 13:12:56', '2022-09-23 13:41:40'),
(221, 'STND', 'Standard', '2022-04-09 13:12:56', '2022-09-23 13:41:40'),
(222, 'LOCG', 'LOCGame', '2022-04-09 13:12:56', '2022-09-23 13:41:40'),
(223, 'FLY', 'Franklin', '2022-04-09 13:12:56', '2022-09-23 13:41:40'),
(224, 'CARD', 'Cardstack', '2022-04-09 13:12:56', '2022-09-23 13:41:40'),
(225, 'XDC', 'XDC Mainnet', '2022-04-09 13:12:56', '2022-09-23 13:41:40'),
(226, 'CWS', 'Crowns', '2022-04-09 13:12:56', '2022-09-23 13:41:40'),
(227, 'ADA3S', 'ADA 3x Short', '2022-04-09 13:12:56', '2022-09-23 13:41:40'),
(228, 'FCL', 'Fractal', '2022-04-09 13:12:56', '2022-09-23 13:41:40'),
(229, 'SHIB', 'SHIBA INU', '2022-04-09 13:12:56', '2022-09-23 13:41:40'),
(230, 'POLX', 'Polylastic', '2022-04-09 13:12:56', '2022-09-23 13:41:40'),
(231, 'KDA', 'Kadena', '2022-04-09 13:12:56', '2022-09-23 13:41:40'),
(232, 'GOVI', 'GOVI', '2022-04-09 13:12:56', '2022-09-23 13:41:40'),
(233, 'ICP', 'Internet Computer', '2022-04-09 13:12:56', '2022-09-23 13:41:40'),
(234, 'CELO', 'Celo', '2022-04-09 13:12:56', '2022-09-23 13:41:40'),
(235, 'CUSD', 'Celo Dollar', '2022-04-09 13:12:56', '2022-09-23 13:41:40'),
(236, 'STC', 'Student Coin', '2022-04-09 13:12:56', '2022-09-23 13:41:40'),
(237, 'MATIC', 'Polygon', '2022-04-09 13:12:56', '2022-09-23 13:41:41'),
(238, 'OGN', 'Origin Protocol', '2022-04-09 13:12:56', '2022-09-23 13:41:41'),
(239, 'OUSD', 'Origin Dollar', '2022-04-09 13:12:56', '2022-09-23 13:41:41'),
(240, 'GLQ', 'GraphLinq', '2022-04-09 13:12:56', '2022-09-23 13:41:41'),
(241, 'TLOS', 'Telos', '2022-04-09 13:12:56', '2022-09-23 13:41:41'),
(242, 'NIF', 'Unifty', '2022-04-09 13:12:56', '2022-09-23 13:41:41'),
(243, 'YOP', 'YOP', '2022-04-09 13:12:56', '2022-09-23 13:41:41'),
(244, 'MXC', 'MXCToken', '2022-04-09 13:12:56', '2022-09-23 13:41:41'),
(245, 'ERSDL', 'UnFederalReserveToken', '2022-04-09 13:12:56', '2022-09-23 13:41:41'),
(246, 'ADA3L', 'ADA 3x Long', '2022-04-09 13:12:56', '2022-09-23 13:41:41'),
(247, 'HOTCROSS', 'Hot Cross', '2022-04-09 13:12:56', '2022-09-23 13:41:41'),
(248, 'DPI', 'Defi Pulse Index', '2022-04-09 13:12:56', '2022-09-23 13:41:41'),
(249, 'HYVE', 'HYVE', '2022-04-09 13:12:56', '2022-09-23 13:41:41'),
(250, 'DAPPX', 'dAppstore Token', '2022-04-09 13:12:56', '2022-09-23 13:41:41'),
(251, 'FEAR', 'FEAR', '2022-04-09 13:12:56', '2022-09-23 13:41:41'),
(252, 'KONO', 'Konomi Network', '2022-04-09 13:12:56', '2022-09-23 13:41:41'),
(253, 'MAHA', 'MahaDAO', '2022-04-09 13:12:56', '2022-09-23 13:41:41'),
(254, 'UNO', 'UnoRe', '2022-04-09 13:12:56', '2022-09-23 13:41:41'),
(255, 'PRQ', 'PARSIQ', '2022-04-09 13:12:56', '2022-09-23 13:41:41'),
(256, 'PYR', 'Vulcan Forged PYR', '2022-04-09 13:12:56', '2022-09-23 13:41:41'),
(257, 'GLCH', 'Glitch', '2022-04-09 13:12:56', '2022-09-23 13:41:41'),
(258, 'ALBT', 'AllianceBlock', '2022-04-09 13:12:56', '2022-09-23 13:41:41'),
(259, 'XCAD', 'XCAD Network', '2022-04-09 13:12:56', '2022-09-23 13:41:41'),
(260, 'PROM', 'Prom', '2022-04-09 13:12:56', '2022-09-23 13:41:41'),
(261, 'EOS3L', 'EOS 3x Long', '2022-04-09 13:12:56', '2022-09-23 13:41:41'),
(262, 'EOS3S', 'EOS 3x Short', '2022-04-09 13:12:56', '2022-09-23 13:41:41'),
(263, 'BCH3L', 'BCH 3x Long', '2022-04-09 13:12:56', '2022-09-23 13:41:41'),
(264, 'BCH3S', 'BCH 3x Short', '2022-04-09 13:12:56', '2022-09-23 13:41:41'),
(265, 'ELON', 'Dogelon', '2022-04-09 13:12:56', '2022-09-23 13:41:41'),
(266, 'APL', 'Apollo Currency', '2022-04-09 13:12:56', '2022-09-23 13:41:41'),
(267, 'DIVI', 'Divi', '2022-04-09 13:12:56', '2022-09-23 13:41:41'),
(268, 'VEED', 'VIMworld', '2022-04-09 13:12:56', '2022-09-23 13:41:41'),
(269, 'LSS', 'Lossless', '2022-04-09 13:12:56', '2022-09-23 13:41:41'),
(270, 'JUP', 'Jupiter', '2022-04-09 13:12:56', '2022-09-23 13:41:41'),
(271, 'AGIX', 'SingularityNET Token', '2022-04-09 13:12:56', '2022-09-23 13:41:41'),
(272, 'DORA', 'Dora Factory', '2022-04-09 13:12:56', '2022-09-23 13:41:41'),
(273, 'LPOOL', 'Launchpool token', '2022-04-09 13:12:56', '2022-09-23 13:41:41'),
(274, 'VET3L', 'VET 3x Long', '2022-04-09 13:12:56', '2022-09-23 13:41:41'),
(275, 'VET3S', 'VET 3x Short', '2022-04-09 13:12:56', '2022-09-23 13:41:41'),
(276, 'LTC3L', 'LTC 3x Long', '2022-04-09 13:12:56', '2022-09-23 13:41:41'),
(277, 'LTC3S', 'LTC 3x Short', '2022-04-09 13:12:56', '2022-09-23 13:41:41'),
(278, 'ETHO', 'Etho Protocol', '2022-04-09 13:12:56', '2022-09-23 13:41:41'),
(279, 'POLS', 'Polkastarter', '2022-04-09 13:12:56', '2022-09-23 13:41:41'),
(280, 'KOK', 'KOK', '2022-04-09 13:12:56', '2022-09-23 13:41:41'),
(281, 'ABBC', 'ABBC Coin', '2022-04-09 13:12:56', '2022-09-23 13:41:41'),
(282, 'ZCX', 'Unizen', '2022-04-09 13:12:56', '2022-09-23 13:41:41'),
(283, 'ROSN', 'Roseon Finance', '2022-04-09 13:12:56', '2022-09-23 13:41:41'),
(284, 'NORD', 'Nord Finance', '2022-04-09 13:12:56', '2022-09-23 13:41:41'),
(285, 'GMEE', 'GAMEE', '2022-04-09 13:12:56', '2022-09-23 13:41:41'),
(286, 'XAVA', 'Avalaunch', '2022-04-09 13:12:56', '2022-09-23 13:41:41'),
(287, 'AI', 'Multiverse', '2022-04-09 13:12:56', '2022-09-23 13:41:41'),
(288, 'SFUND', 'Seedify.fund ', '2022-04-09 13:12:56', '2022-09-23 13:41:41'),
(289, 'IOI', 'IOI Token', '2022-04-09 13:12:56', '2022-09-23 13:41:41'),
(290, 'ALPACA', 'Alpaca Finance', '2022-04-09 13:12:56', '2022-09-23 13:41:41'),
(291, 'NFT', 'APENFT', '2022-04-09 13:12:56', '2022-09-23 13:41:41'),
(292, 'MNST', 'MoonStarter', '2022-04-09 13:12:56', '2022-09-23 13:41:41'),
(293, 'MEM', 'MEME.COM', '2022-04-09 13:12:56', '2022-09-23 13:41:41'),
(294, 'DLTA', 'delta.theta', '2022-04-09 13:12:56', '2022-09-23 13:41:41'),
(295, 'AIOZ', 'AIOZ Network', '2022-04-09 13:12:56', '2022-09-23 13:41:41'),
(296, 'MARSH', 'Unmarshal', '2022-04-09 13:12:56', '2022-09-23 13:41:41'),
(297, 'CQT', 'Covalent', '2022-04-09 13:12:56', '2022-09-23 13:41:41'),
(298, 'HAPI', 'HAPI', '2022-04-09 13:12:56', '2022-09-23 13:41:41'),
(299, 'GENS', 'Genshiro', '2022-04-09 13:12:56', '2022-09-23 13:41:41'),
(300, 'YFDAI', 'YFDAI.Finance', '2022-04-09 13:12:56', '2022-09-23 13:41:41'),
(301, 'FORM', 'Formation Fi', '2022-04-09 13:12:56', '2022-09-23 13:41:41'),
(302, 'MODEFI', 'Modefi', '2022-04-09 13:12:56', '2022-09-23 13:41:41'),
(303, 'ARRR', 'Pirate Chain', '2022-04-09 13:12:56', '2022-09-23 13:41:41'),
(304, 'SPHRI', 'Spherium Finance', '2022-04-09 13:12:56', '2022-09-23 13:41:41'),
(305, 'CEUR', 'Celo Euro', '2022-04-09 13:12:56', '2022-09-23 13:41:41'),
(306, 'ASD', 'AscendEX token', '2022-04-09 13:12:56', '2022-09-23 13:41:41'),
(307, 'EXRD', 'Radix', '2022-04-09 13:12:56', '2022-09-23 13:41:41'),
(308, 'NGM', 'e-Money', '2022-04-09 13:12:56', '2022-09-23 13:41:41'),
(309, 'LPT', 'Livepeer', '2022-04-09 13:12:56', '2022-09-23 13:41:41'),
(310, 'STMX', 'StormX', '2022-04-09 13:12:56', '2022-09-23 13:41:41'),
(311, 'BOND', 'BarnBridge', '2022-04-09 13:12:56', '2022-09-23 13:41:41'),
(312, '2CRZ', '2Crazy', '2022-04-09 13:12:56', '2022-09-23 13:41:41'),
(313, 'ZORT', 'Zort Coin', '2022-04-09 13:12:56', '2022-04-09 13:12:56'),
(314, 'SHFT', 'Shyft', '2022-04-09 13:12:56', '2022-09-23 13:41:41'),
(315, 'NEAR', 'NEAR Protocol', '2022-04-09 13:12:56', '2022-09-23 13:41:41'),
(316, 'OOE', 'OpenOcean', '2022-04-09 13:12:56', '2022-09-23 13:41:41'),
(317, 'DFYN', 'Dfyn Network', '2022-04-09 13:12:56', '2022-09-23 13:41:41'),
(318, 'CFG', 'Centrifuge', '2022-04-09 13:12:56', '2022-09-23 13:41:41'),
(319, 'AXC', 'AXIA', '2022-04-09 13:12:56', '2022-09-23 13:41:41'),
(320, 'MUSH', 'MUSH', '2022-04-09 13:12:56', '2022-09-23 13:41:41'),
(321, 'SMT', 'SmartMesh', '2022-04-09 13:12:56', '2022-09-23 13:41:41'),
(322, 'AXS', 'Axie Infinity', '2022-04-09 13:12:56', '2022-09-23 13:41:41'),
(323, 'CLV', 'Clover Finance', '2022-04-09 13:12:56', '2022-09-23 13:41:41'),
(324, 'ROUTE', 'Route', '2022-04-09 13:12:56', '2022-09-23 13:41:41'),
(325, 'KAR', 'Karura', '2022-04-09 13:12:56', '2022-09-23 13:41:41'),
(326, 'BURP', 'Big Town Chef', '2022-04-09 13:12:56', '2022-09-23 13:41:41'),
(327, 'DPET', 'My DeFi Pet', '2022-04-09 13:12:56', '2022-09-23 13:41:41'),
(328, 'PMON', 'Polychain Monsters', '2022-04-09 13:12:56', '2022-09-23 13:41:41'),
(329, 'ERG', 'Ergo', '2022-04-09 13:12:56', '2022-09-23 13:41:41'),
(330, 'LITH', 'Lithium', '2022-04-09 13:12:56', '2022-09-23 13:41:41'),
(331, 'SOL', 'Solana', '2022-04-09 13:12:56', '2022-09-23 13:41:41'),
(332, 'SLP', 'Smooth Love Potion', '2022-04-09 13:12:56', '2022-09-23 13:41:41'),
(333, 'XCH', 'Chia Network', '2022-04-09 13:12:56', '2022-09-23 13:41:41'),
(334, 'HAKA', 'TribeOne', '2022-04-09 13:12:56', '2022-09-23 13:41:41'),
(335, 'MTL', 'Metal', '2022-04-09 13:12:56', '2022-09-23 13:41:41'),
(336, 'GALAX', 'Gala Games', '2022-04-09 13:12:56', '2022-09-23 13:41:41'),
(337, 'CIRUS', 'Cirus', '2022-04-09 13:12:56', '2022-09-23 13:41:41'),
(338, 'TXA', 'TXA Project', '2022-04-09 13:12:56', '2022-09-23 13:41:41'),
(339, 'QI', 'BENQI', '2022-04-09 13:12:56', '2022-09-23 13:41:41'),
(340, 'ODDZ', 'Oddz', '2022-04-09 13:12:56', '2022-09-23 13:41:41'),
(341, 'PNT', 'pNetwork Token', '2022-04-09 13:12:56', '2022-09-23 13:41:41'),
(342, 'XPR', 'Proton', '2022-04-09 13:12:56', '2022-09-23 13:41:41'),
(343, 'TRIBE', 'Tribe', '2022-04-09 13:12:56', '2022-09-23 13:41:41'),
(344, 'MOVR', 'Moonriver', '2022-04-09 13:12:56', '2022-09-23 13:41:41'),
(345, 'MAKI', 'MakiSwap', '2022-04-09 13:12:56', '2022-09-23 13:41:41'),
(346, 'QRDO', 'Qredo Token', '2022-04-09 13:12:56', '2022-09-23 13:41:41'),
(347, 'WOO', 'WOO Network', '2022-04-09 13:12:56', '2022-09-23 13:41:41'),
(348, 'WILD', 'Wilder World', '2022-04-09 13:12:56', '2022-09-23 13:41:41'),
(349, 'SDN', 'Shiden Network', '2022-04-09 13:12:56', '2022-09-23 13:41:41'),
(350, 'REP', 'Augur', '2022-04-09 13:12:56', '2022-09-23 13:41:41'),
(351, 'BNT', 'Bancor', '2022-04-09 13:12:56', '2022-09-23 13:41:41'),
(352, 'OXT', 'Orchid', '2022-04-09 13:12:56', '2022-09-23 13:41:41'),
(353, 'BAL', 'Balancer', '2022-04-09 13:12:56', '2022-09-23 13:41:41'),
(354, 'STORJ', 'Storj', '2022-04-09 13:12:56', '2022-09-23 13:41:41'),
(355, 'YGG', 'Yield Guild Games', '2022-04-09 13:12:56', '2022-09-23 13:41:41'),
(356, 'NDAU', 'ndau', '2022-04-09 13:12:56', '2022-09-23 13:41:41'),
(357, 'SDAO', 'Singularity Dao', '2022-04-09 13:12:56', '2022-09-23 13:41:41'),
(358, 'SKL', 'SKALE  Network', '2022-04-09 13:12:56', '2022-09-23 13:41:41'),
(359, 'NMR', 'Numeraire', '2022-04-09 13:12:57', '2022-09-23 13:41:41'),
(360, 'XRP3L', 'XRP 3x Long', '2022-04-09 13:12:57', '2022-09-23 13:41:41'),
(361, 'XRP3S', 'XRP 3x Short', '2022-04-09 13:12:57', '2022-09-23 13:41:41'),
(362, 'TRB', 'Tellor', '2022-04-09 13:12:57', '2022-09-23 13:41:41'),
(363, 'IXS', 'IX Swap', '2022-04-09 13:12:57', '2022-09-23 13:41:41'),
(364, 'PBX', 'Paribus', '2022-04-09 13:12:57', '2022-09-23 13:41:41'),
(365, 'GTC', 'Gitcoin', '2022-04-09 13:12:57', '2022-09-23 13:41:41'),
(366, 'LUNA3L', 'LUNA 3x Long', '2022-04-09 13:12:57', '2022-09-23 13:41:41'),
(367, 'LUNA3S', 'LUNA 3x Short', '2022-04-09 13:12:57', '2022-09-23 13:41:41'),
(368, 'DYDX', 'dYdX', '2022-04-09 13:12:57', '2022-09-23 13:41:41'),
(369, 'EQX', 'EQIFi ', '2022-04-09 13:12:57', '2022-09-23 13:41:41'),
(370, 'RLC', 'iExec RLC', '2022-04-09 13:12:57', '2022-09-23 13:41:41'),
(371, 'XNL', 'Chronicle', '2022-04-09 13:12:57', '2022-09-23 13:41:41'),
(372, 'HBAR', 'Hedera Hashgraph', '2022-04-09 13:12:57', '2022-09-23 13:41:41'),
(373, 'XPRT', 'Persistence', '2022-04-09 13:12:57', '2022-09-23 13:41:42'),
(374, 'EGLD', 'Elrond Network', '2022-04-09 13:12:57', '2022-09-23 13:41:42'),
(375, 'FLOW', 'Flow', '2022-04-09 13:12:57', '2022-09-23 13:41:42'),
(376, 'DOGE3L', 'DOGE 3x Long', '2022-04-09 13:12:57', '2022-09-23 13:41:42'),
(377, 'DOGE3S', 'DOGE 3x Short', '2022-04-09 13:12:57', '2022-09-23 13:41:42'),
(378, 'NKN', 'NKN', '2022-04-09 13:12:57', '2022-09-23 13:41:42'),
(379, 'SOL3L', 'SOL 3x Long', '2022-04-09 13:12:57', '2022-09-23 13:41:42'),
(380, 'SOL3S', 'SOL 3x Short', '2022-04-09 13:12:57', '2022-09-23 13:41:42'),
(381, 'MLN', 'Enzyme', '2022-04-09 13:12:57', '2022-09-23 13:41:42'),
(382, 'WNCG', 'Wrapped NCG', '2022-04-09 13:12:57', '2022-09-23 13:41:42'),
(383, 'DMTR', 'Dimitra', '2022-04-09 13:12:57', '2022-09-23 13:41:42'),
(384, 'LINK3L', 'LINK 3x Long', '2022-04-09 13:12:57', '2022-09-23 13:41:42'),
(385, 'LINK3S', 'LINK 3x Short', '2022-04-09 13:12:57', '2022-09-23 13:41:42'),
(386, 'DOT3L', 'DOT 3x Long', '2022-04-09 13:12:57', '2022-09-23 13:41:42'),
(387, 'DOT3S', 'DOT 3x Short', '2022-04-09 13:12:57', '2022-09-23 13:41:42'),
(388, 'KEEP', 'Keep Network', '2022-04-09 13:12:57', '2022-04-09 13:12:57'),
(389, 'DINO', 'DinoSwap', '2022-04-09 13:12:57', '2022-09-23 13:41:42'),
(390, 'CTSI', 'Cartesi', '2022-04-09 13:12:57', '2022-09-23 13:41:42'),
(391, 'ALICE', 'MyNeighborAlice', '2022-04-09 13:12:57', '2022-09-23 13:41:42'),
(392, 'UMB', 'Umbrella Network', '2022-04-09 13:12:57', '2022-09-23 13:41:42'),
(393, 'OPUL', 'Opulous', '2022-04-09 13:12:57', '2022-09-23 13:41:42'),
(394, 'ILV', 'Illuvium', '2022-04-09 13:12:57', '2022-09-23 13:41:42'),
(395, 'BAND', 'Band Protocol', '2022-04-09 13:12:57', '2022-09-23 13:41:42'),
(396, 'FTT', 'FTX Token', '2022-04-09 13:12:57', '2022-09-23 13:41:42'),
(397, 'DVPN', 'Sentinel', '2022-04-09 13:12:57', '2022-09-23 13:41:42'),
(398, 'SKU', 'Sakura', '2022-04-09 13:12:57', '2022-09-23 13:41:42'),
(399, 'SLIM', 'Solanium', '2022-04-09 13:12:57', '2022-09-23 13:41:42'),
(400, 'EDG', 'Edgeware', '2022-04-09 13:12:57', '2022-09-23 13:41:42'),
(401, 'DEXE', 'DeXe', '2022-04-09 13:12:57', '2022-09-23 13:41:42'),
(402, 'TLM', 'Alien Worlds', '2022-04-09 13:12:57', '2022-09-23 13:41:42'),
(403, 'RMRK', 'RMRK', '2022-04-09 13:12:57', '2022-09-23 13:41:42'),
(404, 'RUNE', 'THORChain', '2022-04-09 13:12:57', '2022-09-23 13:41:42'),
(405, 'MATTER', 'Antimatter', '2022-04-09 13:12:57', '2022-09-23 13:41:42'),
(406, 'SOV', 'Sovryn', '2022-04-09 13:12:57', '2022-09-23 13:41:42'),
(407, 'BMON', 'Binamon', '2022-04-09 13:12:57', '2022-09-23 13:41:42'),
(408, 'C98', 'Coin98', '2022-04-09 13:12:57', '2022-09-23 13:41:42'),
(409, 'BLOK', 'Bloktopia', '2022-04-09 13:12:57', '2022-09-23 13:41:42'),
(410, 'SOLR', 'SolRazr', '2022-04-09 13:12:57', '2022-09-23 13:41:42'),
(411, 'UNI3L', 'UNI 3x Long', '2022-04-09 13:12:57', '2022-09-23 13:41:42'),
(412, 'UNI3S', 'UNI 3x Short', '2022-04-09 13:12:57', '2022-09-23 13:41:42'),
(413, 'ATOM3L', 'ATOM 3x Long', '2022-04-09 13:12:57', '2022-09-23 13:41:42'),
(414, 'ATOM3S', 'ATOM 3x Short', '2022-04-09 13:12:57', '2022-09-23 13:41:42'),
(415, 'SIENNA', 'SiennaERC20', '2022-04-09 13:12:57', '2022-09-23 13:41:42'),
(416, 'PUSH', 'Ethereum Push Notification Service', '2022-04-09 13:12:57', '2022-09-23 13:41:42'),
(417, 'WSIENNA', 'Sienna', '2022-04-09 13:12:57', '2022-09-23 13:41:42'),
(418, 'NTVRK', 'Netvrk', '2022-04-09 13:12:57', '2022-09-23 13:41:42'),
(419, 'YLD', 'YIELD App', '2022-04-09 13:12:57', '2022-09-23 13:41:42'),
(420, 'FLAME', 'FireStarter', '2022-04-09 13:12:57', '2022-09-23 13:41:42'),
(421, 'FTM3L', 'FTM 3x Long', '2022-04-09 13:12:57', '2022-09-23 13:41:42'),
(422, 'FTM3S', 'FTM 3x Short', '2022-04-09 13:12:57', '2022-09-23 13:41:42'),
(423, 'AXS3L', 'AXS 3x Long', '2022-04-09 13:12:57', '2022-09-23 13:41:42'),
(424, 'AXS3S', 'AXS 3x Short', '2022-04-09 13:12:57', '2022-09-23 13:41:42'),
(425, 'AGLD', 'Adventure Gold', '2022-04-09 13:12:57', '2022-09-23 13:41:42'),
(426, 'NAKA', 'Nakamoto.Games', '2022-04-09 13:12:57', '2022-09-23 13:41:42'),
(427, 'REEF', 'Reef', '2022-04-09 13:12:57', '2022-09-23 13:41:42'),
(428, 'TORN', 'Tornado Cash', '2022-04-09 13:12:57', '2022-09-23 13:41:42'),
(429, 'TIDAL', 'Tidal Finance', '2022-04-09 13:12:57', '2022-09-23 13:41:42'),
(430, 'TVK', 'The Virtua Kolect', '2022-04-09 13:12:57', '2022-09-23 13:41:42'),
(431, 'INJ', 'Injective Protocol', '2022-04-09 13:12:57', '2022-09-23 13:41:42'),
(432, 'NFTB', 'NFTB', '2022-04-09 13:12:57', '2022-09-23 13:41:42'),
(433, 'MATIC3L', 'MATIC 3x Long', '2022-04-09 13:12:57', '2022-09-23 13:41:42'),
(434, 'MATIC3S', 'MATIC 3x Short', '2022-04-09 13:12:57', '2022-09-23 13:41:42'),
(435, 'BNB3L', 'BNB 3x Long', '2022-04-09 13:12:57', '2022-09-23 13:41:42'),
(436, 'BNB3S', 'BNB 3x Short', '2022-04-09 13:12:57', '2022-09-23 13:41:42'),
(437, 'ALPHA', 'Alpha Finance Lab', '2022-04-09 13:12:57', '2022-09-23 13:41:42'),
(438, 'BADGER', 'Badger DAO', '2022-04-09 13:12:57', '2022-09-23 13:41:42'),
(439, 'VEGA', 'Vega Protocol', '2022-04-09 13:12:57', '2022-09-23 13:41:42'),
(440, 'ZKT', 'zkTube', '2022-04-09 13:12:57', '2022-09-23 13:41:42'),
(441, 'AR', 'Arweave', '2022-04-09 13:12:57', '2022-09-23 13:41:42'),
(442, 'XVS', 'Venus', '2022-04-09 13:12:57', '2022-09-23 13:41:42'),
(443, 'GHST', 'Aavegotchi', '2022-04-09 13:12:57', '2022-09-23 13:41:42'),
(444, 'PERP', 'Perpetual Protocol', '2022-04-09 13:12:57', '2022-09-23 13:41:42'),
(445, 'SCLP', 'Scallop', '2022-04-09 13:12:57', '2022-09-23 13:41:42'),
(446, 'JASMY', 'JasmyCoin', '2022-04-09 13:12:57', '2022-09-23 13:41:42'),
(447, 'CPOOL', 'Clearpool', '2022-04-09 13:12:57', '2022-09-23 13:41:42'),
(448, 'LTO', 'LTO Network', '2022-04-09 13:12:57', '2022-09-23 13:41:42'),
(449, 'SUPER', 'SuperFarm', '2022-04-09 13:12:57', '2022-09-23 13:41:42'),
(450, 'BASIC', 'BASIC', '2022-04-09 13:12:57', '2022-09-23 13:41:42'),
(451, 'AURY', 'Aurory', '2022-04-09 13:12:57', '2022-09-23 13:41:42'),
(452, 'HERO', 'Metahero', '2022-04-09 13:12:57', '2022-09-23 13:41:42'),
(453, 'XED', 'Exeedme', '2022-04-09 13:12:57', '2022-09-23 13:41:42'),
(454, 'SWASH', 'Swash Token', '2022-04-09 13:12:57', '2022-09-23 13:41:42'),
(455, 'NEAR3L', 'NEAR 3x Long', '2022-04-09 13:12:57', '2022-09-23 13:41:42'),
(456, 'NEAR3S', 'NEAR 3x Short', '2022-04-09 13:12:57', '2022-09-23 13:41:42'),
(457, 'SUSHI3L', 'SUSHI 3x Long', '2022-04-09 13:12:57', '2022-09-23 13:41:42'),
(458, 'SUSHI3S', 'SUSHI 3x Short', '2022-04-09 13:12:57', '2022-09-23 13:41:42'),
(459, 'DREAMS', 'Dreams Quest', '2022-04-09 13:12:57', '2022-09-23 13:41:42'),
(460, 'MTRG', 'Meter', '2022-04-09 13:12:57', '2022-09-23 13:41:42'),
(461, 'QUICK', 'Quickswap', '2022-04-09 13:12:57', '2022-09-23 13:41:42'),
(462, 'TRU', 'TrueFi', '2022-04-09 13:12:57', '2022-09-23 13:41:42'),
(463, 'WRX', 'WazirX', '2022-04-09 13:12:57', '2022-09-23 13:41:42'),
(464, 'TKO', 'Tokocrypto', '2022-04-09 13:12:57', '2022-09-23 13:41:42'),
(465, 'EPS', 'Ellipsis', '2022-04-09 13:12:57', '2022-04-09 13:12:57'),
(466, 'DATA', 'Streamr', '2022-04-09 13:12:57', '2022-09-23 13:41:42'),
(467, 'ISP', 'Ispolink Token', '2022-04-09 13:12:57', '2022-09-23 13:41:42'),
(468, 'CERE', 'Cere Network', '2022-04-09 13:12:57', '2022-09-23 13:41:42'),
(469, 'SHILL', 'Project SEED', '2022-04-09 13:12:57', '2022-09-23 13:41:42'),
(470, 'HEGIC', 'Hegic', '2022-04-09 13:12:57', '2022-09-23 13:41:42'),
(471, 'ERN', 'Ethernity Chain', '2022-04-09 13:12:57', '2022-09-23 13:41:42'),
(472, 'PAXG', 'PAX Gold', '2022-04-09 13:12:57', '2022-09-23 13:41:42'),
(473, 'AAVE3L', 'AAVE 3x Long', '2022-04-09 13:12:57', '2022-09-23 13:41:42'),
(474, 'AUDIO', 'Audius', '2022-04-09 13:12:57', '2022-09-23 13:41:42'),
(475, 'AAVE3S', 'AAVE 3x Short', '2022-04-09 13:12:57', '2022-09-23 13:41:42'),
(476, 'SAND3L', 'SAND 3x Long', '2022-04-09 13:12:57', '2022-09-23 13:41:42'),
(477, 'SAND3S', 'SAND 3x Short', '2022-04-09 13:12:57', '2022-09-23 13:41:42'),
(478, 'FTG', 'fantomGO', '2022-04-09 13:12:57', '2022-09-23 13:41:42'),
(479, 'XTM', 'Torum', '2022-04-09 13:12:57', '2022-09-23 13:41:42'),
(480, 'ENS', 'Ethereum Name Service', '2022-04-09 13:12:57', '2022-09-23 13:41:42'),
(481, 'ATA', 'Automata Network', '2022-04-09 13:12:57', '2022-09-23 13:41:42'),
(482, 'FXS', 'Frax Share', '2022-04-09 13:12:57', '2022-09-23 13:41:42'),
(483, 'MNW', 'Morpheus.Network', '2022-04-09 13:12:57', '2022-09-23 13:41:42'),
(484, 'CWAR', 'Cryowar', '2022-04-09 13:12:57', '2022-09-23 13:41:42'),
(485, 'VXV', 'Vector Space Biosciences', '2022-04-09 13:12:57', '2022-09-23 13:41:42'),
(486, 'DPR', 'Deeper Network', '2022-04-09 13:12:57', '2022-09-23 13:41:42'),
(487, 'SWP', 'Kava Swap', '2022-04-09 13:12:57', '2022-09-23 13:41:42'),
(488, 'PBR', 'PolkaBridge', '2022-04-09 13:12:57', '2022-09-23 13:41:42'),
(489, 'WNXM', 'Wrapped NXM', '2022-04-09 13:12:57', '2022-09-23 13:41:42'),
(490, 'ANT', 'Aragon', '2022-04-09 13:12:57', '2022-09-23 13:41:42'),
(491, 'ADX', 'Ambire AdEx', '2022-04-09 13:12:57', '2022-09-23 13:41:42'),
(492, 'TWT', 'Trust Wallet Token', '2022-04-09 13:12:57', '2022-09-23 13:41:42'),
(493, 'OM', 'MANTRA DAO', '2022-04-09 13:12:57', '2022-09-23 13:41:42'),
(494, 'AVAX3L', 'AVAX 3x Long', '2022-04-09 13:12:57', '2022-09-23 13:41:42'),
(495, 'AVAX3S', 'AVAX 3x Short', '2022-04-09 13:12:57', '2022-09-23 13:41:42'),
(496, 'MANA3L', 'MANA 3x Long', '2022-04-09 13:12:57', '2022-09-23 13:41:42'),
(497, 'MANA3S', 'MANA 3x Short', '2022-04-09 13:12:57', '2022-09-23 13:41:42'),
(498, 'GLM', 'Golem', '2022-04-09 13:12:57', '2022-09-23 13:41:42'),
(499, 'NUM', 'Numbers Protocol', '2022-04-09 13:12:57', '2022-09-23 13:41:42'),
(500, 'BAKE', 'BakeryToken', '2022-04-09 13:12:57', '2022-09-23 13:41:42'),
(501, 'MONI', 'Monsta Infinite', '2022-04-09 13:12:57', '2022-09-23 13:41:42'),
(502, 'TRADE', 'Polytrade', '2022-04-09 13:12:57', '2022-09-23 13:41:42'),
(503, 'VLX', 'Velas', '2022-04-09 13:12:57', '2022-09-23 13:41:42'),
(504, '1EARTH', 'EarthFund', '2022-04-09 13:12:57', '2022-09-23 13:41:42'),
(505, 'KAVA', 'KAVA', '2022-04-09 13:12:57', '2022-09-23 13:41:42'),
(506, 'LIKE', 'Only1', '2022-04-09 13:12:57', '2022-09-23 13:41:42'),
(507, 'LIT', 'Litentry', '2022-04-09 13:12:57', '2022-09-23 13:41:42'),
(508, 'MFT', 'Hifi Finance', '2022-04-09 13:12:57', '2022-09-23 13:41:42'),
(509, 'SFP', 'SafePal', '2022-04-09 13:12:57', '2022-09-23 13:41:42'),
(510, 'BURGER', 'Burger Swap', '2022-04-09 13:12:57', '2022-09-23 13:41:42'),
(511, 'ILA', 'Infinite Launch', '2022-04-09 13:12:57', '2022-09-23 13:41:42'),
(512, 'CREAM', 'Cream Finance', '2022-04-09 13:12:57', '2022-09-23 13:41:42'),
(513, 'RSR', 'Reserve Rights', '2022-04-09 13:12:57', '2022-09-23 13:41:42'),
(514, 'GODS', 'Gods Unchained', '2022-04-09 13:12:57', '2022-09-23 13:41:42'),
(515, 'IMX', 'Immutable X', '2022-04-09 13:12:57', '2022-09-23 13:41:42'),
(516, 'KMA', 'Calamari', '2022-04-09 13:12:57', '2022-09-23 13:41:42'),
(517, 'SRM', 'Serum', '2022-04-09 13:12:57', '2022-09-23 13:41:42'),
(518, 'POLC', 'PolkaCity', '2022-04-09 13:12:58', '2022-09-23 13:41:42'),
(519, 'KIN', 'Kin', '2022-04-09 13:12:58', '2022-09-23 13:41:42'),
(520, 'XTAG', 'xHashtag', '2022-04-09 13:12:58', '2022-09-23 13:41:42'),
(521, 'VR', 'Victoria VR', '2022-04-09 13:12:58', '2022-09-23 13:41:42'),
(522, 'MNET', 'MINE Network', '2022-04-09 13:12:58', '2022-09-23 13:41:42'),
(523, 'NGC', 'NAGA Coin', '2022-04-09 13:12:58', '2022-09-23 13:41:43'),
(524, 'GALAX3L', 'GALAX 3x Long', '2022-04-09 13:12:58', '2022-09-23 13:41:43'),
(525, 'GALAX3S', 'GALAX 3x Short', '2022-04-09 13:12:58', '2022-09-23 13:41:43'),
(526, 'NU', 'NuCypher', '2022-04-09 13:12:58', '2022-04-09 13:12:58'),
(527, 'HARD', 'Kava Lend', '2022-04-09 13:12:58', '2022-09-23 13:41:43'),
(528, 'UNIC', 'Unicly', '2022-04-09 13:12:58', '2022-09-23 13:41:43'),
(529, 'POND', 'Marlin', '2022-04-09 13:12:58', '2022-09-23 13:41:43'),
(530, 'MDX', 'Mdex', '2022-04-09 13:12:58', '2022-09-23 13:41:43'),
(531, 'EPIK', 'Epik Prime', '2022-04-09 13:12:58', '2022-09-23 13:41:43'),
(532, 'NGL', 'Gold Fever', '2022-04-09 13:12:58', '2022-09-23 13:41:43'),
(533, 'KDON', 'Don-key', '2022-04-09 13:12:58', '2022-09-23 13:41:43'),
(534, 'PEL', 'Propel', '2022-04-09 13:12:58', '2022-09-23 13:41:43'),
(535, 'KLAY', 'Klaytn', '2022-04-09 13:12:58', '2022-09-23 13:41:43'),
(536, 'LINA', 'Linear', '2022-04-09 13:12:58', '2022-09-23 13:41:43'),
(537, 'CREDI', 'Credefi', '2022-04-09 13:12:58', '2022-09-23 13:41:43'),
(538, 'TRVL', 'Dtravel', '2022-04-09 13:12:58', '2022-09-23 13:41:43'),
(539, 'ARKER', 'ARKER', '2022-04-09 13:12:58', '2022-09-23 13:41:43'),
(540, 'XEC', 'eCash', '2022-04-09 13:12:58', '2022-09-23 13:41:43'),
(541, 'BONDLY', 'Forj(Bondly)', '2022-04-09 13:12:58', '2022-09-23 13:41:43'),
(542, 'LACE', 'Lovelace World', '2022-04-09 13:12:58', '2022-09-23 13:41:43'),
(543, 'HEART', 'Humans', '2022-04-09 13:12:58', '2022-09-23 13:41:43'),
(544, 'UNB', 'Unbound', '2022-04-09 13:12:58', '2022-09-23 13:41:43'),
(545, 'H3RO3S', 'H3RO3S', '2022-04-09 13:12:58', '2022-09-23 13:41:43'),
(546, 'FORWARD', 'Forward Protocol', '2022-04-09 13:12:58', '2022-09-23 13:41:43'),
(547, 'GAFI', 'GameFi', '2022-04-09 13:12:58', '2022-09-23 13:41:43'),
(548, 'KOL', 'Kollect', '2022-04-09 13:12:58', '2022-09-23 13:41:43'),
(549, 'CHMB', 'Chumbi Valley', '2022-04-09 13:12:58', '2022-09-23 13:41:43'),
(550, 'FALCONS', 'FalconSwaps Token', '2022-04-09 13:12:58', '2022-09-23 13:41:43'),
(551, 'UFO', 'UFO Gaming', '2022-04-09 13:12:58', '2022-09-23 13:41:43'),
(552, 'GEEQ', 'Geeq', '2022-04-09 13:12:58', '2022-09-23 13:41:43'),
(553, 'RACEFI', 'RaceFi', '2022-04-09 13:12:58', '2022-09-23 13:41:43'),
(554, 'ORC', 'Orbit Chain', '2022-04-09 13:12:58', '2022-09-23 13:41:43'),
(555, 'PEOPLE', 'ConstitutionDAO', '2022-04-09 13:12:58', '2022-09-23 13:41:43'),
(556, 'ADS', 'Alkimi', '2022-04-09 13:12:58', '2022-09-23 13:41:43'),
(557, 'OOKI', 'Ooki', '2022-04-09 13:12:58', '2022-09-23 13:41:43'),
(558, 'SOS', 'OpenDAO', '2022-04-09 13:12:58', '2022-09-23 13:41:43'),
(559, 'WHALE', 'WHALE', '2022-04-09 13:12:58', '2022-09-23 13:41:43'),
(560, 'IOTA', 'IOTA', '2022-04-09 13:12:58', '2022-09-23 13:41:43'),
(561, 'CWEB', 'Coinweb', '2022-04-09 13:12:58', '2022-09-23 13:41:43'),
(562, 'HNT', 'Helium', '2022-04-09 13:12:58', '2022-09-23 13:41:43'),
(563, 'GGG', 'Good Games Guild', '2022-04-09 13:12:58', '2022-09-23 13:41:43'),
(564, 'CLH', 'CLearingHouse Token', '2022-04-09 13:12:58', '2022-09-23 13:41:43'),
(565, 'REVU', 'Revuto', '2022-04-09 13:12:58', '2022-09-23 13:41:43'),
(566, 'PLGR', 'Pledge', '2022-04-09 13:12:58', '2022-09-23 13:41:43'),
(567, 'GLMR', 'Glimmer', '2022-04-09 13:12:58', '2022-09-23 13:41:43'),
(568, 'CTC', 'Creditcoin', '2022-04-09 13:12:58', '2022-09-23 13:41:43'),
(569, 'LOVE', 'Deesse', '2022-04-09 13:12:58', '2022-09-23 13:41:43'),
(570, 'GARI', 'Gari Network', '2022-04-09 13:12:58', '2022-09-23 13:41:43'),
(571, 'FRR', 'Frontrow', '2022-04-09 13:12:58', '2022-09-23 13:41:43'),
(572, 'ASTR', 'Astar Network', '2022-04-09 13:12:58', '2022-09-23 13:41:43'),
(573, 'ERTHA', 'Ertha', '2022-04-09 13:12:58', '2022-09-23 13:41:43'),
(574, 'FCON', 'Space Falcon', '2022-04-09 13:12:58', '2022-09-23 13:41:43'),
(575, 'ACA', 'Acala', '2022-04-09 13:12:58', '2022-09-23 13:41:43'),
(576, 'MTS', 'Metastrike', '2022-04-09 13:12:58', '2022-09-23 13:41:43'),
(577, 'ROAR', 'AlphaDEX', '2022-04-09 13:12:58', '2022-09-23 13:41:43'),
(578, 'HBB', 'Hubble Protocol', '2022-04-09 13:12:58', '2022-09-23 13:41:43'),
(579, 'SURV', 'Survival Game Online', '2022-04-09 13:12:58', '2022-09-23 13:41:43'),
(580, 'AMP', 'Amp', '2022-04-09 13:12:58', '2022-09-23 13:41:43'),
(581, 'CVX', 'Convex Finance', '2022-04-09 13:12:58', '2022-09-23 13:41:43'),
(582, 'MJT', 'MojitoSwap', '2022-04-09 13:12:58', '2022-09-23 13:41:43'),
(583, 'XNO', 'Nano', '2022-04-09 13:12:58', '2022-09-23 13:41:43'),
(584, 'SHX', 'Stronghold Token', '2022-04-09 13:12:58', '2022-09-23 13:41:43'),
(585, 'STARLY', 'Starly', '2022-04-09 13:12:58', '2022-09-23 13:41:43'),
(586, 'ONSTON', 'ONSTON', '2022-04-09 13:12:58', '2022-09-23 13:41:43'),
(587, 'WMT', 'World Mobile Token', '2022-04-09 13:12:58', '2022-09-23 13:41:43'),
(588, 'RANKER', 'RankerDAO', '2022-04-09 13:12:58', '2022-09-23 13:41:43'),
(589, 'LAVAX', 'LavaX Labs', '2022-04-09 13:12:58', '2022-09-23 13:41:43'),
(590, 'MARS4', 'MARS4', '2022-04-09 13:12:58', '2022-09-23 13:41:43'),
(591, 'METIS', 'Metis', '2022-04-09 13:12:58', '2022-09-23 13:41:43'),
(592, 'WAL', 'The Wasted Lands', '2022-04-09 13:12:58', '2022-09-23 13:41:43'),
(593, 'BULL', 'Bullieverse', '2022-04-09 13:12:58', '2022-09-23 13:41:43'),
(594, 'SON', 'Souni', '2022-04-09 13:12:58', '2022-09-23 13:41:43'),
(595, 'MELOS', 'Melos Studio', '2022-04-09 13:12:58', '2022-09-23 13:41:43'),
(596, 'APE', 'ApeCoin', '2022-04-09 13:12:58', '2022-09-23 13:41:43'),
(597, 'GMT', 'STEPN', '2022-04-09 13:12:58', '2022-09-23 13:41:43'),
(598, 'BICO', 'Biconomy', '2022-04-09 13:12:58', '2022-09-23 13:41:43'),
(599, 'STG', 'Stargate Finance', '2022-04-09 13:12:58', '2022-09-23 13:41:43'),
(600, 'LMR', 'Lumerin', '2022-04-09 13:12:58', '2022-09-23 13:41:43'),
(601, 'LOKA', 'League of Kingdoms Arena', '2022-04-09 13:12:58', '2022-09-23 13:41:43'),
(602, 'URUS', 'Aurox', '2022-04-09 13:12:58', '2022-09-23 13:41:43'),
(603, 'BNC', 'Bifrost', '2022-04-09 13:12:58', '2022-09-23 13:41:43'),
(604, 'JAM', 'Geojam', '2022-04-09 13:12:58', '2022-09-23 13:41:43'),
(605, 'LBP', 'LaunchBlock', '2022-04-09 13:12:58', '2022-09-23 13:41:43'),
(606, 'CFX', 'Conflux', '2022-04-09 13:12:58', '2022-09-23 13:41:43'),
(607, 'XCN', 'Chain', '2022-04-09 13:12:58', '2022-09-23 13:41:43'),
(608, 'KP3R', 'Keep3rV1', '2022-04-09 13:12:58', '2022-09-23 13:41:43'),
(609, 'LOOKS', 'LooksRare', '2022-04-09 13:12:58', '2022-09-23 13:41:43'),
(610, 'UPO', 'UpOnly', '2022-04-09 13:12:58', '2022-09-23 13:41:43'),
(611, 'INDI', 'IndiGG', '2022-04-09 13:12:58', '2022-09-23 13:41:43'),
(612, 'TITAN', 'TitanSwap', '2022-04-09 13:12:58', '2022-09-23 13:41:43'),
(613, 'SPELL', 'Spell Token', '2022-04-09 13:12:58', '2022-09-23 13:41:43'),
(614, 'SLCL', 'Solcial', '2022-04-09 13:12:58', '2022-09-23 13:41:43'),
(615, 'RPC', 'Ripio Coin', '2022-04-09 13:12:58', '2022-09-23 13:41:43'),
(616, 'CEEK', 'CEEK VR', '2022-04-09 13:12:58', '2022-09-23 13:41:43'),
(617, 'T', 'Threshold', '2022-04-09 13:12:58', '2022-09-23 13:41:43'),
(618, 'BETA', 'Beta Finance', '2022-04-09 13:12:58', '2022-09-23 13:41:43'),
(619, 'VEMP', 'vEmpire DDAO', '2022-04-09 13:12:58', '2022-09-23 13:41:43'),
(620, 'NHCT', 'Hurricane NFT', '2022-04-09 13:12:58', '2022-09-23 13:41:43'),
(621, 'PIKASTER', 'PIKASTER', '2022-04-09 13:12:58', '2022-04-09 13:12:58'),
(622, 'VSYS', 'V Systems', '2022-04-09 13:12:58', '2022-09-23 13:41:44'),
(623, 'ACT', 'AChain', '2022-04-09 13:12:58', '2022-09-23 13:41:44'),
(624, 'ADB', 'Adbank', '2022-04-09 13:12:58', '2022-09-23 13:41:44'),
(625, 'AERGO', 'Aergo', '2022-04-09 13:12:58', '2022-09-23 13:41:44'),
(626, 'AION', 'Aion', '2022-04-09 13:12:58', '2022-09-23 13:41:44'),
(627, 'AMB', 'Ambrosus', '2022-04-09 13:12:58', '2022-09-23 13:41:44'),
(628, 'AOA', 'AURORA (AOA)', '2022-04-09 13:12:58', '2022-09-23 13:41:44'),
(629, 'AVA', 'Travala', '2022-04-09 13:12:58', '2022-09-23 13:41:44'),
(630, 'AXPR', 'AXpire', '2022-04-09 13:12:58', '2022-09-23 13:41:44'),
(631, 'BAX', 'BABB', '2022-04-09 13:12:58', '2022-09-23 13:41:44'),
(632, 'BCD', 'Bitcoin Diamond', '2022-04-09 13:12:58', '2022-09-23 13:41:44'),
(633, 'BCH', 'Bitcoin Cash', '2022-04-09 13:12:58', '2022-09-23 13:41:44'),
(634, 'BSV', 'BCHSV', '2022-04-09 13:12:58', '2022-09-23 13:41:44'),
(635, 'BTC', 'Bitcoin', '2022-04-09 13:12:58', '2022-09-23 13:41:44'),
(636, 'BTCP', 'Bitcoin Private', '2022-04-09 13:12:58', '2022-09-23 13:41:44'),
(637, 'BTM', 'Bytom', '2022-04-09 13:12:58', '2022-04-09 13:12:58'),
(638, 'BU', 'BUMO', '2022-04-09 13:12:58', '2022-04-09 13:12:58'),
(639, 'CAPP', 'Cappasity', '2022-04-09 13:12:58', '2022-09-23 13:41:44'),
(640, 'CBC', 'CBC.network', '2022-04-09 13:12:58', '2022-09-23 13:41:44'),
(641, 'CHSB', 'SwissBorg', '2022-04-09 13:12:58', '2022-09-23 13:41:44'),
(642, 'COFI', 'CoinFi', '2022-04-09 13:12:58', '2022-04-09 13:12:58'),
(643, 'COV', 'Covesting', '2022-04-09 13:12:58', '2022-09-23 13:41:44'),
(644, 'CPC', 'CPChain', '2022-04-09 13:12:58', '2022-09-23 13:41:44'),
(645, 'CRPT', 'Crypterium', '2022-04-09 13:12:58', '2022-09-23 13:41:44'),
(646, 'CS', 'Credits', '2022-04-09 13:12:58', '2022-09-23 13:41:44'),
(647, 'CV', 'carVertical', '2022-04-09 13:12:58', '2022-09-23 13:41:44'),
(648, 'CVC', 'Civic', '2022-04-09 13:12:58', '2022-09-23 13:41:44'),
(649, 'CXO', 'CargoX', '2022-04-09 13:12:58', '2022-09-23 13:41:44'),
(650, 'DACC', 'Decentralized Accessible Content Chain', '2022-04-09 13:12:58', '2022-04-09 13:12:58'),
(651, 'DAG', 'Constellation', '2022-04-09 13:12:58', '2022-09-23 13:41:44'),
(652, 'DAI', 'Dai', '2022-04-09 13:12:58', '2022-09-23 13:41:44'),
(653, 'DASH', 'Dash', '2022-04-09 13:12:58', '2022-09-23 13:41:44'),
(654, 'DATX', 'DATx', '2022-04-09 13:12:58', '2022-09-23 13:41:44'),
(655, 'DBC', 'DeepBrain Chain', '2022-04-09 13:12:58', '2022-04-09 13:12:58'),
(656, 'DCR', 'Decred', '2022-04-09 13:12:58', '2022-09-23 13:41:44'),
(657, 'DENT', 'Dent', '2022-04-09 13:12:58', '2022-09-23 13:41:44'),
(658, 'DGB', 'Digibyte', '2022-04-09 13:12:58', '2022-09-23 13:41:44'),
(659, 'DOCK', 'DOCK', '2022-04-09 13:12:58', '2022-09-23 13:41:44'),
(660, 'DRGN', 'Dragonchain', '2022-04-09 13:12:59', '2022-09-23 13:41:44'),
(661, 'EDN', 'EdenChain', '2022-04-09 13:12:59', '2022-04-09 13:12:59'),
(662, 'ELA', 'Elastos', '2022-04-09 13:12:59', '2022-09-23 13:41:44'),
(663, 'ELF', 'aelf', '2022-04-09 13:12:59', '2022-09-23 13:41:44'),
(664, 'ENJ', 'Enjin Coin', '2022-04-09 13:12:59', '2022-09-23 13:41:44'),
(665, 'EOS', 'EOS', '2022-04-09 13:12:59', '2022-09-23 13:41:44'),
(666, 'EPRX', 'EPRX', '2022-04-09 13:12:59', '2022-09-23 13:41:44'),
(667, 'ETC', 'Ethereum Classic', '2022-04-09 13:12:59', '2022-09-23 13:41:45'),
(668, 'ETF', 'Ethereum Fog', '2022-04-09 13:12:59', '2022-09-23 13:41:45'),
(669, 'ETH', 'Ethereum', '2022-04-09 13:12:59', '2022-09-23 13:41:45'),
(670, 'ETN', 'Electroneum', '2022-04-09 13:12:59', '2022-09-23 13:41:45'),
(671, 'FTM', 'Fantom', '2022-04-09 13:12:59', '2022-09-23 13:41:45'),
(672, 'GAS', 'NeoGas', '2022-04-09 13:12:59', '2022-09-23 13:41:45'),
(673, 'GGC', 'GramGold Coin', '2022-04-09 13:12:59', '2022-09-23 13:41:45'),
(674, 'GMB', 'GAMB', '2022-04-09 13:12:59', '2022-09-23 13:41:45'),
(675, 'GO', 'GoChain', '2022-04-09 13:12:59', '2022-09-23 13:41:45'),
(676, 'GOD', 'Bitcoin God', '2022-04-09 13:12:59', '2022-09-23 13:41:45'),
(677, 'HPB', 'High Performance Blockch', '2022-04-09 13:12:59', '2022-04-09 13:12:59'),
(678, 'IOST', 'Internet of Services', '2022-04-09 13:12:59', '2022-09-23 13:41:45'),
(679, 'IOTX', 'IoTeX', '2022-04-09 13:12:59', '2022-09-23 13:41:45'),
(680, 'J8T', 'JET8', '2022-04-09 13:12:59', '2022-09-23 13:41:45'),
(681, 'KAT', 'Kambria', '2022-04-09 13:12:59', '2022-09-23 13:41:45'),
(682, 'KCS', 'KuCoin Token', '2022-04-09 13:12:59', '2022-09-23 13:41:45'),
(683, 'KEY', 'SelfKey', '2022-04-09 13:12:59', '2022-09-23 13:41:45'),
(684, 'KNC', 'Kyber Network', '2022-04-09 13:12:59', '2022-09-23 13:41:45'),
(685, 'LOC', 'LockTrip', '2022-04-09 13:12:59', '2022-09-23 13:41:45'),
(686, 'LOOM', 'Loom Network', '2022-04-09 13:12:59', '2022-09-23 13:41:45'),
(687, 'LSK', 'Lisk', '2022-04-09 13:12:59', '2022-09-23 13:41:45'),
(688, 'LTC', 'Litecoin', '2022-04-09 13:12:59', '2022-09-23 13:41:45'),
(689, 'LYM', 'Lympo', '2022-04-09 13:12:59', '2022-09-23 13:41:45'),
(690, 'MAN', 'Matrix AI Network', '2022-04-09 13:12:59', '2022-09-23 13:41:45'),
(691, 'MANA', 'Decentraland', '2022-04-09 13:12:59', '2022-09-23 13:41:45'),
(692, 'MCT', 'Master Contract Token ', '2022-04-09 13:12:59', '2022-04-09 13:12:59');
INSERT INTO `trading_currencies` (`id`, `symbol`, `name`, `created_at`, `updated_at`) VALUES
(693, 'MKR', 'Maker', '2022-04-09 13:12:59', '2022-09-23 13:41:45'),
(694, 'MVP', 'Merculet', '2022-04-09 13:12:59', '2022-09-23 13:41:45'),
(695, 'MWAT', 'Restart Energy', '2022-04-09 13:12:59', '2022-04-09 13:12:59'),
(696, 'NEBL', 'Neblio', '2022-04-09 13:12:59', '2022-04-09 13:12:59'),
(697, 'NEO', 'NEO', '2022-04-09 13:12:59', '2022-09-23 13:41:45'),
(698, 'NULS', 'Nuls', '2022-04-09 13:12:59', '2022-09-23 13:41:45'),
(699, 'OLT', 'OneLedger', '2022-04-09 13:12:59', '2022-09-23 13:41:45'),
(700, 'OMG', 'OmiseGO', '2022-04-09 13:12:59', '2022-09-23 13:41:45'),
(701, 'ONG', 'ONG', '2022-04-09 13:12:59', '2022-09-23 13:41:45'),
(702, 'ONION', 'DeepOnion', '2022-04-09 13:12:59', '2022-09-23 13:41:45'),
(703, 'ONT', 'Ontology', '2022-04-09 13:12:59', '2022-09-23 13:41:45'),
(704, 'OPEN', 'OPEN Platform', '2022-04-09 13:12:59', '2022-04-09 13:12:59'),
(705, 'PAX', 'Paxos Standard', '2022-04-09 13:12:59', '2022-04-09 13:12:59'),
(706, 'PLAY', 'HEROcoin', '2022-04-09 13:12:59', '2022-09-23 13:41:45'),
(707, 'POWR', 'Power Ledger', '2022-04-09 13:12:59', '2022-09-23 13:41:45'),
(708, 'PPT', 'Populous', '2022-04-09 13:12:59', '2022-09-23 13:41:45'),
(709, 'QKC', 'QuarkChain', '2022-04-09 13:12:59', '2022-09-23 13:41:45'),
(710, 'QTUM', 'Qtum', '2022-04-09 13:12:59', '2022-09-23 13:41:45'),
(711, 'R', 'Revain', '2022-04-09 13:12:59', '2022-09-23 13:41:45'),
(712, 'REQ', 'Request', '2022-04-09 13:12:59', '2022-09-23 13:41:45'),
(713, 'SNT', 'Status', '2022-04-09 13:12:59', '2022-09-23 13:41:45'),
(714, 'SNX', 'Synthetix Network Token', '2022-04-09 13:12:59', '2022-09-23 13:41:45'),
(715, 'SOUL', 'Phantasma', '2022-04-09 13:12:59', '2022-09-23 13:41:45'),
(716, 'SUSD', 'sUSD', '2022-04-09 13:12:59', '2022-09-23 13:41:45'),
(717, 'TEL', 'Telcoin', '2022-04-09 13:12:59', '2022-09-23 13:41:45'),
(718, 'TIME', 'Chrono.tech', '2022-04-09 13:12:59', '2022-09-23 13:41:45'),
(719, 'TKY', 'THEKEY', '2022-04-09 13:12:59', '2022-09-23 13:41:45'),
(720, 'TOMO', 'TomoChain', '2022-04-09 13:12:59', '2022-09-23 13:41:45'),
(721, 'TRAC', 'OriginTrail', '2022-04-09 13:12:59', '2022-09-23 13:41:45'),
(722, 'TRX', 'Tron', '2022-04-09 13:12:59', '2022-09-23 13:41:45'),
(723, 'TUSD', 'TrueUSD', '2022-04-09 13:12:59', '2022-09-23 13:41:45'),
(724, 'USDC', 'USD Coin', '2022-04-09 13:12:59', '2022-09-23 13:41:45'),
(725, 'USDT', 'Tether', '2022-04-09 13:12:59', '2022-09-23 13:41:45'),
(726, 'UTK', 'UTRUST', '2022-04-09 13:12:59', '2022-09-23 13:41:45'),
(727, 'VET', 'Vechain', '2022-04-09 13:12:59', '2022-09-23 13:41:45'),
(728, 'VTHO', 'VeThor Token', '2022-04-09 13:12:59', '2022-09-23 13:41:45'),
(729, 'WAN', 'Wanchain', '2022-04-09 13:12:59', '2022-09-23 13:41:45'),
(730, 'WAXP', 'WAX', '2022-04-09 13:12:59', '2022-09-23 13:41:45'),
(731, 'WTC', 'Walton', '2022-04-09 13:12:59', '2022-04-09 13:12:59'),
(732, 'XLM', 'Stellar', '2022-04-09 13:12:59', '2022-09-23 13:41:45'),
(733, 'XRP', 'XRP', '2022-04-09 13:12:59', '2022-09-23 13:41:45'),
(734, 'XYO', 'XYO Network', '2022-04-09 13:12:59', '2022-09-23 13:41:45'),
(735, 'ZIL', 'Zilliqa', '2022-04-09 13:12:59', '2022-09-23 13:41:45'),
(736, 'ZRX', '0X', '2022-04-09 13:12:59', '2022-09-23 13:41:45'),
(737, 'GRIN', 'Grin', '2022-04-09 13:12:59', '2022-09-23 13:41:45'),
(738, 'SOLVE', 'SOLVE', '2022-04-09 13:12:59', '2022-09-23 13:41:45'),
(739, 'BTT', 'BitTorrent (New)', '2022-04-09 13:12:59', '2022-09-23 13:41:45'),
(740, 'MHC', 'MetaHash', '2022-04-09 13:12:59', '2022-09-23 13:41:45'),
(741, 'FRA', 'Findora', '2022-09-12 21:41:15', '2022-09-23 13:41:43'),
(742, 'ARNM', 'Arenum', '2022-09-12 21:41:15', '2022-09-23 13:41:43'),
(743, 'VISION', 'VisionGame', '2022-09-12 21:41:15', '2022-09-23 13:41:43'),
(744, 'ALPINE', 'Alpine F1 Team Fan Token', '2022-09-12 21:41:15', '2022-09-23 13:41:43'),
(745, 'COCOS', 'Cocos-BCX', '2022-09-12 21:41:15', '2022-09-23 13:41:43'),
(746, 'BNX', 'BinaryX', '2022-09-12 21:41:15', '2022-09-23 13:41:43'),
(747, 'ZBC', 'Zebec Protocol', '2022-09-12 21:41:15', '2022-09-23 13:41:43'),
(748, 'WOOP', 'Woonkly Power', '2022-09-12 21:41:15', '2022-09-23 13:41:43'),
(749, 'NYM', 'NYM', '2022-09-12 21:41:15', '2022-09-23 13:41:43'),
(750, 'VOXEL', 'Voxies', '2022-09-12 21:41:15', '2022-09-23 13:41:43'),
(751, 'PSTAKE', 'pSTAKE Finance', '2022-09-12 21:41:15', '2022-09-23 13:41:43'),
(752, 'SPA', 'Sperax', '2022-09-12 21:41:15', '2022-09-23 13:41:43'),
(753, 'RACA', 'Radio Caca', '2022-09-12 21:41:15', '2022-09-23 13:41:43'),
(754, 'DAR', 'Mines of Dalarnia', '2022-09-12 21:41:15', '2022-09-23 13:41:43'),
(755, 'SYNR', 'MOBLAND', '2022-09-12 21:41:15', '2022-09-23 13:41:43'),
(756, 'MV', 'GensoKishi Metaverse', '2022-09-12 21:41:15', '2022-09-23 13:41:43'),
(757, 'XDEFI', 'XDEFI Wallet', '2022-09-12 21:41:15', '2022-09-23 13:41:43'),
(758, 'HAWK', 'Hawksight', '2022-09-12 21:41:15', '2022-09-23 13:41:43'),
(759, 'SWFTC', 'SwftCoin', '2022-09-12 21:41:15', '2022-09-23 13:41:43'),
(760, 'XWG', 'X World Games', '2022-09-12 21:41:15', '2022-09-23 13:41:43'),
(761, 'IDEX', 'IDEX', '2022-09-12 21:41:15', '2022-09-23 13:41:43'),
(762, 'PLATO', 'Plato Farm', '2022-09-12 21:41:15', '2022-09-23 13:41:43'),
(763, 'BRWL', 'Blockchain Brawlers', '2022-09-12 21:41:15', '2022-09-23 13:41:43'),
(764, 'TAUM', 'Orbitau Taureum', '2022-09-12 21:41:15', '2022-09-23 13:41:43'),
(765, 'CELR', 'Celer Network', '2022-09-12 21:41:15', '2022-09-23 13:41:43'),
(766, 'ITAMCUBE', 'CUBE', '2022-09-12 21:41:15', '2022-09-23 13:41:43'),
(767, 'AURORA', 'AURORA', '2022-09-12 21:41:15', '2022-09-23 13:41:43'),
(768, 'ELITEHERO', 'CEBG', '2022-09-12 21:41:15', '2022-09-23 13:41:43'),
(769, 'POSI', 'Position Exchange', '2022-09-12 21:41:15', '2022-09-23 13:41:43'),
(770, 'SIN', 'Sinverse', '2022-09-12 21:41:15', '2022-09-23 13:41:43'),
(771, 'COOHA', 'CoolHash', '2022-09-12 21:41:15', '2022-09-23 13:41:43'),
(772, 'EPK', 'EpiK Protocol', '2022-09-12 21:41:15', '2022-09-23 13:41:43'),
(773, 'PLD', 'Plutonians', '2022-09-12 21:41:15', '2022-09-23 13:41:43'),
(774, 'EPX', 'Ellipsis X', '2022-09-12 21:41:15', '2022-09-23 13:41:43'),
(775, 'PSL', 'Pastel', '2022-09-12 21:41:15', '2022-09-23 13:41:43'),
(776, 'SYS', 'Syscoin', '2022-09-12 21:41:15', '2022-09-23 13:41:43'),
(777, 'OVR', 'OVR', '2022-09-12 21:41:15', '2022-09-23 13:41:43'),
(778, 'PKF', 'PolkaFoundry', '2022-09-12 21:41:15', '2022-09-23 13:41:44'),
(779, 'DG', 'Decentral Games', '2022-09-12 21:41:15', '2022-09-23 13:41:44'),
(780, 'BRISE', 'Bitgert', '2022-09-12 21:41:15', '2022-09-23 13:41:44'),
(781, 'PLY', 'Aurigami', '2022-09-12 21:41:15', '2022-09-23 13:41:44'),
(782, 'GST', 'Green Satoshi Token', '2022-09-12 21:41:15', '2022-09-23 13:41:44'),
(783, 'AKT', 'Akash Network', '2022-09-12 21:41:15', '2022-09-23 13:41:44'),
(784, 'FSN', 'Fusion', '2022-09-12 21:41:15', '2022-09-23 13:41:44'),
(785, 'GAL', 'Galxe', '2022-09-12 21:41:15', '2022-09-23 13:41:44'),
(786, 'FITFI', 'Step App', '2022-09-12 21:41:15', '2022-09-23 13:41:44'),
(787, 'BSW', 'Biswap', '2022-09-12 21:41:15', '2022-09-23 13:41:44'),
(788, 'H2O', 'H2O DAO', '2022-09-12 21:41:15', '2022-09-23 13:41:44'),
(789, 'AUSD', 'Acala', '2022-09-12 21:41:15', '2022-09-23 13:41:44'),
(790, 'GMM', 'Gamium', '2022-09-12 21:41:15', '2022-09-23 13:41:44'),
(791, 'FCD', 'FreshCut Diamond', '2022-09-12 21:41:15', '2022-09-23 13:41:44'),
(792, 'BOBA', 'Boba Network', '2022-09-12 21:41:15', '2022-09-23 13:41:44'),
(793, 'XRACER', 'XRush', '2022-09-12 21:41:15', '2022-09-23 13:41:44'),
(794, 'BFC', 'Bifrost', '2022-09-12 21:41:15', '2022-09-23 13:41:44'),
(795, 'BIFI', 'BiFi', '2022-09-12 21:41:15', '2022-09-23 13:41:44'),
(796, 'KARA', 'KaraStar', '2022-09-12 21:41:15', '2022-09-23 13:41:44'),
(797, 'DFA', 'DeFine', '2022-09-12 21:41:15', '2022-09-23 13:41:44'),
(798, 'KYL', 'Kylin Network', '2022-09-12 21:41:15', '2022-09-23 13:41:44'),
(799, 'CELT', 'Celestial', '2022-09-12 21:41:15', '2022-09-23 13:41:44'),
(800, 'MBL', 'MovieBloc', '2022-09-12 21:41:16', '2022-09-23 13:41:44'),
(801, 'DUSK', 'Dusk Network', '2022-09-12 21:41:16', '2022-09-23 13:41:44'),
(802, 'CCD', 'Concordium', '2022-09-12 21:41:16', '2022-09-23 13:41:44'),
(803, 'USDD', 'Decentralized USD', '2022-09-12 21:41:16', '2022-09-23 13:41:44'),
(804, 'MBOX', 'Mobox', '2022-09-12 21:41:16', '2022-09-23 13:41:44'),
(805, 'SCRT', 'Secret', '2022-09-12 21:41:16', '2022-09-23 13:41:44'),
(806, 'MLS', 'Pikaster', '2022-09-12 21:41:16', '2022-09-23 13:41:44'),
(807, 'AFK', 'AFKDAO', '2022-09-12 21:41:16', '2022-09-23 13:41:44'),
(808, 'ACH', 'Alchemy Pay', '2022-09-12 21:41:16', '2022-09-23 13:41:44'),
(809, 'APE3L', 'APE 3x Long', '2022-09-12 21:41:16', '2022-09-23 13:41:44'),
(810, 'APE3S', 'APE 3x Short', '2022-09-12 21:41:16', '2022-09-23 13:41:44'),
(811, 'GMT3L', 'GMT 3x Long', '2022-09-12 21:41:16', '2022-09-23 13:41:44'),
(812, 'GMT3S', 'GMT 3x Short', '2022-09-12 21:41:16', '2022-09-23 13:41:44'),
(813, 'IHC', 'Inflation Hedging Coin', '2022-09-12 21:41:16', '2022-09-23 13:41:44'),
(814, 'STORE', 'Bit.Store', '2022-09-12 21:41:16', '2022-09-23 13:41:44'),
(815, 'DOSE', 'DOSE', '2022-09-12 21:41:16', '2022-09-23 13:41:44'),
(816, 'LUNC', 'Terra Classic', '2022-09-12 21:41:16', '2022-09-23 13:41:44'),
(817, 'USTC', 'Terra Classic USD', '2022-09-12 21:41:16', '2022-09-23 13:41:44'),
(818, 'JASMY3L', 'JASMY 3x Long', '2022-09-12 21:41:16', '2022-09-23 13:41:44'),
(819, 'JASMY3S', 'JASMY 3x Short', '2022-09-12 21:41:16', '2022-09-23 13:41:44'),
(820, 'IDLENFT', 'IdleStoneage', '2022-09-12 21:41:16', '2022-09-23 13:41:44'),
(821, 'OP', 'Optimism', '2022-09-12 21:41:16', '2022-09-23 13:41:44'),
(822, 'EVER', 'Everscale', '2022-09-12 21:41:16', '2022-09-23 13:41:44'),
(823, 'ICX', 'icon', '2022-09-12 21:41:16', '2022-09-23 13:41:44'),
(824, 'MOOV', 'Dotmoovs', '2022-09-12 21:41:16', '2022-09-23 13:41:44'),
(825, 'USDP', 'Pax Dollar', '2022-09-12 21:41:16', '2022-09-23 13:41:44'),
(826, 'WELL', 'Moonwell', '2022-09-12 21:41:16', '2022-09-23 13:41:44'),
(827, 'CSPR', 'Casper', '2022-09-12 21:41:16', '2022-09-23 13:41:44'),
(828, 'FORT', 'Forta', '2022-09-12 21:41:16', '2022-09-23 13:41:44'),
(829, 'REV3L', 'REV3AL', '2022-09-12 21:41:16', '2022-09-23 13:41:44'),
(830, 'WEMIX', 'Wemix', '2022-09-12 21:41:16', '2022-09-23 13:41:44'),
(831, 'OGV', 'Origin Dollar Governance', '2022-09-12 21:41:16', '2022-09-23 13:41:44'),
(832, 'OLE', 'OpenLeverage', '2022-09-12 21:41:16', '2022-09-23 13:41:44'),
(833, 'LDO', 'Lido DAO', '2022-09-12 21:41:16', '2022-09-23 13:41:44'),
(834, 'CULT', 'Cult DAO', '2022-09-12 21:41:16', '2022-09-23 13:41:44'),
(835, 'RBP', 'Rare Ball Portion', '2022-09-12 21:41:16', '2022-09-23 13:41:44'),
(836, 'SRBP', 'Super Rare Ball Portion', '2022-09-12 21:41:16', '2022-09-23 13:41:44'),
(837, 'HIBAYC', 'hiBAYC', '2022-09-12 21:41:16', '2022-09-23 13:41:44'),
(838, 'HIPUNKS', 'hiPUNKS', '2022-09-12 21:41:16', '2022-09-23 13:41:44'),
(839, 'BUSD', 'Binance USD', '2022-09-12 21:41:16', '2022-09-23 13:41:44'),
(840, 'FIDA', 'Bonfida', '2022-09-12 21:41:16', '2022-09-23 13:41:44'),
(841, 'WOMBAT', 'Wombat', '2022-09-12 21:41:16', '2022-09-23 13:41:44'),
(842, 'FT', 'Fracton Protocol', '2022-09-12 21:41:16', '2022-09-23 13:41:44'),
(843, 'HIENS4', 'hiENS4', '2022-09-12 21:41:16', '2022-09-23 13:41:44'),
(844, 'EGAME', 'EVERY GAME', '2022-09-12 21:41:16', '2022-09-23 13:41:44'),
(845, 'STEPWATCH', 'StepWatch', '2022-09-12 21:41:16', '2022-09-23 13:41:44'),
(846, 'HISAND33', 'hiSAND33', '2022-09-12 21:41:16', '2022-09-23 13:41:44'),
(847, 'XRD', 'XRD', '2022-09-12 21:41:16', '2022-09-23 13:41:44'),
(848, 'PIKASTER2', 'Pikaster', '2022-09-12 21:41:16', '2022-09-23 13:41:44'),
(849, 'DC', 'Dogechain', '2022-09-12 21:41:16', '2022-09-23 13:41:44'),
(850, 'HIENS3', 'hiENS3', '2022-09-12 21:41:16', '2022-09-23 13:41:44'),
(851, 'NEER', 'Metaverse.Network & Bit.Country', '2022-09-12 21:41:16', '2022-09-23 13:41:44'),
(852, 'RVN', 'Ravencoin', '2022-09-12 21:41:16', '2022-09-23 13:41:44'),
(853, 'MC', 'Mechaverse', '2022-09-12 21:41:16', '2022-09-23 13:41:44'),
(854, 'PEEL', 'Meta Apes', '2022-09-12 21:41:16', '2022-09-23 13:41:44'),
(855, 'SDL', 'Saddle DAO', '2022-09-12 21:41:16', '2022-09-23 13:41:44'),
(856, 'HIODBS', 'hiODBS', '2022-09-12 21:41:16', '2022-09-23 13:41:44'),
(857, 'SWEAT', 'Sweat Economy', '2022-09-12 21:41:16', '2022-09-23 13:41:44'),
(858, 'CMP', 'Caduceus', '2022-09-23 12:26:58', '2022-09-23 13:41:44'),
(859, 'PIX', 'PIXIE', '2022-09-23 12:26:58', '2022-09-23 13:41:44'),
(860, 'HIDOODLES', 'hiDOODLES', '2022-09-23 12:26:58', '2022-09-23 13:41:44'),
(861, 'MPLX', 'Metaplex', '2022-09-23 12:26:58', '2022-09-23 13:41:44'),
(862, 'ETHW', 'ETHPoW', '2022-09-23 12:26:58', '2022-09-23 13:41:44'),
(863, 'QUARTZ', 'Sandclock', '2022-09-23 12:26:58', '2022-09-23 13:41:44');

-- --------------------------------------------------------

--
-- Table structure for table `trading_logs`
--

CREATE TABLE `trading_logs` (
  `id` bigint UNSIGNED NOT NULL,
  `user_id` bigint UNSIGNED NOT NULL,
  `trade_start` varchar(255) CHARACTER SET utf8mb4 COLLATE utf8mb4_unicode_ci NOT NULL,
  `trade_stop` varchar(255) CHARACTER SET utf8mb4 COLLATE utf8mb4_unicode_ci NOT NULL,
  `amount` varchar(255) CHARACTER SET utf8mb4 COLLATE utf8mb4_unicode_ci NOT NULL,
  `amount_converted` varchar(255) CHARACTER SET utf8mb4 COLLATE utf8mb4_unicode_ci NOT NULL,
  `price` varchar(255) CHARACTER SET utf8mb4 COLLATE utf8mb4_unicode_ci NOT NULL DEFAULT '0.00000',
  `pair` varchar(255) CHARACTER SET utf8mb4 COLLATE utf8mb4_unicode_ci NOT NULL,
  `order` varchar(255) CHARACTER SET utf8mb4 COLLATE utf8mb4_unicode_ci NOT NULL,
  `order_type` varchar(255) CHARACTER SET utf8mb4 COLLATE utf8mb4_unicode_ci NOT NULL,
  `leverage` varchar(255) CHARACTER SET utf8mb4 COLLATE utf8mb4_unicode_ci NOT NULL,
  `tp` varchar(255) CHARACTER SET utf8mb4 COLLATE utf8mb4_unicode_ci NOT NULL DEFAULT '0',
  `sl` varchar(255) CHARACTER SET utf8mb4 COLLATE utf8mb4_unicode_ci NOT NULL DEFAULT '0',
  `status` varchar(255) CHARACTER SET utf8mb4 COLLATE utf8mb4_unicode_ci NOT NULL,
  `created_at` timestamp NULL DEFAULT NULL,
  `updated_at` timestamp NULL DEFAULT NULL
) ENGINE=InnoDB DEFAULT CHARSET=utf8mb4 COLLATE=utf8mb4_unicode_ci;

--
-- Dumping data for table `trading_logs`
--

INSERT INTO `trading_logs` (`id`, `user_id`, `trade_start`, `trade_stop`, `amount`, `amount_converted`, `price`, `pair`, `order`, `order_type`, `leverage`, `tp`, `sl`, `status`, `created_at`, `updated_at`) VALUES
(1, 2, '1666285925', '1666290845', '0.01', '0', '0.00000', 'BTC_USDT', 'market', 'sell', '12%', '0', '0', 'lose', '2022-10-20 16:12:06', '2022-11-01 20:33:19'),
(2, 2, '1666285967', '1666293287', '0.01', '0', '0.00000', 'BTC_USDT', 'market', 'sell', '12%', '0', '0', 'lose', '2022-10-20 16:12:48', '2022-11-01 20:33:19'),
(3, 2, '1666286108', '1666289828', '0.01', '0', '0.00000', 'BTC_USDT', 'market', 'sell', '12%', '0', '0', 'lose', '2022-10-20 16:15:11', '2022-11-01 20:33:19'),
(4, 2, '1666286471', '1666296851', '0.003', '0', '0.00000', 'BTC_USDT', 'market', 'sell', '0', '0', '0', 'lose', '2022-10-20 16:21:12', '2022-11-01 20:33:20'),
(5, 2, '1666286579', '1666295999', '0.01', '0', '0.00000', 'BTC_USDT', 'market', 'sell', '30%', '0', '0', 'lose', '2022-10-20 16:23:00', '2022-11-01 20:33:20'),
(6, 2, '1666286683', '1666298083', '0.1', '0', '0.00000', 'BTC_USDT', 'market', 'sell', '0', '0', '0', 'lose', '2022-10-20 16:24:45', '2022-11-01 20:33:20'),
(7, 2, '1666290785', '1666297505', '0.2', '0', '0.00000', 'BTC_USDT', 'market', 'sell', '0', '0', '0', 'lose', '2022-10-20 17:33:06', '2022-11-01 20:33:20'),
(8, 2, '1666290986', '1666292966', '0.1', '0', '0.00000', 'BTC_USDT', 'market', 'sell', '0', '0', '0', 'lose', '2022-10-20 17:36:27', '2022-11-01 20:33:20'),
(9, 2, '1666291183', '1666300783', '0.1', '0', '0.00000', 'BTC_USDT', 'market', 'sell', '17%', '0', '0', 'lose', '2022-10-20 17:39:43', '2022-11-01 20:33:20'),
(10, 2, '1666291354', '1666297954', '0.003', '0', '0.00000', 'BTC_USDT', 'market', 'sell', '0', '0', '0', 'lose', '2022-10-20 17:42:34', '2022-11-01 20:33:20'),
(11, 2, '1666291451', '1666295951', '0.004', '0', '0.00000', 'BTC_USDT', 'market', 'sell', '0', '0', '0', 'lose', '2022-10-20 17:44:13', '2022-11-01 20:33:20'),
(12, 2, '1666292301', '1666302021', '0.0002', '0', '0.00000', 'BTC_USDT', 'market', 'buy', '0', '0', '0', 'lose', '2022-10-20 17:58:23', '2022-11-01 20:33:20'),
(13, 2, '1666295600', '1666302020', '0.22', '1.1540656684348E-5', '19063.04', 'BTC_USDT', 'market', 'sell', '0', '0', '0', 'lose', '2022-10-20 18:53:21', '2022-11-01 20:33:20'),
(14, 2, '1666296862', '1666307662', '0.002', '1.0494164981916E-7', '19058.21', 'BTC_USDT', 'market', 'buy', '0', '0', '0', 'lose', '2022-10-20 19:14:23', '2022-11-01 20:33:20'),
(15, 2, '1666296909', '1666305729', '0.3', '1.5739001192492E-5', '19060.93', 'BTC_USDT', 'market', 'sell', '0', '0', '0', 'lose', '2022-10-20 19:15:12', '2022-11-01 20:33:20'),
(16, 2, '1666297209', '1666303689', '0.0003', '1.5758379912478E-8', '19037.49', 'BTC_USDT', 'market', 'buy', '0', '0', '0', 'lose', '2022-10-20 19:20:11', '2022-11-01 20:33:20'),
(17, 2, '1666297736', '1666305716', '0.0005', '0.0005', '19005.41', 'BTC_USDT', 'market', 'buy', '0', '0', '0', 'lose', '2022-10-20 19:28:57', '2022-11-01 20:33:20'),
(18, 2, '1666297776', '1666302996', '0.004', '0.004', '19015.36', 'BTC_USDT', 'market', 'buy', '0', '0', '0', 'lose', '2022-10-20 19:29:36', '2022-11-01 20:33:20'),
(19, 2, '1666298624', '1666300844', '0.002', '0.002', '19041.63', 'BTC_USDT', 'market', 'buy', '0', '0', '0', 'lose', '2022-10-20 19:43:45', '2022-11-01 20:33:20'),
(20, 2, '1666299423', '1666306803', '0.000004', '4.0E-6', '19018.37', 'BTC_USDT', 'market', 'buy', '0', '0', '0', 'lose', '2022-10-20 19:57:04', '2022-11-01 20:33:20'),
(21, 2, '1666299505', '1666306945', '0.001', '0.001', '19029.12', 'BTC_USDT', 'market', 'buy', '0', '0', '0', 'lose', '2022-10-20 19:58:27', '2022-11-01 20:33:20'),
(22, 2, '1666299580', '1666301920', '0.001', '0.001', '19026.58', 'BTC_USDT', 'market', 'buy', '0', '0', '0', 'lose', '2022-10-20 19:59:41', '2022-11-01 20:33:20'),
(23, 2, '1666299584', '1666302524', '0.001', '0.001', '19026.58', 'BTC_USDT', 'market', 'buy', '0', '0', '0', 'lose', '2022-10-20 19:59:46', '2022-11-01 20:33:20'),
(24, 2, '1666300167', '1666308867', '0.00000005', '5.0E-8', '19026.15', 'BTC_USDT', 'market', 'buy', '0', '0', '0', 'lose', '2022-10-20 20:09:28', '2022-11-01 20:33:20'),
(25, 2, '1666300294', '1666302454', '0.00004', '4.0E-5', '19032.69', 'BTC_USDT', 'market', 'buy', '0', '0', '0', 'lose', '2022-10-20 20:11:35', '2022-11-01 20:33:20'),
(26, 2, '1666300396', '1666305856', '0.0005', '0.0005', '19035.19', 'BTC_USDT', 'market', 'buy', '0', '0', '0', 'lose', '2022-10-20 20:13:17', '2022-11-01 20:33:21'),
(27, 2, '1666300442', '1666311002', '0.002', '38.07038', '19042.16', 'BTC_USDT', 'market', 'sell', '0', '0', '0', 'lose', '2022-10-20 20:14:03', '2022-11-01 20:33:21'),
(28, 2, '1666300466', '1666305806', '0.0007', '0.0007', '19042.16', 'BTC_USDT', 'market', 'buy', '0', '0', '0', 'lose', '2022-10-20 20:14:27', '2022-11-01 20:33:21');

-- --------------------------------------------------------

--
-- Table structure for table `trading_pairs`
--

CREATE TABLE `trading_pairs` (
  `id` bigint UNSIGNED NOT NULL,
  `pairs` longtext CHARACTER SET utf8mb4 COLLATE utf8mb4_unicode_ci NOT NULL,
  `created_at` timestamp NULL DEFAULT NULL,
  `updated_at` timestamp NULL DEFAULT NULL
) ENGINE=InnoDB DEFAULT CHARSET=utf8mb4 COLLATE=utf8mb4_unicode_ci;

--
-- Dumping data for table `trading_pairs`
--

INSERT INTO `trading_pairs` (`id`, `pairs`, `created_at`, `updated_at`) VALUES
(1, '[\"BTS_BTC\",\"DASH_BTC\",\"DOGE_BTC\",\"LTC_BTC\",\"NXT_BTC\",\"STR_BTC\",\"XEM_BTC\",\"XMR_BTC\",\"XRP_BTC\",\"BTC_USDT\",\"DASH_USDT\",\"LTC_USDT\",\"STR_USDT\",\"XMR_USDT\",\"XRP_USDT\",\"ETH_BTC\",\"ETH_USDT\",\"SC_BTC\",\"DCR_BTC\",\"LSK_BTC\",\"STEEM_BTC\",\"ETC_BTC\",\"ETC_ETH\",\"ETC_USDT\",\"ARDR_BTC\",\"ZEC_BTC\",\"ZEC_ETH\",\"ZEC_USDT\",\"ZRX_BTC\",\"ZRX_ETH\",\"CVC_BTC\",\"OMG_BTC\",\"GAS_BTC\",\"STORJ_BTC\",\"EOS_BTC\",\"EOS_ETH\",\"EOS_USDT\",\"SNT_BTC\",\"KNC_BTC\",\"BAT_BTC\",\"BAT_USDT\",\"LOOM_BTC\",\"DOGE_USDT\",\"LSK_USDT\",\"SC_USDT\",\"ZRX_USDT\",\"QTUM_BTC\",\"QTUM_USDT\",\"BTC_USDC\",\"ETH_USDC\",\"USDT_USDC\",\"MANA_BTC\",\"MANA_USDT\",\"BNT_BTC\",\"BCHSV_BTC\",\"BCHSV_USDC\",\"XRP_USDC\",\"XMR_USDC\",\"STR_USDC\",\"DOGE_USDC\",\"LTC_USDC\",\"ZEC_USDC\",\"FOAM_BTC\",\"NMR_BTC\",\"POLY_BTC\",\"LPT_BTC\",\"ATOM_BTC\",\"ATOM_USDC\",\"ATOM_USDT\",\"DASH_USDC\",\"EOS_USDC\",\"ETC_USDC\",\"BCHSV_USDT\",\"TRX_BTC\",\"TRX_USDC\",\"TRX_USDT\",\"ETH_TRX\",\"XRP_TRX\",\"BTT_USDT\",\"BTT_TRX\",\"WIN_USDT\",\"WIN_TRX\",\"STEEM_TRX\",\"LINK_BTC\",\"LINK_TRX\",\"XTZ_BTC\",\"XTZ_USDT\",\"XTZ_TRX\",\"BEAR_USDT\",\"BULL_USDT\",\"TRXBEAR_USDT\",\"TRXBULL_USDT\",\"USDP_USDT\",\"USDJ_USDT\",\"SNX_BTC\",\"SNX_USDT\",\"SNX_TRX\",\"BSVBEAR_USDT\",\"BSVBULL_USDT\",\"MATIC_BTC\",\"MATIC_USDT\",\"MATIC_TRX\",\"BCHBEAR_USDT\",\"BCHBULL_USDT\",\"ETHBEAR_USDT\",\"ETHBULL_USDT\",\"MKR_BTC\",\"MKR_USDT\",\"BVOL_USDT\",\"IBVOL_USDT\",\"DAI_USDT\",\"NEO_BTC\",\"NEO_USDT\",\"NEO_TRX\",\"SWFTC_BTC\",\"SWFTC_USDT\",\"SWFTC_TRX\",\"JST_USDT\",\"JST_TRX\",\"STEEM_USDT\",\"LINK_USDT\",\"AVA_BTC\",\"AVA_USDT\",\"AVA_TRX\",\"XRPBULL_USDT\",\"XRPBEAR_USDT\",\"EOSBULL_USDT\",\"EOSBEAR_USDT\",\"LINKBULL_USDT\",\"LINKBEAR_USDT\",\"CHR_BTC\",\"CHR_USDT\",\"CHR_TRX\",\"BTC_BNB\",\"BNB_USDT\",\"BUSD_USDT\",\"BNB_TRX\",\"BNB_BUSD\",\"BTC_BUSD\",\"MDT_BTC\",\"MDT_USDT\",\"MDT_TRX\",\"COMP_USDT\",\"COMP_ETH\",\"CUSDT_USDT\",\"REN_BTC\",\"REN_USDT\",\"LRC_BTC\",\"LRC_USDT\",\"BAL_USDT\",\"WRX_BTC\",\"WRX_USDT\",\"WRX_TRX\",\"STAKE_USDT\",\"SXP_BTC\",\"SXP_USDT\",\"SXP_TRX\",\"MTA_USDT\",\"YFI_USDT\",\"STPT_BTC\",\"STPT_USDT\",\"DEC_USDT\",\"UMA_USDT\",\"KTON_USDT\",\"RING_USDT\",\"SWAP_BTC\",\"SWAP_USDT\",\"EXE_BTC\",\"EXE_USDT\",\"TRADE_USDT\",\"GEEQ_USDT\",\"BAND_USDT\",\"DOS_USDT\",\"DIA_USDT\",\"ZAP_USDT\",\"PERX_USDT\",\"TRB_USDT\",\"CRV_USDT\",\"OM_USDT\",\"OCEAN_USDT\",\"BLY_USDT\",\"SWINGBY_BTC\",\"SWINGBY_USDT\",\"SWINGBY_TRX\",\"PRQ_USDT\",\"DOT_USDT\",\"RSR_USDT\",\"WNXM_USDT\",\"FCT2_USDT\",\"FCT2_BTC\",\"SUSHI_USDT\",\"YFII_USDT\",\"YFL_USDT\",\"JFI_USDT\",\"CORN_USDT\",\"SWRV_USDT\",\"FSW_USDT\",\"FUND_USDT\",\"FUND_TRX\",\"FUND_BTC\",\"HGET_USDT\",\"HGET_BTC\",\"AKRO_USDT\",\"AKRO_BTC\",\"UNI_USDT\",\"DHT_USDT\",\"MEME_USDT\",\"CVP_USDT\",\"GHST_USDT\",\"REPV2_BTC\",\"REPV2_USDT\",\"RARI_USDT\",\"DICE_USDT\",\"DICE_TRX\",\"AMP_BTC\",\"AMP_USDT\",\"AMP_TRX\",\"SAND_BTC\",\"SAND_USDT\",\"RFUEL_USDT\",\"VALUE_USDT\",\"POLS_USDT\",\"AAVE_BTC\",\"AAVE_USDT\",\"BID_BTC\",\"BID_USDT\",\"CVT_BTC\",\"CVT_USDT\",\"INJ_BTC\",\"INJ_USDT\",\"BCH_BTC\",\"BCH_USDT\",\"BCH_USDC\",\"SENSO_BTC\",\"SENSO_USDT\",\"KP3R_USDT\",\"GLM_BTC\",\"GLM_USDT\",\"ZLOT_USDT\",\"WBTC_BTC\",\"WBTC_USDT\",\"NU_USDT\",\"FRONT_BTC\",\"FRONT_USDT\",\"API3_USDT\",\"BADGER_USDT\",\"FARM_BTC\",\"FARM_USDT\",\"DOT_BTC\",\"GRT_USDT\",\"XFLR_USDT\",\"ESD_USDT\",\"ONEINCH_USDT\",\"REEF_USDT\",\"LON_USDT\",\"ROOK_USDT\",\"TRU_USDT\",\"CUDOS_USDT\",\"BOND_USDT\",\"TUSD_USDT\",\"TUSD_USDC\",\"ADABEAR_USDT\",\"ADABULL_USDT\",\"LTCBEAR_USDT\",\"LTCBULL_USDT\",\"XLMBEAR_USDT\",\"XLMBULL_USDT\",\"WETH_USDT\",\"TRU_BTC\",\"FTT_USDT\",\"SRM_USDT\",\"LPT_USDT\",\"BTC_TUSD\",\"ETH_TUSD\",\"ALPHA_USDT\",\"TORN_USDT\",\"ZKS_USDT\",\"RNDR_USDT\",\"VSP_USDT\",\"VSP_TRX\",\"BDP_USDT\",\"ADD_USDT\",\"KCS_USDT\",\"BTCST_USDT\",\"SFI_USDT\",\"FIL_BTC\",\"FIL_USDT\",\"XYM_BTC\",\"XYM_USDT\",\"LIVE_USDT\",\"SHIB_USDT\",\"AKITA_USDT\",\"B20_USDT\",\"KLV_USDT\",\"KLV_BTC\",\"KLV_TRX\",\"LQTY_USDT\",\"NFTX_USDT\",\"MIR_USDT\",\"DEGO_USDT\",\"ELON_USDT\",\"MIST_USDT\",\"XOR_USDT\",\"QUICK_USDT\",\"MVL_USDT\",\"NFT_USDT\",\"NFT_TRX\",\"HT_USDT\",\"CTSI_USDT\",\"RLC_USDT\",\"ERSDL_USDT\",\"LEASH_USDT\",\"KISHU_TRX\",\"GTC_USDT\",\"OKB_USDT\",\"POL_USDT\",\"SUN_USDT\",\"SUN_TRX\",\"XEC_USDT\",\"CAKE_USDT\",\"XVS_USDT\",\"BURGER_USDT\",\"AXS_USDT\",\"YFX_USDT\",\"YFX_BTC\",\"ALPACA_USDT\",\"C98_USDT\",\"PERP_USDT\",\"TRU_TUSD\",\"ACH1_USDT\",\"CLV_USDT\",\"YGG_USDT\",\"ALICE_USDT\",\"RD_USDT\",\"AUDIO_USDT\",\"BIT_USDT\",\"BNB_USDC\",\"LINK_USDC\",\"MBOX_USDT\",\"OSK_USDT\",\"OSK_TRX\",\"LUMI_USDT\",\"LUMI_TRX\",\"PUNK_USDT\",\"COOL_USDT\",\"MATTER_USDT\",\"MATTER_TRX\",\"AGLD_USDT\",\"MATIC_USDC\",\"MANA_USDC\",\"XEM_USDC\",\"BTT_USDC\",\"SRM_USDC\",\"XEM_USDT\",\"SRM_BTC\",\"DYDX_USDT\",\"XCAD_USDT\",\"GALA_USDT\",\"LDO_USDT\",\"IDIA_USDT\",\"BTRST_USDT\",\"FLOKI_USDT\",\"TOKE_USDT\",\"WNCG_USDT\",\"MLN_USDT\",\"WOO_USDT\",\"ENJ_USDT\",\"CHZ_USDT\",\"SLP_USDT\",\"OGN_USDT\",\"PLA_USDT\",\"TLM_USDT\",\"SUPER_USDT\",\"ILV_USDT\",\"ERN_USDT\",\"SPELL_USDT\",\"ICE_USDT\",\"EFI_USDT\",\"RACA_USDT\",\"AVAX_USDT\",\"GMEE_USDT\",\"MIM_USDT\",\"CVX_USDT\",\"SHIB_USDC\",\"AVAX_USDC\",\"AVAX_BTC\",\"SQUID_USDT\",\"ENS_USDT\",\"IMX_USDT\",\"TIME_USDT\",\"DOE_USDT\",\"GN_USDT\",\"SAITAMA_USDT\",\"BOBA_USDT\",\"POLYDOGE_USDT\",\"FREN_USDT\",\"HEX_USDT\",\"FXS_USDT\",\"DYP_USDT\",\"TRIBE_USDT\",\"KEEP_USDT\",\"SOL_USDT\",\"SOL_BTC\",\"SOL_USDC\",\"DORA_USDT\",\"ORCA_USDT\",\"PEOPLE_USDT\",\"UDT_USDT\",\"PRINTS_USDT\",\"PSP_USDT\",\"NEXO_USDT\",\"FTM_USDT\",\"BNX_USDT\",\"SSG_USDT\",\"QI_USDT\",\"ADA_USDT\",\"REQ_USDT\",\"SAMO_USDT\",\"ATLAS_USDT\",\"POLIS_USDT\",\"FIDA_USDT\",\"STEP_USDT\",\"BICO_USDT\",\"GF_USDT\",\"GODS_USDT\",\"RBN_USDT\",\"PYR_USDT\",\"NCR_USDT\",\"SOS_USDT\",\"HIGH_USDT\",\"FREE_USDT\",\"VOXEL_USDT\",\"ADA_BTC\",\"ADA_USDC\",\"CTC_USDT\",\"METIS_USDT\",\"OOKI_USDT\",\"BTRFLY_USDT\",\"LOOKS_USDT\",\"FTM_USDC\",\"FTM_BTC\",\"SHPING_USDT\",\"LOKA_USDT\",\"VRA_USDT\",\"SUKU_USDT\",\"NCT_USDT\",\"MQST_USDT\",\"STRK_USDT\",\"HUNT_USDT\",\"RND_USDT\",\"TITAN_USDT\",\"UMEE_USDT\",\"X2Y2_USDT\",\"ALPINE_USDT\",\"LQDR_USDT\",\"SPIRIT_USDT\",\"JPEG_USDT\",\"GMT_USDT\",\"AERGO_USDT\",\"APE_USDT\",\"NVIR_USDT\",\"STG_USDT\",\"CULT_USDT\",\"GEIST_USDT\",\"KSM_USDT\",\"ONSTON_USDT\",\"CEEK_USDT\",\"NYM_USDT\",\"CAW_USDT\",\"DAR_USDT\",\"MESH_USDT\",\"USDD_USDT\",\"GAL_USDT\",\"FITFI_USDT\",\"USDD_USDC\",\"BTC_USDD\",\"ETH_USDD\",\"TRX_USDD\",\"BTT_USDD\",\"NFT_USDD\",\"JST_USDD\",\"WIN_USDD\",\"SUN_USDD\",\"TUSD_USDD\",\"ELON_USDD\",\"SHIB_USDD\",\"DOGE_USDD\",\"XRP_USDD\",\"LTC_USDD\",\"DOT_USDD\",\"XCN_USDT\",\"FRAX_USDT\",\"FRAX_USDD\",\"HBB_USDT\",\"USDH_USDT\",\"HBB_USDD\",\"USDH_USDD\",\"KUB_USDT\",\"KUB_USDD\",\"SHIT_USDT\",\"SHIT_USDD\",\"KSM_USDD\",\"WLKN_USDT\",\"WLKN_USDD\",\"BNT_USDT\",\"NXT_USDT\",\"LOOM_USDT\",\"KNC_USDT\",\"SNT_USDT\",\"LUNA_USDT\",\"LUNC_USDT\",\"LUNC_USDD\",\"ETHW_USDD\",\"ETHW_USDT\",\"ETHW_ETH\",\"SANTOS_USDT\",\"NMR_USDT\",\"CVC_USDT\",\"STORJ_USDT\",\"OMG_USDT\",\"ETHF_USDT\",\"ETHF_USDD\",\"POLY_USDT\",\"DC_USDT\",\"DC_USDD\",\"SSV_USDT\",\"SSV_USDD\",\"APX_USDT\",\"APX_USDD\",\"LUNA_USDD\",\"ZBC_USDD\",\"ZBC_USDT\",\"CHZ_USDD\",\"FOAM_USDT\",\"XEN_USDD\",\"XEN_USDT\",\"BTS_USDT\",\"ARDR_USDT\",\"GAS_USDT\",\"SANTOS_USDD\"]', '2022-10-19 22:53:55', '2022-10-19 22:53:55');

-- --------------------------------------------------------

--
-- Table structure for table `trading_signals`
--

CREATE TABLE `trading_signals` (
  `id` bigint UNSIGNED NOT NULL,
  `user_id` bigint UNSIGNED NOT NULL,
  `pair` varchar(255) CHARACTER SET utf8mb4 COLLATE utf8mb4_unicode_ci NOT NULL,
  `end_time` varchar(255) CHARACTER SET utf8mb4 COLLATE utf8mb4_unicode_ci NOT NULL,
  `amount` varchar(255) CHARACTER SET utf8mb4 COLLATE utf8mb4_unicode_ci NOT NULL,
  `leverage` varchar(255) CHARACTER SET utf8mb4 COLLATE utf8mb4_unicode_ci NOT NULL,
  `type` varchar(255) CHARACTER SET utf8mb4 COLLATE utf8mb4_unicode_ci NOT NULL,
  `created_at` timestamp NULL DEFAULT NULL,
  `updated_at` timestamp NULL DEFAULT NULL
) ENGINE=InnoDB DEFAULT CHARSET=utf8mb4 COLLATE=utf8mb4_unicode_ci;

--
-- Dumping data for table `trading_signals`
--

INSERT INTO `trading_signals` (`id`, `user_id`, `pair`, `end_time`, `amount`, `leverage`, `type`, `created_at`, `updated_at`) VALUES
(3, 2, 'BTS_BTC', '1666235599', '333', '11', 'buy', '2022-10-20 01:32:19', '2022-10-20 01:32:19'),
(4, 2, 'DASH_BTC', '1666235000', '104', '27', 'sell', '2022-10-20 01:32:20', '2022-10-20 01:32:20'),
(5, 2, 'DOGE_BTC', '1666234880', '85', '8', 'buy', '2022-10-20 01:32:20', '2022-10-20 01:32:20'),
(6, 2, 'BTS_BTC', '1666234640', '129', '76', 'buy', '2022-10-20 01:32:20', '2022-10-20 01:32:20'),
(7, 2, 'DASH_BTC', '1666233800', '79', '36', 'buy', '2022-10-20 01:32:20', '2022-10-20 01:32:20'),
(8, 2, 'DOGE_BTC', '1666234160', '397', '43', 'sell', '2022-10-20 01:32:20', '2022-10-20 01:32:20'),
(9, 2, 'LTC_BTC', '1666236966', '26597', '64', 'buy', '2022-10-20 01:39:06', '2022-10-20 01:39:06'),
(10, 2, 'LTC_BTC', '1666235826', '9196', '22', 'buy', '2022-10-20 01:39:06', '2022-10-20 01:39:06');

-- --------------------------------------------------------

--
-- Table structure for table `trading_wallets`
--

CREATE TABLE `trading_wallets` (
  `id` bigint UNSIGNED NOT NULL,
  `user_id` bigint UNSIGNED NOT NULL,
  `symbol` varchar(255) CHARACTER SET utf8mb4 COLLATE utf8mb4_unicode_ci NOT NULL,
  `balance` varchar(255) CHARACTER SET utf8mb4 COLLATE utf8mb4_unicode_ci NOT NULL DEFAULT '0',
  `address` varchar(255) CHARACTER SET utf8mb4 COLLATE utf8mb4_unicode_ci DEFAULT NULL,
  `icon` varchar(255) CHARACTER SET utf8mb4 COLLATE utf8mb4_unicode_ci DEFAULT NULL,
  `created_at` timestamp NULL DEFAULT NULL,
  `updated_at` timestamp NULL DEFAULT NULL
) ENGINE=InnoDB DEFAULT CHARSET=utf8mb4 COLLATE=utf8mb4_unicode_ci;

--
-- Dumping data for table `trading_wallets`
--

INSERT INTO `trading_wallets` (`id`, `user_id`, `symbol`, `balance`, `address`, `icon`, `created_at`, `updated_at`) VALUES
(1, 2, '1EARTH', '0', 'EzA7mcPAP3Rr5gaApCLQ', NULL, '2022-10-13 21:10:51', '2022-10-13 21:10:51'),
(3, 2, '1INCH', '0', 'srGGUnoPLZC1tMl3mEmW', NULL, '2022-10-13 21:18:15', '2022-10-13 21:18:15'),
(4, 2, 'BTC', '1.567136979182', '2GphQJuKH9hNDTl1wn9I', NULL, '2022-10-13 22:11:41', '2022-10-20 20:14:02'),
(5, 2, 'ABBC', '0', 'kg3dPqESjxkfek8WxGbz', NULL, '2022-10-13 22:21:03', '2022-10-13 22:21:03'),
(6, 2, 'ACA', '0', 'r8EM23pGY7JxWkIc0QMe', NULL, '2022-10-13 22:24:06', '2022-10-13 22:24:06'),
(7, 2, 'ALPHA', '0', 'ZYYzvW5Wo05PNKhpHnhF', NULL, '2022-10-13 22:28:15', '2022-10-13 22:28:15'),
(8, 2, 'ACH', '0', '1Ql5Ib5Xtv3SFMxMYpxX', NULL, '2022-10-13 22:29:05', '2022-10-13 22:29:05'),
(9, 2, 'BCH', '0', 'lzQIYRSoNdvo6BL6INYV', NULL, '2022-10-13 22:29:27', '2022-10-13 22:29:27'),
(10, 2, 'ETH', '0.3808885367786', '8jEFldbd3jgDbkGJwjDO', NULL, '2022-10-17 08:30:59', '2022-10-18 21:32:23'),
(11, 2, 'USDT', '43.05071998158', 'X1mROlrTP2khbz1qIp1nc4DAnf43yqrrvR', NULL, '2022-10-20 17:51:51', '2022-10-20 20:14:27');

-- --------------------------------------------------------

--
-- Table structure for table `trading_wallet_transactions`
--

CREATE TABLE `trading_wallet_transactions` (
  `id` bigint UNSIGNED NOT NULL,
  `user_id` varchar(255) CHARACTER SET utf8mb4 COLLATE utf8mb4_unicode_ci NOT NULL,
  `wallet_id` bigint UNSIGNED NOT NULL,
  `symbol` varchar(255) CHARACTER SET utf8mb4 COLLATE utf8mb4_unicode_ci NOT NULL,
  `type` varchar(255) CHARACTER SET utf8mb4 COLLATE utf8mb4_unicode_ci NOT NULL,
  `order_type` varchar(255) CHARACTER SET utf8mb4 COLLATE utf8mb4_unicode_ci DEFAULT NULL,
  `amount` varchar(255) CHARACTER SET utf8mb4 COLLATE utf8mb4_unicode_ci NOT NULL,
  `created_at` timestamp NULL DEFAULT NULL,
  `updated_at` timestamp NULL DEFAULT NULL
) ENGINE=InnoDB DEFAULT CHARSET=utf8mb4 COLLATE=utf8mb4_unicode_ci;

--
-- Dumping data for table `trading_wallet_transactions`
--

INSERT INTO `trading_wallet_transactions` (`id`, `user_id`, `wallet_id`, `symbol`, `type`, `order_type`, `amount`, `created_at`, `updated_at`) VALUES
(1, '2', 10, 'BTC', 'credit', 'funding', '0.0003', '2022-10-18 16:40:18', '2022-10-18 16:40:18'),
(2, '2', 4, 'BTC', 'credit', 'funding', '0.0036302704395894', '2022-10-18 21:08:12', '2022-10-18 21:08:12'),
(3, '2', 4, 'BTC', 'debit', 'withdrawal', '0.0025937888095651', '2022-10-18 21:17:21', '2022-10-18 21:17:21'),
(4, '2', 4, 'BTC', 'debit', 'withdrawal', '0.0031095220301862', '2022-10-18 21:17:39', '2022-10-18 21:17:39'),
(5, '2', 4, 'BTC', 'debit', 'withdrawal', '0.0025934672634408', '2022-10-18 21:20:42', '2022-10-18 21:20:42'),
(6, '2', 4, 'BTC', 'credit', 'funding', '0.031094060049885', '2022-10-18 21:27:50', '2022-10-18 21:27:50'),
(7, '2', 10, 'ETH', 'credit', 'funding', '0.3808885367786', '2022-10-18 21:32:23', '2022-10-18 21:32:23'),
(8, '2', 4, 'BTC', 'credit', 'funding', '2.6106865844648', '2022-10-20 16:17:21', '2022-10-20 16:17:21'),
(9, '2', 11, 'USDT', 'credit', 'funding', '200', '2022-10-20 17:52:40', '2022-10-20 17:52:40'),
(10, '2', 4, 'BTC', 'debit', 'sell', '0.22', '2022-10-20 18:53:20', '2022-10-20 18:53:20'),
(11, '2', 4, 'BTC', 'debit', 'buy', '0.002', '2022-10-20 19:14:22', '2022-10-20 19:14:22'),
(12, '2', 4, 'BTC', 'debit', 'sell', '0.3', '2022-10-20 19:15:09', '2022-10-20 19:15:09'),
(13, '2', 4, 'BTC', 'debit', 'buy', '0.0003', '2022-10-20 19:20:10', '2022-10-20 19:20:10'),
(14, '2', 11, 'USDT', 'debit', 'buy', '0.0003', '2022-10-20 19:21:12', '2022-10-20 19:21:12'),
(15, '2', 11, 'USDT', 'debit', 'buy', '0.0005', '2022-10-20 19:21:40', '2022-10-20 19:21:40'),
(16, '2', 11, 'USDT', 'debit', 'buy', '0.0005', '2022-10-20 19:25:09', '2022-10-20 19:25:09'),
(17, '2', 11, 'USDT', 'debit', 'buy', '0.0005', '2022-10-20 19:25:33', '2022-10-20 19:25:33'),
(18, '2', 11, 'USDT', 'debit', 'buy', '0.0005', '2022-10-20 19:26:04', '2022-10-20 19:26:04'),
(19, '2', 11, 'USDT', 'debit', 'buy', '0.0005', '2022-10-20 19:28:56', '2022-10-20 19:28:56'),
(20, '2', 11, 'USDT', 'debit', 'buy', '0.004', '2022-10-20 19:29:36', '2022-10-20 19:29:36'),
(21, '2', 11, 'USDT', 'debit', 'buy', '0.002', '2022-10-20 19:31:15', '2022-10-20 19:31:15'),
(22, '2', 11, 'USDT', 'debit', 'buy', '0.002', '2022-10-20 19:32:34', '2022-10-20 19:32:34'),
(23, '2', 11, 'USDT', 'debit', 'buy', '0.002', '2022-10-20 19:32:42', '2022-10-20 19:32:42'),
(24, '2', 11, 'USDT', 'debit', 'buy', '0.002', '2022-10-20 19:32:49', '2022-10-20 19:32:49'),
(25, '2', 11, 'USDT', 'debit', 'buy', '0.002', '2022-10-20 19:35:18', '2022-10-20 19:35:18'),
(26, '2', 11, 'USDT', 'debit', 'buy', '0.002', '2022-10-20 19:35:25', '2022-10-20 19:35:25'),
(27, '2', 11, 'USDT', 'debit', 'buy', '0.002', '2022-10-20 19:36:01', '2022-10-20 19:36:01'),
(28, '2', 11, 'USDT', 'debit', 'buy', '0.002', '2022-10-20 19:37:24', '2022-10-20 19:37:24'),
(29, '2', 11, 'USDT', 'debit', 'buy', '0.002', '2022-10-20 19:38:50', '2022-10-20 19:38:50'),
(30, '2', 11, 'USDT', 'debit', 'buy', '0.002', '2022-10-20 19:39:36', '2022-10-20 19:39:36'),
(31, '2', 11, 'USDT', 'debit', 'buy', '0.002', '2022-10-20 19:43:26', '2022-10-20 19:43:26'),
(32, '2', 11, 'USDT', 'debit', 'buy', '0.002', '2022-10-20 19:43:45', '2022-10-20 19:43:45'),
(33, '2', 11, 'USDT', 'debit', 'buy', '0.000004', '2022-10-20 19:57:04', '2022-10-20 19:57:04'),
(34, '2', 11, 'USDT', 'debit', 'buy', '0.001', '2022-10-20 19:58:27', '2022-10-20 19:58:27'),
(35, '2', 11, 'USDT', 'debit', 'buy', '0.001', '2022-10-20 19:59:41', '2022-10-20 19:59:41'),
(36, '2', 11, 'USDT', 'debit', 'buy', '0.001', '2022-10-20 19:59:45', '2022-10-20 19:59:45'),
(37, '2', 11, 'USDT', 'debit', 'buy', '0.00000005', '2022-10-20 20:09:27', '2022-10-20 20:09:27'),
(38, '2', 11, 'USDT', 'debit', 'buy', '0.00004', '2022-10-20 20:11:35', '2022-10-20 20:11:35'),
(39, '2', 11, 'USDT', 'debit', 'buy', '0.0005', '2022-10-20 20:13:17', '2022-10-20 20:13:17'),
(40, '2', 4, 'BTC', 'debit', 'sell', '0.002', '2022-10-20 20:14:02', '2022-10-20 20:14:02'),
(41, '2', 11, 'USDT', 'debit', 'buy', '0.0007', '2022-10-20 20:14:27', '2022-10-20 20:14:27');

-- --------------------------------------------------------

--
-- Table structure for table `transactions`
--

CREATE TABLE `transactions` (
  `id` bigint UNSIGNED NOT NULL,
  `user_id` bigint UNSIGNED NOT NULL,
  `type` varchar(255) CHARACTER SET utf8mb4 COLLATE utf8mb4_unicode_ci NOT NULL,
  `amount` varchar(255) CHARACTER SET utf8mb4 COLLATE utf8mb4_unicode_ci NOT NULL,
  `method` varchar(255) CHARACTER SET utf8mb4 COLLATE utf8mb4_unicode_ci NOT NULL,
  `balance_after_transaction` varchar(255) CHARACTER SET utf8mb4 COLLATE utf8mb4_unicode_ci NOT NULL,
  `remark` varchar(255) CHARACTER SET utf8mb4 COLLATE utf8mb4_unicode_ci NOT NULL,
  `txn_id` varchar(255) CHARACTER SET utf8mb4 COLLATE utf8mb4_unicode_ci NOT NULL,
  `created_at` timestamp NULL DEFAULT NULL,
  `updated_at` timestamp NULL DEFAULT NULL
) ENGINE=InnoDB DEFAULT CHARSET=utf8mb4 COLLATE=utf8mb4_unicode_ci;

--
-- Dumping data for table `transactions`
--

INSERT INTO `transactions` (`id`, `user_id`, `type`, `amount`, `method`, `balance_after_transaction`, `remark`, `txn_id`, `created_at`, `updated_at`) VALUES
(10, 4, 'credit', '66.508', 'Referral Bonus', '3751.552', 'Referal Bonus', '5b0745fd758ad57483f1387c283faf97', '2022-06-27 12:22:13', '2022-06-27 12:22:13'),
(11, 4, 'credit', '66.508', 'Referral Bonus', '3818.06', 'Referal Bonus', '3edef9058bc4e7838aaed39703c635fa', '2022-06-27 13:08:54', '2022-06-27 13:08:54'),
(12, 4, 'credit', '23000.26', 'Referral Bonus', '26818.32', 'Referal Bonus', 'c9a40a191e98179cdf11f8ae1fe51a1a', '2022-06-27 15:56:12', '2022-06-27 15:56:12'),
(13, 4, 'credit', '23000.26', 'Referral Bonus', '49818.58', 'Referal Bonus', 'fef203ffe12239f4660f4b081a6f3729', '2022-06-27 15:58:45', '2022-06-27 15:58:45'),
(14, 1, 'credit', '89.8', 'Referral Bonus', '209.8', 'Referal Bonus', '9446bb175a64cf60fcca201d6f257c14', '2022-07-03 12:56:42', '2022-07-03 12:56:42'),
(15, 1, 'credit', '67', 'Referral Bonus', '276.8', 'Referal Bonus', '6668c2954ea367247d7e17806ec9748f', '2022-07-03 21:45:22', '2022-07-03 21:45:22'),
(16, 23, 'credit', '122', 'Deposit', '321', 'Paystack Deposit', '9817a6d6dd17c3e1a2697bd56ba32af4', '2022-07-04 06:36:33', '2022-07-04 06:36:33'),
(17, 1, 'credit', '12.2', 'Referral Bonus', '289', 'Referal Bonus', 'd4cc0396114aaac4745b66cf67f2ac1e', '2022-07-04 06:36:36', '2022-07-04 06:36:36'),
(18, 23, 'credit', '4565', 'Deposit', '4687', 'Paystack Deposit', 'e6e652440ae001573bdd23d28529694e', '2022-07-04 06:47:38', '2022-07-04 06:47:38'),
(19, 1, 'credit', '456.5', 'Referral Bonus', '745.5', 'Referal Bonus', '2aa0b67aa0f1ce9344c7bee5319b3131', '2022-07-04 06:47:40', '2022-07-04 06:47:40'),
(20, 23, 'debit', '512.5', 'Transfer to OVNLT1', '3149.5', 'Transfer To Start trading', 'b905942ba694d138895902a62f213c43', '2022-07-04 14:04:33', '2022-07-04 14:04:33'),
(21, 1, 'credit', '500', 'Transfer from FEV51JP8UD23', '1245.5', 'Transfer To Start trading', '3cabbda78d3248b4fecb25d6c65caae8', '2022-07-04 14:04:35', '2022-07-04 14:04:35'),
(23, 23, 'credit', '50', 'Transfer from OVNLT1', '3199.5', 'Transfer for coins', '26277f56f5bb362b54f16b50af9d9d69', '2022-07-04 14:34:09', '2022-07-04 14:34:09'),
(24, 1, 'debit', '51.25', 'Transfer to FEV51JP8UD23', '1143', 'Transfer', 'b33c8923b93210ea55ba426f87be9b78', '2022-07-04 15:03:55', '2022-07-04 15:03:55'),
(25, 23, 'credit', '50', 'Transfer from OVNLT1', '3249.5', 'Transfer', 'db16612871714664cead5ff8151ca389', '2022-07-04 15:03:56', '2022-07-04 15:03:56'),
(26, 23, 'debit', '393.6', 'Transfer to CJDYU5', '2855.9', 'friends', '3738819427ef0143307fa507328e9ed0', '2022-07-04 16:55:23', '2022-07-04 16:55:23'),
(28, 1, 'debit', '559.65', 'Transfer to FEV51JP8UD23', '583.35', 'Testing Transfer', '44c8d4f3308a71523db33105dfa42168', '2022-07-04 18:40:27', '2022-07-04 18:40:27'),
(29, 23, 'credit', '546', 'Transfer from OVNLT1', '3401.9', 'Testing Transfer', 'e3fd4aff071b293249e8fa352e6542c8', '2022-07-04 18:40:29', '2022-07-04 18:40:29'),
(30, 23, 'debit', '410', 'Transfer to OVNLT1', '2991.9', 'Testing', '315861a0ad04e07e183b75850f7a26c6', '2022-07-05 17:25:11', '2022-07-05 17:25:11'),
(31, 23, 'debit', '615', 'Transfer to OVNLT1', '2376.9', 'websiteHealth', '2cdba2aa2dd1e30df4afd0d6b7c96a9f', '2022-07-05 17:50:58', '2022-07-05 17:50:58'),
(32, 1, 'debit', '48.175', 'Transfer to FEV51JP8UD23', '535.175', 'Testing otp', 'dfb6ff17c3f70048beeb95f1d1f47305', '2022-07-05 20:43:01', '2022-07-05 20:43:01'),
(33, 1, 'debit', '61.5', 'Transfer to FEV51JP8UD23', '473.675', 'test', '96e759420cc77990674ec53ba81b4acc', '2022-07-05 21:17:49', '2022-07-05 21:17:49'),
(34, 23, 'credit', '60', 'Transfer From OVNLT1', '2436.9', 'test', 'baf821c824bce123879bfe19493af1f1', '2022-07-06 01:01:45', '2022-07-06 01:01:45'),
(35, 23, 'debit', '12.3', 'Transfer to OVNLT1', '2424.6', 'Testing artisan', '4dde3bd96ba0b90deab8b7f3527914d1', '2022-07-06 12:24:28', '2022-07-06 12:24:28'),
(36, 23, 'debit', '320', 'Loan Repayment', '2104.6', 'Loan Paid', 'fd58bcf1b5ee93896a4dd3f390c04dde', '2022-07-07 05:13:28', '2022-07-07 05:13:28'),
(37, 23, 'debit', '26.125', 'Loan Repayment', '2078.475', 'Loan Paid', '71b447656ae8d9d837a2d860699b5606', '2022-07-07 05:13:30', '2022-07-07 05:13:30'),
(38, 23, 'debit', '399', 'Loan Repayment', '1679.475', 'Loan Paid', 'd16314a4cc8cd2e5c397d011b84868b1', '2022-07-07 09:57:04', '2022-07-07 09:57:04'),
(39, 1, 'credit', '10000', 'Deposit - Paystack', '10473.675', 'Paystack Deposit', '38f9ccf740e10dadf747b3e5a3ad8241', '2022-07-07 15:44:36', '2022-07-07 15:44:36'),
(40, 23, 'debit', '399', 'Loan Repayment', '1280.475', 'Loan Paid', 'd6445814991bc5e672fd2c7f54951a93', '2022-07-07 17:49:07', '2022-07-07 17:49:07'),
(41, 1, 'credit', '198', 'Loan', '10671.675', 'Loan Credited', '2f6c642ad6b00438c98f6df2de9b4daf', '2022-07-07 18:48:10', '2022-07-07 18:48:10'),
(42, 1, 'credit', '198', 'Loan', '10869.675', 'Loan Credited', '530808ae1f0bb4743ff98f62c3f4da78', '2022-07-07 19:05:32', '2022-07-07 19:05:32'),
(43, 1, 'credit', '99', 'Loan', '10968.675', 'Loan Credited', 'b64426f9e9045b49f1d90499dd342cc8', '2022-07-07 19:27:32', '2022-07-07 19:27:32'),
(44, 1, 'credit', '99', 'Loan', '11067.675', 'Loan Credited', '2a2994d2ea83fc07feebfc7bac15df65', '2022-07-07 19:29:57', '2022-07-07 19:29:57'),
(45, 1, 'credit', '99', 'Loan', '11166.675', 'Loan Credited', '0dcb9ee71cabb9b25cd1ec71ad60545e', '2022-07-07 19:31:25', '2022-07-07 19:31:25'),
(46, 1, 'credit', '198', 'Loan', '11364.675', 'Loan Credited', '7790f41594140c34d8a3f6159559e8b2', '2022-07-07 19:34:10', '2022-07-07 19:34:10'),
(47, 23, 'debit', '621', 'Plan Purchase', '659.475', 'Investment Plan Purchase - Diamond Plan', '2a850c9536936f883426246a45d11601', '2022-07-08 13:45:59', '2022-07-08 13:45:59'),
(48, 23, 'debit', '100', 'Plan Purchase', '559.475', 'Investment Plan Purchase - Starter Plan', '4d5c9a2c4f82fb3b90838dc0091f025d', '2022-07-08 13:49:53', '2022-07-08 13:49:53'),
(49, 23, 'debit', '600', 'Plan Purchase', '554959.475', 'Investment Plan Purchase - Pro Plan', 'feb8dd1e960bac7d2e11ee5831fa0e6c', '2022-07-08 13:53:43', '2022-07-08 13:53:43'),
(50, 23, 'debit', '599', 'Plan Purchase', '554360.475', 'Investment Plan Purchase - Gold Plan', 'b35982e18a2aea634675ec8a14eea08f', '2022-07-08 13:58:05', '2022-07-08 13:58:05'),
(51, 23, 'credit', '1.98375', 'Investment Earning', '554362.45875', 'Investment Earning from - Diamond Plan', 'd9cf98fd03b96540dbf6a96474a947ca', '2022-07-08 16:21:20', '2022-07-08 16:21:20'),
(52, 23, 'credit', '12.5', 'Investment Earning', '554374.95875', 'Investment Earning from - Starter Plan', '9f52fdc9d76180041591cd8e4a39b6e8', '2022-07-08 16:21:22', '2022-07-08 16:21:22'),
(53, 23, 'credit', '1.98375', 'Investment Earning', '554376.9425', 'Investment Earning from - Diamond Plan', '1949ef8ff88d0cede549bda5c2d02975', '2022-07-08 16:53:44', '2022-07-08 16:53:44'),
(54, 23, 'credit', '1.98375', 'Investment Earning', '554378.92625', 'Investment Earning from - Diamond Plan', '4ed55356a3bcc3a631a00ff869989270', '2022-07-08 16:55:27', '2022-07-08 16:55:27'),
(55, 23, 'debit', '100', 'Plan Purchase', '554278.92625', 'Investment Plan Purchase - Starter Plan', 'dab8f0478900a0dd86184396efaaafc6', '2022-07-08 17:08:02', '2022-07-08 17:08:02'),
(56, 23, 'credit', '1.98375', 'Investment Earning', '554280.91', 'Investment Earning from - Diamond Plan', '211f029c284327eebbb5188114d558fb', '2022-07-08 18:39:23', '2022-07-08 18:39:23'),
(57, 23, 'credit', '12.5', 'Investment Earning', '554293.41', 'Investment Earning from - Starter Plan', 'abbd70965dd117bdd81539274a72dd84', '2022-07-08 18:39:26', '2022-07-08 18:39:26'),
(58, 23, 'credit', '12.5', 'Investment Earning', '554305.91', 'Investment Earning from - Starter Plan', '9162aa8a60b383372cc02d8392f4790e', '2022-07-08 18:39:26', '2022-07-08 18:39:26'),
(59, 23, 'credit', '1.98375', 'Investment Earning', '554307.89375', 'Investment Earning from - Diamond Plan', '26df16529c4631c5a5f850588b93bc6c', '2022-07-09 07:30:45', '2022-07-09 07:30:45'),
(60, 23, 'credit', '12.5', 'Investment Earning', '554320.39375', 'Investment Earning from - Starter Plan', '206da240784cd9a6fd1c8eec952231ec', '2022-07-09 07:30:47', '2022-07-09 07:30:47'),
(61, 23, 'credit', '12.5', 'Investment Earning', '554332.89375', 'Investment Earning from - Starter Plan', 'd21adb8b6498e832e388a1d60a0ed0bc', '2022-07-09 07:30:47', '2022-07-09 07:30:47'),
(62, 1, 'credit', '6.9', 'Referral Bonus', '11371.575', 'Referal Bonus', '85ea6ce36935b62022628db288ddd393', '2022-07-09 09:08:32', '2022-07-09 09:08:32'),
(63, 23, 'credit', '500', 'Deposit - CoinGate', '554901.89375', 'CoinGate Deposit', '94787fe53147b4b888e1e46f4d0cea26', '2022-07-19 12:16:23', '2022-07-19 12:16:23'),
(64, 1, 'credit', '50', 'Referral Bonus', '11421.575', 'Referal Bonus', '96ce7372019bc6da8c5ad3d94ab07125', '2022-07-19 12:16:28', '2022-07-19 12:16:28'),
(65, 24, 'credit', '10', 'Bonus', '10', 'Signup Bonus', '167d6d326ddfa212fed7adc2d3aee6fd', '2022-07-20 09:40:03', '2022-07-20 09:40:03'),
(66, 23, 'credit', '1.98375', 'Investment Earning', '554903.8775', 'Investment Earning from - Diamond Plan', '7c7a2068522c72e977b8996741457436', '2022-07-21 11:20:14', '2022-07-21 11:20:14'),
(67, 23, 'credit', '12.5', 'Investment Earning', '554916.3775', 'Investment Earning from - Starter Plan', '2276a64813e4ea573469224119241d70', '2022-07-21 11:20:18', '2022-07-21 11:20:18'),
(68, 23, 'credit', '126', 'Investment Earning', '555042.3775', 'Investment Earning from - Pro Plan', 'a0e40a9bd69e6b6bf73146b3bcebfc2a', '2022-07-21 11:20:18', '2022-07-21 11:20:18'),
(69, 23, 'credit', '65.89', 'Investment Earning', '555108.2675', 'Investment Earning from - Gold Plan', 'c56fcd68b2697068ee66023a5785619c', '2022-07-21 11:20:19', '2022-07-21 11:20:19'),
(70, 23, 'credit', '12.5', 'Investment Earning', '555120.7675', 'Investment Earning from - Starter Plan', '774f44abe1641e4de1ddc5dbee4b29fe', '2022-07-21 11:20:19', '2022-07-21 11:20:19'),
(71, 23, 'credit', '1.98375', 'Investment Earning', '555122.75125', 'Investment Earning from - Diamond Plan', '79d8395439c5db2ec64bb2c2e128d213', '2022-07-21 12:21:53', '2022-07-21 12:21:53'),
(72, 23, 'credit', '12.5', 'Investment Earning', '555135.25125', 'Investment Earning from - Starter Plan', 'de1bcc8c9115bb71358287cd141d220a', '2022-07-21 12:21:56', '2022-07-21 12:21:56'),
(73, 23, 'credit', '12.5', 'Investment Earning', '555147.75125', 'Investment Earning from - Starter Plan', '95d9850b8b3de7fe45de1e3672122edf', '2022-07-21 12:21:56', '2022-07-21 12:21:56'),
(74, 23, 'debit', '770', 'Withdrawal', '554377.75125', 'Withdrawal Request', 'cabee4a4544a1fc62fd73f7e39deed1e', '2022-07-21 23:04:15', '2022-07-21 23:04:15'),
(75, 23, 'debit', '330', 'Withdrawal', '553717.75125', 'Withdrawal Request', '505b46d4a1ce741363374dfdf750049f', '2022-07-22 09:32:17', '2022-07-22 09:32:17'),
(76, 23, 'debit', '495', 'Withdrawal', '553222.75125', 'Withdrawal Request', 'e5a539b6d1bd22e97536454bca72a8c4', '2022-07-22 10:01:32', '2022-07-22 10:01:32'),
(77, 23, 'debit', '440', 'Withdrawal', '552782.75125', 'Withdrawal Request', '908c0920f8fc6b031d18216828071cd7', '2022-07-22 11:27:31', '2022-07-22 11:27:31'),
(78, 23, 'debit', '132', 'Withdrawal', '552650.75125', 'Withdrawal Request', '4f579dd23b1b2080450fbb2ba43eee54', '2022-07-22 11:30:41', '2022-07-22 11:30:41'),
(79, 23, 'debit', '330', 'Withdrawal', '551990.75125', 'Withdrawal Request', 'c78f04b26467cf18a50bb8162e377585', '2022-07-22 11:34:42', '2022-07-22 11:34:42'),
(80, 23, 'debit', '141.9', 'Withdrawal', '551848.85125', 'Withdrawal Request', '73699601a2107cb4981129e0c98d326d', '2022-07-22 11:36:16', '2022-07-22 11:36:16'),
(81, 23, 'debit', '69.3', 'Withdrawal', '551779.55125', 'Withdrawal Request', '3a23976833d01a51ea62c7b31a18ba2f', '2022-07-22 11:37:55', '2022-07-22 11:37:55'),
(82, 23, 'debit', '550', 'Withdrawal', '551229.55125', 'Withdrawal Request', 'bee7bea4c0529e568b0e15288d6a138d', '2022-07-22 11:38:55', '2022-07-22 11:38:55'),
(83, 23, 'debit', '132', 'Withdrawal', '551097.55125', 'Withdrawal Request', 'e7047e4518b98e04c68118aeceecc4bd', '2022-07-22 11:41:33', '2022-07-22 11:41:33'),
(84, 23, 'debit', '73.7', 'Withdrawal', '551023.85125', 'Withdrawal Request', 'c66e0cac06252e64cb8f88ba795c38ea', '2022-07-22 11:56:35', '2022-07-22 11:56:35'),
(85, 23, 'debit', '61.6', 'Withdrawal', '550962.25125', 'Withdrawal Request', '631ddeaa036b26d929d13c0eeba3996d', '2022-07-22 12:07:24', '2022-07-22 12:07:24'),
(86, 23, 'credit', '1.98375', 'Investment Earning', '550964.235', 'Investment Earning from - Diamond Plan', '4e48de4ac53dd8e61fb6e76e7072bd71', '2022-07-22 13:31:23', '2022-07-22 13:31:23'),
(87, 23, 'credit', '12.5', 'Investment Earning', '550976.735', 'Investment Earning from - Starter Plan', 'f35b7be581e08952427c78f5920d03e9', '2022-07-22 13:31:24', '2022-07-22 13:31:24'),
(88, 23, 'credit', '126', 'Investment Earning', '551102.735', 'Investment Earning from - Pro Plan', 'e37fbe54c0ec945e9cb9323c7542b66b', '2022-07-22 13:31:25', '2022-07-22 13:31:25'),
(89, 23, 'credit', '65.89', 'Investment Earning', '551168.625', 'Investment Earning from - Gold Plan', 'c8736c611b80c880df3761fa76fa8ff6', '2022-07-22 13:31:25', '2022-07-22 13:31:25'),
(90, 23, 'credit', '12.5', 'Investment Earning', '551181.125', 'Investment Earning from - Starter Plan', 'ed048b59194c4586c8f955e450313e41', '2022-07-22 13:31:25', '2022-07-22 13:31:25'),
(91, 23, 'credit', '73.7', 'Withdrawal Refund', '551254.825', 'Withdrawal Request Declined', '57b5f79b8edd633b98ea648c0f2f7b0c', '2022-07-22 20:14:46', '2022-07-22 20:14:46'),
(92, 23, 'credit', '61.6', 'Withdrawal Refund', '551316.425', 'Withdrawal Request Declined', '8b40cad47f767fe3f7a7f45efe4a02c5', '2022-07-23 01:35:30', '2022-07-23 01:35:30'),
(94, 23, 'credit', '1.98375', 'Investment Earning', '551318.40875', 'Investment Earning from - Diamond Plan', 'a08f67de144eeff563cfe8ba7c827a29', '2022-07-24 00:02:17', '2022-07-24 00:02:17'),
(95, 23, 'credit', '12.5', 'Investment Earning', '551330.90875', 'Investment Earning from - Starter Plan', '07b64e2e70c7124447d57250f4020ecc', '2022-07-24 00:02:18', '2022-07-24 00:02:18'),
(96, 23, 'credit', '126', 'Investment Earning', '551456.90875', 'Investment Earning from - Pro Plan', '13f13dbdf7989d7b40d86a841b018a16', '2022-07-24 00:02:19', '2022-07-24 00:02:19'),
(97, 23, 'credit', '65.89', 'Investment Earning', '551522.79875', 'Investment Earning from - Gold Plan', '2aee2e8426846ff972381a797e71d41e', '2022-07-24 00:02:19', '2022-07-24 00:02:19'),
(98, 23, 'credit', '12.5', 'Investment Earning', '551535.29875', 'Investment Earning from - Starter Plan', '21f95c669bbb5e9cd4b0ba1a7a2c22cc', '2022-07-24 00:02:19', '2022-07-24 00:02:19'),
(99, 27, 'credit', '10', 'Bonus', '10', 'Signup Bonus', '765421a8cfc96194ff7c76d418454412', '2022-07-24 10:01:33', '2022-07-24 10:01:33'),
(100, 1, 'debit', '398', 'Loan Repayment', '11023.575', 'Loan Paid', 'ecc54e3c7864feb8bd539be2e4eaf566', '2022-07-24 13:40:01', '2022-07-24 13:40:01'),
(101, 23, 'credit', '12.5', 'Investment Earning', '551547.79875', 'Investment Earning from - Starter Plan', '712a1c33bd10e3f4264ee6bcc83180ac', '2022-07-24 13:40:03', '2022-07-24 13:40:03'),
(102, 23, 'credit', '12.5', 'Investment Earning', '551560.29875', 'Investment Earning from - Starter Plan', '628be9a660e0218ee8ad410a8d38a8d8', '2022-07-24 13:40:04', '2022-07-24 13:40:04'),
(103, 23, 'credit', '12.5', 'Investment Earning', '551572.79875', 'Investment Earning from - Starter Plan', 'dfdf88ac17221a3a8257691c2a00c8c0', '2022-07-25 09:21:49', '2022-07-25 09:21:49'),
(104, 23, 'credit', '126', 'Investment Earning', '551698.79875', 'Investment Earning from - Pro Plan', '3ec8a4a8593fa42cd53e81be173ce3ce', '2022-07-25 09:21:52', '2022-07-25 09:21:52'),
(106, 23, 'credit', '12.5', 'Investment Earning', '551777.18875', 'Investment Earning from - Starter Plan', 'eaecf20c3bee100a03ec1039e53a8b0a', '2022-07-25 09:21:52', '2022-07-25 09:21:52'),
(107, 23, 'credit', '12.5', 'Investment Earning', '551789.68875', 'Investment Earning from - Starter Plan', '9a267a371a938a8cbfe0da67a381be68', '2022-07-25 13:28:55', '2022-07-25 13:28:55'),
(108, 23, 'credit', '12.5', 'Investment Earning', '551802.18875', 'Investment Earning from - Starter Plan', '767d6e52a5d1f64943c13c26ab2e2bab', '2022-07-25 13:28:57', '2022-07-25 13:28:57'),
(109, 1, 'credit', '560', 'Manual Credit', '11583.575', 'Manaul Credit', 'c643efbb97f58cbe10a79d587ca226e9', '2022-07-26 15:26:37', '2022-07-26 15:26:37'),
(111, 1, 'debit', '1000', 'Manual Debit', '10883.575', 'Manaul Debit', '809346ccbd96a7f946a7b20e0da8f4e5', '2022-07-26 15:29:29', '2022-07-26 15:29:29'),
(112, 1, 'debit', '45.5', 'Manual Debit', '10838.075', 'Manaul Debit', 'e530dc4aab4567df35b72db64fa87e73', '2022-07-26 16:46:48', '2022-07-26 16:46:48'),
(113, 23, 'credit', '12.5', 'Investment Earning', '551814.68875', 'Investment Earning from - Starter Plan', '31578d221c1673b7a995c81daaed0e57', '2022-07-27 18:11:30', '2022-07-27 18:11:30'),
(114, 23, 'credit', '126', 'Investment Earning', '551940.68875', 'Investment Earning from - Pro Plan', '76cfb8775dac946423ea63f40b7fee9c', '2022-07-27 18:11:31', '2022-07-27 18:11:31'),
(115, 23, 'credit', '65.89', 'Investment Earning', '552006.57875', 'Investment Earning from - Gold Plan', '29b63933c5ff4595791b7c9a3d36c0c8', '2022-07-27 18:11:33', '2022-07-27 18:11:33'),
(116, 23, 'credit', '12.5', 'Investment Earning', '552019.07875', 'Investment Earning from - Starter Plan', '8b4a21f88f935b9cfe14b761c5ae551d', '2022-07-27 18:11:34', '2022-07-27 18:11:34'),
(117, 1, 'credit', '12', 'Transfer From FEV51JP8UD23', '10850.075', 'Testing artisan', 'f7ac5cbd265489056b4f38938229854f', '2022-07-27 22:18:07', '2022-07-27 22:18:07'),
(118, 23, 'credit', '500', 'Deposit - RazorPay', '552519.07875', 'RazorPay Deposit', '966457c5005aa056dca68bb7406f63b8', '2022-07-28 10:49:02', '2022-07-28 10:49:02'),
(119, 1, 'credit', '50', 'Referral Bonus', '10900.075', 'Referal Bonus', 'edcedc50ad448d3f2dae7bc5687196d7', '2022-07-28 10:49:03', '2022-07-28 10:49:03'),
(120, 23, 'credit', '12.5', 'Investment Earning', '552531.57875', 'Investment Earning from - Starter Plan', 'cccd58ff0212aa603e88a5bc2f0391cd', '2022-07-28 18:22:53', '2022-07-28 18:22:53'),
(121, 23, 'credit', '65.89', 'Investment Earning', '552597.46875', 'Investment Earning from - Gold Plan', '1484ec7091443cb1133b09fbdeda63fc', '2022-07-28 18:22:54', '2022-07-28 18:22:54'),
(122, 23, 'credit', '12.5', 'Investment Earning', '552609.96875', 'Investment Earning from - Starter Plan', '5c6cc790e0dcfb9e2bbb267948b91368', '2022-07-28 18:22:54', '2022-07-28 18:22:54'),
(123, 23, 'credit', '12.5', 'Investment Earning', '552622.46875', 'Investment Earning from - Starter Plan', '180b4b138cc918d9780f7e4585674134', '2022-07-28 19:47:03', '2022-07-28 19:47:03'),
(124, 16, 'credit', '70000', 'Deposit', '70010', 'Bank Deposit/Transfer Deposit', '404e637dcddba132784536cf3899d696', '2022-07-28 20:35:11', '2022-07-28 20:35:11'),
(125, 4, 'credit', '7000', 'Referral Bonus', '56818.58', 'Referal Bonus', 'af0a0a6aca25274ba92c8c0bbf8ba619', '2022-07-28 20:35:12', '2022-07-28 20:35:12'),
(126, 1, 'debit', '100', 'Plan Purchase', '10800.075', 'Investment Plan Purchase - Starter Plan', '9f4c6eac397189ba7d4122753032e142', '2022-07-29 12:50:19', '2022-07-29 12:50:19'),
(127, 1, 'debit', '400', 'Plan Purchase', '10400.075', 'Investment Plan Purchase - Pro Plan', '1a78d1c3e9fe1e4e8c849092f67a1296', '2022-07-29 12:50:59', '2022-07-29 12:50:59'),
(128, 1, 'debit', '300', 'Plan Purchase', '10100.075', 'Investment Plan Purchase - Gold Plan', 'd3b2cae4ae9b64af7e7409ce9325097d', '2022-07-29 12:51:58', '2022-07-29 12:51:58'),
(129, 3, 'credit', '50000', 'Manual Credit', '50010', 'Manaul Credit', '7c6b42177d63c53073c899c7e759c48d', '2022-07-29 12:54:52', '2022-07-29 12:54:52'),
(130, 3, 'debit', '4000', 'Plan Purchase', '46010', 'Investment Plan Purchase - Diamond Plan', 'c7859c7242d8f683b6bde5d26b78f1c1', '2022-07-29 12:55:58', '2022-07-29 12:55:58'),
(131, 3, 'debit', '250', 'Plan Purchase', '45760', 'Investment Plan Purchase - Gold Plan', '632b8a861be4338c954c83827395982c', '2022-07-29 12:56:34', '2022-07-29 12:56:34'),
(135, 24, 'credit', '10000', 'Manual Credit', '10010', 'Manaul Credit', '8587d0ad810f8c058ae8e16ff08232a2', '2022-07-29 13:00:22', '2022-07-29 13:00:22'),
(136, 24, 'debit', '500', 'Plan Purchase', '9510', 'Investment Plan Purchase - Pro Plan', '9279c07e5be486744594eecc5594ab41', '2022-07-29 13:01:19', '2022-07-29 13:01:19'),
(137, 24, 'debit', '1000', 'Plan Purchase', '8510', 'Investment Plan Purchase - Diamond Plan', '1ef6f876006a075a08bb620f4c17f856', '2022-07-29 13:01:57', '2022-07-29 13:01:57'),
(138, 24, 'debit', '100', 'Plan Purchase', '8410', 'Investment Plan Purchase - Starter Plan', 'c3bf529090f1acb1b9d509841297391b', '2022-07-29 13:02:22', '2022-07-29 13:02:22'),
(139, 1, 'credit', '12.5', 'ROI', '10112.575', 'Investment Earning from - Starter Plan', 'f9e7a6cab98ef6bb8446ae16e485043e', '2022-07-29 18:20:10', '2022-07-29 18:20:10'),
(140, 1, 'credit', '12.5', 'ROI', '10125.075', 'Investment Earning from - Starter Plan', '5a861c7303c99450aaaa61569741bb27', '2022-07-29 18:34:46', '2022-07-29 18:34:46'),
(141, 3, 'credit', '12.777777777778', 'ROI', '45772.777777778', 'Investment Earning from - Diamond Plan', '53d60d5f692d1d1182cfe0f740a51873', '2022-07-29 19:00:02', '2022-07-29 19:00:02'),
(143, 24, 'credit', '3.1944444444444', 'ROI', '8413.1944444444', 'Investment Earning from - Diamond Plan', '2ac2c5f6b4f5e1659bd7f681122c26a4', '2022-07-29 19:05:49', '2022-07-29 19:05:49'),
(144, 24, 'credit', '12.5', 'ROI', '8425.6944444444', 'Investment Earning from - Starter Plan', 'cd590b928b9b092a2661f6405cd202a2', '2022-07-29 19:05:49', '2022-07-29 19:05:49'),
(145, 1, 'credit', '12.5', 'ROI', '10137.575', 'Investment Earning from - Starter Plan', '4a7592903b517846aa1f1db1c0be2d71', '2022-07-29 19:35:51', '2022-07-29 19:35:51'),
(146, 3, 'credit', '12.777777777778', 'ROI', '45785.555555556', 'Investment Earning from - Diamond Plan', 'b8dac15d4d99d0806a6ce8e22b109e2d', '2022-07-29 20:00:12', '2022-07-29 20:00:12'),
(148, 24, 'credit', '3.1944444444444', 'ROI', '8428.8888888888', 'Investment Earning from - Diamond Plan', '34ffc48aaa9020639b2a145756e0b80e', '2022-07-29 20:10:13', '2022-07-29 20:10:13'),
(149, 24, 'credit', '12.5', 'ROI', '8441.3888888888', 'Investment Earning from - Starter Plan', '1152729334bd1d5052c41417a4b15616', '2022-07-29 20:10:13', '2022-07-29 20:10:13'),
(150, 1, 'credit', '12.5', 'ROI', '10150.075', 'Investment Earning from - Starter Plan', '59d4fee856d69f3246b086af5277fe95', '2022-07-29 20:40:30', '2022-07-29 20:40:30'),
(151, 3, 'credit', '12.777777777778', 'ROI', '45798.333333334', 'Investment Earning from - Diamond Plan', '20a3bc92cff168ba5983054809252707', '2022-07-29 21:00:48', '2022-07-29 21:00:48'),
(153, 24, 'credit', '3.1944444444444', 'ROI', '8444.5833333332', 'Investment Earning from - Diamond Plan', '84463e863e65049b31e6f5ad23a170d1', '2022-07-29 21:10:48', '2022-07-29 21:10:48'),
(154, 24, 'credit', '12.5', 'ROI', '8457.0833333332', 'Investment Earning from - Starter Plan', 'bbca07eb9c5718de31624b98be6bde53', '2022-07-29 21:10:48', '2022-07-29 21:10:48'),
(155, 1, 'credit', '12.5', 'ROI', '10162.575', 'Investment Earning from - Starter Plan', 'f3563c4c947396dca8ce8af01384471a', '2022-07-29 21:40:38', '2022-07-29 21:40:38'),
(156, 3, 'credit', '12.777777777778', 'ROI', '45811.111111112', 'Investment Earning from - Diamond Plan', 'b4f6541c6fd11e34a39e7f03eaa7401c', '2022-07-29 22:05:49', '2022-07-29 22:05:49'),
(158, 24, 'credit', '3.1944444444444', 'ROI', '8460.2777777776', 'Investment Earning from - Diamond Plan', 'c95329fdbbaa72cfdb4f3d93403c534a', '2022-07-29 22:15:28', '2022-07-29 22:15:28'),
(159, 24, 'credit', '12.5', 'ROI', '8472.7777777776', 'Investment Earning from - Starter Plan', 'b6cdf3b29a3ca9b43b164ede990a8074', '2022-07-29 22:15:28', '2022-07-29 22:15:28'),
(160, 1, 'credit', '12.5', 'ROI', '10175.075', 'Investment Earning from - Starter Plan', 'cef9aeb2d62bf2765d00150f7bda704a', '2022-07-29 22:45:08', '2022-07-29 22:45:08'),
(161, 1, 'credit', '10000', 'Deposit', '20175.075', 'Paystack Deposit', '168db007f88721664987fcdfcc5b68cf', '2022-07-29 23:07:12', '2022-07-29 23:07:12'),
(162, 1, 'debit', '100', 'Plan Purchase', '20075.075', 'Investment Plan Purchase - Starter Plan', '190ea9150a4e9743f9dff25d5ea9cf49', '2022-07-29 23:09:28', '2022-07-29 23:09:28'),
(163, 3, 'credit', '12.777777777778', 'ROI', '45823.88888889', 'Investment Earning from - Diamond Plan', 'c5c7362edb96f3047a9bc4026a6c3460', '2022-07-29 23:10:10', '2022-07-29 23:10:10'),
(165, 1, 'debit', '5000', 'Plan Purchase', '15075.075', 'Investment Plan Purchase - Diamond Plan', 'b11462520bc78f90755910cbff8a21fd', '2022-07-29 23:10:36', '2022-07-29 23:10:36'),
(166, 1, 'debit', '599', 'Plan Purchase', '14476.075', 'Investment Plan Purchase - Gold Plan', '4e103784192392a5ab0f4731b46dc3c0', '2022-07-29 23:11:30', '2022-07-29 23:11:30'),
(167, 24, 'credit', '3.1944444444444', 'ROI', '8475.972222222', 'Investment Earning from - Diamond Plan', '9aea8a345c02007213aab39e115dee7b', '2022-07-29 23:15:29', '2022-07-29 23:15:29'),
(168, 24, 'credit', '12.5', 'ROI', '8488.472222222', 'Investment Earning from - Starter Plan', '276f1b9a0008786ce04a3d63932971a8', '2022-07-29 23:15:29', '2022-07-29 23:15:29'),
(169, 23, 'credit', '65.89', 'ROI', '552688.35875', 'Investment Earning from - Gold Plan', '0d5a98d7e170429c98ba1611a71fdc17', '2022-07-29 23:25:18', '2022-07-29 23:25:18'),
(170, 1, 'credit', '12.5', 'ROI', '14488.575', 'Investment Earning from - Starter Plan', 'eb039f8072f3e9f7020ee98b6b5d8476', '2022-07-29 23:45:25', '2022-07-29 23:45:25'),
(171, 3, 'credit', '12.777777777778', 'ROI', '45836.666666668', 'Investment Earning from - Diamond Plan', '1d0b0bd5e70755917d821c438ceed46e', '2022-07-30 00:10:15', '2022-07-30 00:10:15'),
(173, 1, 'credit', '12.5', 'ROI', '14501.075', 'Investment Earning from - Starter Plan', '3be27d5d6f7579bddbb38a6b2779793e', '2022-07-30 00:10:15', '2022-07-30 00:10:15'),
(174, 1, 'credit', '15.972222222222', 'ROI', '14517.047222222', 'Investment Earning from - Diamond Plan', 'd56262c11929729a77d2fd77b4cd5aa1', '2022-07-30 00:15:08', '2022-07-30 00:15:08'),
(175, 24, 'credit', '3.1944444444444', 'ROI', '8491.6666666664', 'Investment Earning from - Diamond Plan', 'db58ce3089c27b804a50467753f4a957', '2022-07-30 00:20:31', '2022-07-30 00:20:31'),
(176, 24, 'credit', '12.5', 'ROI', '8504.1666666664', 'Investment Earning from - Starter Plan', 'bba87121d175265bfafd56b584f43b56', '2022-07-30 00:20:31', '2022-07-30 00:20:31'),
(177, 1, 'credit', '12.5', 'ROI', '14529.547222222', 'Investment Earning from - Starter Plan', 'a1a4b4a736289848b310a64d5bf70ddf', '2022-07-30 00:45:38', '2022-07-30 00:45:38'),
(178, 3, 'credit', '12.777777777778', 'ROI', '45849.444444446', 'Investment Earning from - Diamond Plan', 'd370e5431516c7351f07ee7581d849a0', '2022-07-30 01:10:47', '2022-07-30 01:10:47'),
(180, 1, 'credit', '12.5', 'ROI', '14542.047222222', 'Investment Earning from - Starter Plan', '2283a244987616104da7242ca8abe1fa', '2022-07-30 01:10:47', '2022-07-30 01:10:47'),
(181, 1, 'credit', '15.972222222222', 'ROI', '14558.019444444', 'Investment Earning from - Diamond Plan', 'bb261cd9225b7fccc4870499b7c34915', '2022-07-30 01:20:17', '2022-07-30 01:20:17'),
(182, 24, 'credit', '3.1944444444444', 'ROI', '8507.3611111108', 'Investment Earning from - Diamond Plan', 'adfa3946ad335e935b47c0463a9a1851', '2022-07-30 01:25:31', '2022-07-30 01:25:31'),
(183, 24, 'credit', '12.5', 'ROI', '8519.8611111108', 'Investment Earning from - Starter Plan', '2188b95c74f8b5a935d754baa998a4d7', '2022-07-30 01:25:31', '2022-07-30 01:25:31'),
(184, 1, 'credit', '12.5', 'ROI', '14570.519444444', 'Investment Earning from - Starter Plan', 'f367bb18019414f2c5cee3b1b268b7b7', '2022-07-30 01:50:46', '2022-07-30 01:50:46'),
(185, 3, 'credit', '12.777777777778', 'ROI', '45862.222222224', 'Investment Earning from - Diamond Plan', '07dc5461a37413b63d8c5f5c070e1076', '2022-07-30 02:15:13', '2022-07-30 02:15:13'),
(187, 1, 'credit', '12.5', 'ROI', '14583.019444444', 'Investment Earning from - Starter Plan', '4e846bf48ef1c680c967c5b14675e8fb', '2022-07-30 02:15:13', '2022-07-30 02:15:13'),
(188, 24, 'credit', '3.1944444444444', 'ROI', '8523.0555555552', 'Investment Earning from - Diamond Plan', 'dea92ec578475730c0c06710f6d9092b', '2022-07-30 02:25:44', '2022-07-30 02:25:44'),
(189, 24, 'credit', '12.5', 'ROI', '8535.5555555552', 'Investment Earning from - Starter Plan', 'dd8e783ce6b96d01301ff89e5622af0e', '2022-07-30 02:25:44', '2022-07-30 02:25:44'),
(190, 1, 'credit', '15.972222222222', 'ROI', '14598.991666666', 'Investment Earning from - Diamond Plan', 'a495af6ad8e2fead4fa61134eae54f25', '2022-07-30 02:25:44', '2022-07-30 02:25:44'),
(191, 1, 'credit', '12.5', 'ROI', '14611.491666666', 'Investment Earning from - Starter Plan', 'b55dbd5578d97a6ea380ba24a61609d3', '2022-07-30 02:55:32', '2022-07-30 02:55:32'),
(192, 3, 'credit', '12.777777777778', 'ROI', '45875.000000002', 'Investment Earning from - Diamond Plan', '6bb5e38f3440aa5e5cbf70b1979fe2c4', '2022-07-30 03:20:21', '2022-07-30 03:20:21'),
(194, 1, 'credit', '12.5', 'ROI', '14623.991666666', 'Investment Earning from - Starter Plan', '9f4505917ce07317ceb0a798c716562f', '2022-07-30 03:20:21', '2022-07-30 03:20:21'),
(195, 24, 'credit', '3.1944444444444', 'ROI', '8538.7499999996', 'Investment Earning from - Diamond Plan', '85f3a9e875b1309bcad1b6a3f14956bc', '2022-07-30 03:30:19', '2022-07-30 03:30:19'),
(196, 24, 'credit', '12.5', 'ROI', '8551.2499999996', 'Investment Earning from - Starter Plan', '6d8c8f343f708bce3e3a77db9e472362', '2022-07-30 03:30:19', '2022-07-30 03:30:19'),
(197, 1, 'credit', '15.972222222222', 'ROI', '14639.963888888', 'Investment Earning from - Diamond Plan', 'f55bd243ca06041203298548ee3c34d8', '2022-07-30 03:30:19', '2022-07-30 03:30:19'),
(198, 1, 'credit', '12.5', 'ROI', '14652.463888888', 'Investment Earning from - Starter Plan', 'e7e92c78f60f03a7f713913004ca734c', '2022-07-30 04:00:39', '2022-07-30 04:00:39'),
(199, 3, 'credit', '12.777777777778', 'ROI', '45887.77777778', 'Investment Earning from - Diamond Plan', '4295c16a639e3246d4f947ec3b690f2a', '2022-07-30 04:20:35', '2022-07-30 04:20:35'),
(201, 1, 'credit', '12.5', 'ROI', '14664.963888888', 'Investment Earning from - Starter Plan', 'ab2e3ff9b47d46af9a8a349df44f377c', '2022-07-30 04:20:35', '2022-07-30 04:20:35'),
(202, 24, 'credit', '3.1944444444444', 'ROI', '8554.444444444', 'Investment Earning from - Diamond Plan', '19b94fa48b89f095f6efd5b1e18b77e5', '2022-07-30 04:35:34', '2022-07-30 04:35:34'),
(203, 24, 'credit', '12.5', 'ROI', '8566.944444444', 'Investment Earning from - Starter Plan', '814890b3028a41330d41e844a47289fc', '2022-07-30 04:35:34', '2022-07-30 04:35:34'),
(204, 1, 'credit', '15.972222222222', 'ROI', '14680.93611111', 'Investment Earning from - Diamond Plan', '68507591a8f99d916c1d58c8ec7114fd', '2022-07-30 04:35:35', '2022-07-30 04:35:35'),
(205, 1, 'credit', '12.5', 'ROI', '14693.43611111', 'Investment Earning from - Starter Plan', 'e74e614c1fb0d17943705a49a90cbc32', '2022-07-30 05:00:42', '2022-07-30 05:00:42'),
(206, 3, 'credit', '12.777777777778', 'ROI', '45900.555555558', 'Investment Earning from - Diamond Plan', 'd8ec1a60f10a5aba7de4607396d8d357', '2022-07-30 05:20:47', '2022-07-30 05:20:47'),
(208, 1, 'credit', '12.5', 'ROI', '14705.93611111', 'Investment Earning from - Starter Plan', 'be29b37e8bbe753b3bc5d9b59c193106', '2022-07-30 05:20:47', '2022-07-30 05:20:47'),
(209, 24, 'credit', '3.1944444444444', 'ROI', '8570.1388888884', 'Investment Earning from - Diamond Plan', 'bb440679247f2646654c044074ceab5b', '2022-07-30 05:40:42', '2022-07-30 05:40:42'),
(210, 24, 'credit', '12.5', 'ROI', '8582.6388888884', 'Investment Earning from - Starter Plan', '97d70cf2dcd375a3bb04707cc84165fd', '2022-07-30 05:40:42', '2022-07-30 05:40:42'),
(211, 1, 'credit', '15.972222222222', 'ROI', '14721.908333332', 'Investment Earning from - Diamond Plan', '6360fbc265b6921eb80f65938cdf8389', '2022-07-30 05:40:42', '2022-07-30 05:40:42'),
(212, 3, 'credit', '12.777777777778', 'ROI', '45913.333333336', 'Investment Earning from - Diamond Plan', '6c4ce8131a2c7791064b97d4f60e502a', '2022-07-30 06:25:09', '2022-07-30 06:25:09'),
(214, 1, 'credit', '12.5', 'ROI', '14734.408333332', 'Investment Earning from - Starter Plan', 'e5ca38282722c2907e803010b7df0b38', '2022-07-30 06:25:09', '2022-07-30 06:25:09'),
(215, 24, 'credit', '3.1944444444444', 'ROI', '8585.8333333328', 'Investment Earning from - Diamond Plan', '479e5bf515e2ff245f068da6158d8364', '2022-07-30 06:45:06', '2022-07-30 06:45:06'),
(216, 24, 'credit', '12.5', 'ROI', '8598.3333333328', 'Investment Earning from - Starter Plan', '17fc06ed63ca6ec45b6b167e0b34cc01', '2022-07-30 06:45:06', '2022-07-30 06:45:06'),
(217, 1, 'credit', '15.972222222222', 'ROI', '14750.380555554', 'Investment Earning from - Diamond Plan', '06c9b610a82543bd47027a1ac52cabdc', '2022-07-30 06:45:06', '2022-07-30 06:45:06'),
(218, 3, 'credit', '12.777777777778', 'ROI', '45926.111111114', 'Investment Earning from - Diamond Plan', 'dc4267abbe49473e2d09d00e3ba80c55', '2022-07-30 07:25:36', '2022-07-30 07:25:36'),
(220, 1, 'credit', '12.5', 'ROI', '14762.880555554', 'Investment Earning from - Starter Plan', '81bd5967d57e7684c7ad4e23e5d5f3e2', '2022-07-30 07:25:36', '2022-07-30 07:25:36'),
(221, 24, 'credit', '3.1944444444444', 'ROI', '8601.5277777772', 'Investment Earning from - Diamond Plan', '04e88f65d03a44f55f75f17bfabe8926', '2022-07-30 07:45:07', '2022-07-30 07:45:07'),
(222, 1, 'credit', '15.972222222222', 'ROI', '14778.852777776', 'Investment Earning from - Diamond Plan', '9c59df3c0e86fb80613e5e759a274aef', '2022-07-30 07:45:07', '2022-07-30 07:45:07'),
(223, 3, 'credit', '12.777777777778', 'ROI', '45938.888888892', 'Investment Earning from - Diamond Plan', '26c134cb3ea5e64fb86b039660c25049', '2022-07-30 08:30:47', '2022-07-30 08:30:47'),
(225, 1, 'credit', '12.5', 'ROI', '14791.352777776', 'Investment Earning from - Starter Plan', '4df2087e61d2dfb0535a1eb3dfab5dcf', '2022-07-30 08:30:47', '2022-07-30 08:30:47'),
(226, 24, 'credit', '3.1944444444444', 'ROI', '8604.7222222216', 'Investment Earning from - Diamond Plan', '36a20fbaa8a8f38b58915d280bc7605c', '2022-07-30 08:45:15', '2022-07-30 08:45:15'),
(227, 1, 'credit', '15.972222222222', 'ROI', '14807.324999998', 'Investment Earning from - Diamond Plan', '6a7eb539dd522035380b8252de488ddc', '2022-07-30 08:45:15', '2022-07-30 08:45:15'),
(228, 3, 'credit', '12.777777777778', 'ROI', '45951.66666667', 'Investment Earning from - Diamond Plan', 'ad87977bbdcf1e13329116a5d11fc197', '2022-07-30 09:35:19', '2022-07-30 09:35:19'),
(230, 1, 'credit', '12.5', 'ROI', '14819.824999998', 'Investment Earning from - Starter Plan', 'b25795735824f9419fb2f6de77bbd680', '2022-07-30 09:35:19', '2022-07-30 09:35:19'),
(231, 24, 'credit', '3.1944444444444', 'ROI', '8607.916666666', 'Investment Earning from - Diamond Plan', 'fe43bb516dde52c74971df5a02b978b7', '2022-07-30 09:45:22', '2022-07-30 09:45:22'),
(232, 1, 'credit', '15.972222222222', 'ROI', '14835.79722222', 'Investment Earning from - Diamond Plan', '5629b1387e37e2be715ea3a3de11995e', '2022-07-30 09:45:22', '2022-07-30 09:45:22'),
(233, 3, 'credit', '12.777777777778', 'ROI', '45964.444444448', 'Investment Earning from - Diamond Plan', 'e367533b3dbeba15fe445a01e56ed3d9', '2022-07-30 10:35:33', '2022-07-30 10:35:33'),
(235, 1, 'credit', '12.5', 'ROI', '14848.29722222', 'Investment Earning from - Starter Plan', 'de8925e1902c506c0ce70c8ed7ae40d3', '2022-07-30 10:35:33', '2022-07-30 10:35:33'),
(236, 24, 'credit', '3.1944444444444', 'ROI', '8611.1111111104', 'Investment Earning from - Diamond Plan', 'af4e331fd77769a75b9309f8cf9d9e4e', '2022-07-30 10:45:32', '2022-07-30 10:45:32'),
(237, 1, 'credit', '15.972222222222', 'ROI', '14864.269444442', 'Investment Earning from - Diamond Plan', 'fa88147653e14afac5d244d9f18f495e', '2022-07-30 10:45:32', '2022-07-30 10:45:32'),
(238, 3, 'credit', '12.777777777778', 'ROI', '45977.222222226', 'Investment Earning from - Diamond Plan', 'bd7e1371b426e56c95d0ef60ed4ae5b1', '2022-07-30 11:40:24', '2022-07-30 11:40:24'),
(240, 1, 'credit', '12.5', 'ROI', '14876.769444442', 'Investment Earning from - Starter Plan', 'e6a187eef50dcc8ec23dd6f6e5744aca', '2022-07-30 11:40:25', '2022-07-30 11:40:25'),
(241, 24, 'credit', '3.1944444444444', 'ROI', '8614.3055555548', 'Investment Earning from - Diamond Plan', '2e0782465038514df21a45aefcd4b680', '2022-07-30 11:45:38', '2022-07-30 11:45:38'),
(242, 1, 'credit', '15.972222222222', 'ROI', '14892.741666664', 'Investment Earning from - Diamond Plan', '4a3057f9c12f0254e51b5af864c4666c', '2022-07-30 11:45:38', '2022-07-30 11:45:38'),
(243, 3, 'credit', '12.777777777778', 'ROI', '45990.000000004', 'Investment Earning from - Diamond Plan', '92a8124b4636a94b73e903af0bebd94a', '2022-07-30 12:40:48', '2022-07-30 12:40:48'),
(245, 24, 'credit', '3.1944444444444', 'ROI', '8617.4999999992', 'Investment Earning from - Diamond Plan', 'e309dc469d7e566a79b9d57a21cb12d8', '2022-07-30 12:50:03', '2022-07-30 12:50:03'),
(246, 1, 'credit', '15.972222222222', 'ROI', '14908.713888886', 'Investment Earning from - Diamond Plan', '88ece6af7addc239d352502eb61da884', '2022-07-30 12:50:03', '2022-07-30 12:50:03'),
(247, 3, 'credit', '12.777777777778', 'ROI', '46002.777777782', 'Investment Earning from - Diamond Plan', 'a422f8031516e880955b0275a7e879c6', '2022-07-30 13:45:03', '2022-07-30 13:45:03'),
(249, 24, 'credit', '3.1944444444444', 'ROI', '8620.6944444436', 'Investment Earning from - Diamond Plan', '178bec85db2c2b330f7afc2ed5c1710f', '2022-07-30 13:55:51', '2022-07-30 13:55:51'),
(250, 1, 'credit', '15.972222222222', 'ROI', '14924.686111108', 'Investment Earning from - Diamond Plan', '4a8f4a66b6a8c63dc4d3f24c9489478b', '2022-07-30 13:55:51', '2022-07-30 13:55:51'),
(251, 3, 'credit', '12.777777777778', 'ROI', '46015.55555556', 'Investment Earning from - Diamond Plan', '0b14e8faa124edaa5767aec3b46def45', '2022-07-30 14:50:15', '2022-07-30 14:50:15'),
(253, 24, 'credit', '3.1944444444444', 'ROI', '8623.888888888', 'Investment Earning from - Diamond Plan', '6aa3c66f102941e8ad29d2e72068a2c2', '2022-07-30 15:00:16', '2022-07-30 15:00:16'),
(254, 1, 'credit', '15.972222222222', 'ROI', '14940.65833333', 'Investment Earning from - Diamond Plan', 'e1433f35da6ba2d36fefbef89c4a3174', '2022-07-30 15:00:16', '2022-07-30 15:00:16'),
(255, 3, 'credit', '12.777777777778', 'ROI', '46028.333333338', 'Investment Earning from - Diamond Plan', '9b623eaf2e3369e031c77812d9f66733', '2022-07-30 15:50:34', '2022-07-30 15:50:34'),
(257, 24, 'credit', '3.1944444444444', 'ROI', '8627.0833333324', 'Investment Earning from - Diamond Plan', '261e22808c24e594ab2785dea92ae3b1', '2022-07-30 16:00:33', '2022-07-30 16:00:33'),
(258, 1, 'credit', '15.972222222222', 'ROI', '14956.630555552', 'Investment Earning from - Diamond Plan', '3c334dda669e37df6bfcacc31dfa537a', '2022-07-30 16:00:33', '2022-07-30 16:00:33'),
(259, 3, 'credit', '12.777777777778', 'ROI', '46041.111111116', 'Investment Earning from - Diamond Plan', '66e8ab524316f2fcf545b43c004dd67d', '2022-07-30 16:55:42', '2022-07-30 16:55:42'),
(261, 24, 'credit', '3.1944444444444', 'ROI', '8630.2777777768', 'Investment Earning from - Diamond Plan', 'f0560e87c7745bc454e72b3d89fc5b4e', '2022-07-30 17:05:26', '2022-07-30 17:05:26'),
(262, 1, 'credit', '15.972222222222', 'ROI', '14972.602777774', 'Investment Earning from - Diamond Plan', 'dd4d457ce618d155eb55d5a26985acab', '2022-07-30 17:05:26', '2022-07-30 17:05:26'),
(263, 1, 'credit', '84', 'ROI', '15056.602777774', 'Investment Earning from - Pro Plan', '719f303dd3ec599bc6409d981cfcb2bd', '2022-07-30 17:55:23', '2022-07-30 17:55:23'),
(264, 1, 'credit', '33', 'ROI', '15089.602777774', 'Investment Earning from - Gold Plan', '8d7f7877f8d05a876b6827b0f65c2eaf', '2022-07-30 17:55:23', '2022-07-30 17:55:23'),
(265, 3, 'credit', '12.777777777778', 'ROI', '46053.888888894', 'Investment Earning from - Diamond Plan', 'd42340e7096e46703c3d4577c8f5a8b6', '2022-07-30 18:00:45', '2022-07-30 18:00:45'),
(266, 3, 'credit', '27.5', 'ROI', '46081.388888894', 'Investment Earning from - Gold Plan', 'c7ebc5c21097be2f120252ccdf234a7a', '2022-07-30 18:00:45', '2022-07-30 18:00:45'),
(269, 24, 'credit', '105', 'ROI', '8735.2777777768', 'Investment Earning from - Pro Plan', '3573f5ee987b31eb5d2d1c8a4975f6d2', '2022-07-30 18:05:30', '2022-07-30 18:05:30'),
(270, 24, 'credit', '3.1944444444444', 'ROI', '8738.4722222212', 'Investment Earning from - Diamond Plan', '84d19b84eafdb7c30a3cc96aac862d27', '2022-07-30 18:05:30', '2022-07-30 18:05:30'),
(271, 1, 'credit', '15.972222222222', 'ROI', '15105.574999996', 'Investment Earning from - Diamond Plan', 'ab7ee6e1a263182a3e8a332878b0c4bb', '2022-07-30 18:05:30', '2022-07-30 18:05:30'),
(272, 3, 'credit', '12.777777777778', 'ROI', '46094.166666672', 'Investment Earning from - Diamond Plan', '531904ada8ec0d92e9602b836903b31c', '2022-07-30 19:05:17', '2022-07-30 19:05:17'),
(274, 24, 'credit', '3.1944444444444', 'ROI', '8741.6666666656', 'Investment Earning from - Diamond Plan', 'fb7eb388dde756fcb2681f19544e3cbf', '2022-07-30 19:10:14', '2022-07-30 19:10:14'),
(275, 1, 'credit', '15.972222222222', 'ROI', '15121.547222218', 'Investment Earning from - Diamond Plan', '01ed9d2b1eb40b3488307cd11e6f72cc', '2022-07-30 19:10:14', '2022-07-30 19:10:14'),
(276, 3, 'credit', '12.777777777778', 'ROI', '46106.94444445', 'Investment Earning from - Diamond Plan', '4633db08cc43c95154b4097a701fe185', '2022-07-30 20:10:09', '2022-07-30 20:10:09'),
(278, 24, 'credit', '3.1944444444444', 'ROI', '8744.86111111', 'Investment Earning from - Diamond Plan', '6b51d5cd59ba68a7ad42110b7f30f615', '2022-07-30 20:15:28', '2022-07-30 20:15:28'),
(279, 1, 'credit', '15.972222222222', 'ROI', '15137.51944444', 'Investment Earning from - Diamond Plan', 'ea73761b097eb99989763c7f21b7e3d5', '2022-07-30 20:15:28', '2022-07-30 20:15:28'),
(280, 3, 'credit', '12.777777777778', 'ROI', '46119.722222228', 'Investment Earning from - Diamond Plan', 'b3b909acfafc2edb2b7a637b5d3e5b77', '2022-07-30 21:10:16', '2022-07-30 21:10:16'),
(282, 24, 'credit', '3.1944444444444', 'ROI', '8748.0555555544', 'Investment Earning from - Diamond Plan', '4e251ab490f3e6a8ea034c9e4fa38c76', '2022-07-30 21:20:51', '2022-07-30 21:20:51'),
(283, 1, 'credit', '15.972222222222', 'ROI', '15153.491666662', 'Investment Earning from - Diamond Plan', 'cdbf262609587aeb7eb0842d2f24514a', '2022-07-30 21:20:51', '2022-07-30 21:20:51'),
(284, 3, 'credit', '12.777777777778', 'ROI', '46132.500000006', 'Investment Earning from - Diamond Plan', '9d2df209181a3dc3360ef4b0344081f4', '2022-07-30 22:10:49', '2022-07-30 22:10:49'),
(286, 24, 'credit', '3.1944444444444', 'ROI', '8751.2499999988', 'Investment Earning from - Diamond Plan', 'd3fd4a068da976a04c9d1eddd6a6cb9f', '2022-07-30 22:25:42', '2022-07-30 22:25:42'),
(287, 1, 'credit', '15.972222222222', 'ROI', '15169.463888884', 'Investment Earning from - Diamond Plan', 'e6ff61109dbd0132478edcd6796aafbd', '2022-07-30 22:25:42', '2022-07-30 22:25:42'),
(288, 3, 'credit', '12.777777777778', 'ROI', '46145.277777784', 'Investment Earning from - Diamond Plan', 'f7df2426a0be9ec76a386af54708ddf8', '2022-07-30 23:15:47', '2022-07-30 23:15:47'),
(290, 1, 'credit', '65.89', 'ROI', '15235.353888884', 'Investment Earning from - Gold Plan', '3259dd951e81f1d6fabe03889c7f229e', '2022-07-30 23:15:47', '2022-07-30 23:15:47'),
(291, 23, 'credit', '65.89', 'ROI', '552754.24875', 'Investment Earning from - Gold Plan', '930868376f568a15e084d0f76478fb3c', '2022-07-31 16:40:05', '2022-07-31 16:40:05'),
(292, 3, 'credit', '12.777777777778', 'ROI', '46158.055555562', 'Investment Earning from - Diamond Plan', '327596db5c1a96087a85452196584807', '2022-07-31 16:40:05', '2022-07-31 16:40:05'),
(294, 24, 'credit', '3.1944444444444', 'ROI', '8754.4444444432', 'Investment Earning from - Diamond Plan', '15ac103b9681932f0c7b684af95bc0ce', '2022-07-31 16:40:05', '2022-07-31 16:40:05'),
(295, 1, 'credit', '15.972222222222', 'ROI', '15251.326111106', 'Investment Earning from - Diamond Plan', 'cfbf7f4eef79b21d8074008e94518ba1', '2022-07-31 16:40:05', '2022-07-31 16:40:05'),
(296, 3, 'credit', '12.777777777778', 'ROI', '46170.83333334', 'Investment Earning from - Diamond Plan', '2e58da545d0d82a579ff020aca5c3b5d', '2022-07-31 17:40:43', '2022-07-31 17:40:43'),
(298, 24, 'credit', '3.1944444444444', 'ROI', '8757.6388888876', 'Investment Earning from - Diamond Plan', '1a87f0959d5ebdcd6cd5adca8f9d670b', '2022-07-31 17:40:43', '2022-07-31 17:40:43'),
(299, 1, 'credit', '15.972222222222', 'ROI', '15267.298333328', 'Investment Earning from - Diamond Plan', '484301de0f4492cc26cc07ec63d953a6', '2022-07-31 17:40:43', '2022-07-31 17:40:43'),
(300, 1, 'credit', '84', 'ROI', '15351.298333328', 'Investment Earning from - Pro Plan', 'e0a2b856a044c164b3879402edacdb05', '2022-07-31 18:00:03', '2022-07-31 18:00:03'),
(301, 1, 'credit', '33', 'ROI', '15384.298333328', 'Investment Earning from - Gold Plan', 'ffd6d4097696b48fe868b65e90bd7669', '2022-07-31 18:00:03', '2022-07-31 18:00:03'),
(302, 3, 'credit', '27.5', 'ROI', '46198.33333334', 'Investment Earning from - Gold Plan', '2f892a126c350e4e4252fd1cea0d7d05', '2022-07-31 18:05:18', '2022-07-31 18:05:18'),
(304, 24, 'credit', '105', 'ROI', '8862.6388888876', 'Investment Earning from - Pro Plan', 'ff82e1689e68408078f6ee9f7e829ebf', '2022-07-31 18:10:13', '2022-07-31 18:10:13'),
(305, 3, 'credit', '12.777777777778', 'ROI', '46211.111111118', 'Investment Earning from - Diamond Plan', '13eb5578649b70779b9b7a70f0e2e5e4', '2022-07-31 18:45:44', '2022-07-31 18:45:44'),
(307, 24, 'credit', '3.1944444444444', 'ROI', '8865.833333332', 'Investment Earning from - Diamond Plan', '43555d74a0c40585c897e114a2b29ff5', '2022-07-31 18:45:44', '2022-07-31 18:45:44'),
(308, 1, 'credit', '15.972222222222', 'ROI', '15400.27055555', 'Investment Earning from - Diamond Plan', '6e8f69923477899183dfe287cc763a03', '2022-07-31 18:45:44', '2022-07-31 18:45:44'),
(309, 3, 'credit', '12.777777777778', 'ROI', '46223.888888896', 'Investment Earning from - Diamond Plan', '280e170e7d95a812264f9122412015a2', '2022-07-31 19:50:47', '2022-07-31 19:50:47'),
(311, 24, 'credit', '3.1944444444444', 'ROI', '8869.0277777764', 'Investment Earning from - Diamond Plan', '2a8c666a6aa92e8efddd2c98f4d5ad76', '2022-07-31 19:50:47', '2022-07-31 19:50:47'),
(312, 1, 'credit', '15.972222222222', 'ROI', '15416.242777772', 'Investment Earning from - Diamond Plan', '6a98570601aa94f6ab6b545f7c871c5f', '2022-07-31 19:50:47', '2022-07-31 19:50:47'),
(313, 3, 'credit', '12.777777777778', 'ROI', '46236.666666674', 'Investment Earning from - Diamond Plan', 'a0b0dae818997d0ae6c1ebb8109d16e4', '2022-07-31 20:55:31', '2022-07-31 20:55:31'),
(315, 24, 'credit', '3.1944444444444', 'ROI', '8872.2222222208', 'Investment Earning from - Diamond Plan', '6a0a03242a1422183201567083f61c89', '2022-07-31 20:55:31', '2022-07-31 20:55:31'),
(316, 1, 'credit', '15.972222222222', 'ROI', '15432.214999994', 'Investment Earning from - Diamond Plan', 'f08df62086d72ebd9954535a0603f112', '2022-07-31 20:55:31', '2022-07-31 20:55:31'),
(317, 3, 'credit', '12.777777777778', 'ROI', '46249.444444452', 'Investment Earning from - Diamond Plan', 'bf4ef854ebc5f44cecda67124c751a3f', '2022-07-31 21:55:36', '2022-07-31 21:55:36'),
(319, 24, 'credit', '3.1944444444444', 'ROI', '8875.4166666652', 'Investment Earning from - Diamond Plan', '3d1d574ae2fb4ff6ae3b58a00b1f9af1', '2022-07-31 21:55:36', '2022-07-31 21:55:36'),
(320, 1, 'credit', '15.972222222222', 'ROI', '15448.187222216', 'Investment Earning from - Diamond Plan', '7ea1c952f2308bdcd2c44e9734165489', '2022-07-31 21:55:36', '2022-07-31 21:55:36'),
(321, 3, 'credit', '12.777777777778', 'ROI', '46262.22222223', 'Investment Earning from - Diamond Plan', '3ec6c873ba0c3f886195f47c33c9f133', '2022-07-31 23:00:10', '2022-07-31 23:00:10'),
(323, 24, 'credit', '3.1944444444444', 'ROI', '8878.6111111096', 'Investment Earning from - Diamond Plan', '281e0088cd57ec4fd93a457f31a48eee', '2022-07-31 23:00:10', '2022-07-31 23:00:10'),
(324, 1, 'credit', '15.972222222222', 'ROI', '15464.159444438', 'Investment Earning from - Diamond Plan', '3c93fe926375ce4746e8b051a87cc550', '2022-07-31 23:00:10', '2022-07-31 23:00:10'),
(325, 1, 'credit', '65.89', 'ROI', '15530.049444438', 'Investment Earning from - Gold Plan', 'e50d3093203ea8ef3c9d9371b592d58c', '2022-07-31 23:20:22', '2022-07-31 23:20:22'),
(326, 3, 'credit', '12.777777777778', 'ROI', '46275.000000008', 'Investment Earning from - Diamond Plan', 'e49e678c8bbe076e364490d1370b8390', '2022-08-01 00:00:33', '2022-08-01 00:00:33'),
(328, 24, 'credit', '3.1944444444444', 'ROI', '8881.805555554', 'Investment Earning from - Diamond Plan', '73bfbc840c447a003b33c622394c59df', '2022-08-01 00:00:33', '2022-08-01 00:00:33'),
(329, 1, 'credit', '15.972222222222', 'ROI', '15546.02166666', 'Investment Earning from - Diamond Plan', '51a6f6d077e67edcf75c6ea404cb1833', '2022-08-01 00:00:33', '2022-08-01 00:00:33'),
(330, 3, 'credit', '12.777777777778', 'ROI', '46287.777777786', 'Investment Earning from - Diamond Plan', 'ad6088b8a484f8039470ef5b9eceaa73', '2022-08-01 01:05:45', '2022-08-01 01:05:45'),
(332, 24, 'credit', '3.1944444444444', 'ROI', '8884.9999999984', 'Investment Earning from - Diamond Plan', '8a16f3185a6adc403fad8795a7748564', '2022-08-01 01:05:45', '2022-08-01 01:05:45'),
(333, 1, 'credit', '15.972222222222', 'ROI', '15561.993888882', 'Investment Earning from - Diamond Plan', '9ba0e31134b6971055210cf871b6ed7c', '2022-08-01 01:05:45', '2022-08-01 01:05:45'),
(334, 23, 'credit', '65.89', 'ROI', '552820.13875', 'Investment Earning from - Gold Plan', '147e14af86ce8bb7368752ff206afb23', '2022-08-05 22:54:49', '2022-08-05 22:54:49'),
(335, 1, 'credit', '84', 'ROI', '15645.993888882', 'Investment Earning from - Pro Plan', '7d76227ba522f8e22a97739510486d02', '2022-08-05 22:54:51', '2022-08-05 22:54:51'),
(336, 1, 'credit', '33', 'ROI', '15678.993888882', 'Investment Earning from - Gold Plan', '6eba37ef0dae8ff04a2f8e358fd94c6c', '2022-08-05 22:54:51', '2022-08-05 22:54:51'),
(337, 3, 'credit', '12.777777777778', 'ROI', '46300.555555564', 'Investment Earning from - Diamond Plan', '5ea1af88069b8436333c72ec0e728175', '2022-08-05 22:54:51', '2022-08-05 22:54:51'),
(338, 3, 'credit', '27.5', 'ROI', '46328.055555564', 'Investment Earning from - Gold Plan', '74ce77f5fbc088e0300a1063bd49388a', '2022-08-05 22:54:52', '2022-08-05 22:54:52');
INSERT INTO `transactions` (`id`, `user_id`, `type`, `amount`, `method`, `balance_after_transaction`, `remark`, `txn_id`, `created_at`, `updated_at`) VALUES
(341, 24, 'credit', '105', 'ROI', '8989.9999999984', 'Investment Earning from - Pro Plan', '2554010161fb720633579d6d7a00ae9c', '2022-08-05 22:54:53', '2022-08-05 22:54:53'),
(342, 24, 'credit', '3.1944444444444', 'ROI', '8993.1944444428', 'Investment Earning from - Diamond Plan', '462ccfd8380b2effe4e4375dc05d1e93', '2022-08-05 22:54:53', '2022-08-05 22:54:53'),
(343, 1, 'credit', '15.972222222222', 'ROI', '15694.966111104', 'Investment Earning from - Diamond Plan', '546e48d34a20ca5f91e2b97d01b4e9f3', '2022-08-05 22:54:53', '2022-08-05 22:54:53'),
(344, 1, 'credit', '65.89', 'ROI', '15760.856111104', 'Investment Earning from - Gold Plan', '60f65f420f09434db63f3e94bf4dfade', '2022-08-05 22:54:53', '2022-08-05 22:54:53'),
(345, 24, 'debit', '512.75', 'Transfer to OVNLT1', '8480.4444444428', 'Nothing', '363afff7b12ffcf8aca0674c5b36d898', '2022-08-07 11:41:35', '2022-08-07 11:41:35'),
(347, 16, 'credit', '70000', 'Deposit', '140010', 'Bank Deposit/Transfer Deposit', '22335b4855cfe34423f1ed66d4ce9730', '2022-08-15 10:27:43', '2022-08-15 10:27:43'),
(350, 1, 'credit', '55', 'Loan', '16815.856111104', 'Loan Credited', '89538fab3fa15da7448603a5d43bd801', '2022-08-16 13:35:52', '2022-08-16 13:35:52'),
(351, 1, 'debit', '57.475', 'Loan Repayment', '16758.381111104', 'Loan Paid', '8064a2463b4d4b1670d24e3cc4f9b0a3', '2022-08-16 13:37:00', '2022-08-16 13:37:00'),
(352, 1, 'credit', '3000', 'Loan', '19758.381111104', 'Loan Credited', '8139011ddd0e912753c111f846b19a7b', '2022-08-16 14:44:05', '2022-08-16 14:44:05'),
(353, 2, 'credit', '60000', 'Manual Credit', '60010', 'Manaul Credit', '8233ea81ce91349eac7cec74c0670ece', '2022-08-22 15:22:35', '2022-08-22 15:22:35'),
(355, 2, 'debit', '5999', 'Plan Purchase', '53911', 'Investment Plan Purchase - Diamond Plan', '471c02aa73049087d524d2e5a9dabc58', '2022-08-22 15:25:07', '2022-08-22 15:25:07'),
(356, 23, 'credit', '330', 'Refund', '553150.13875', 'Withdrawal Request Declined', 'b65a5137eef57573cbab790da97a13d3', '2022-08-24 20:41:42', '2022-08-24 20:41:42'),
(357, 23, 'credit', '330', 'Refund', '553480.13875', 'Withdrawal Request Declined', '73e1e3ff3c2e1c7ff0a44893d6b36d10', '2022-08-24 21:15:56', '2022-08-24 21:15:56'),
(358, 28, 'credit', '10', 'Bonus', '10', 'Signup Bonus', '792d0d9ea1defb27875c5a828c89c5b6', '2022-08-28 19:36:33', '2022-08-28 19:36:33'),
(359, 1, 'debit', '3135', 'Loan Repayment', '16623.381111104', 'Loan Paid', '983943a35afbd1ba0d637a71b5195a4c', '2022-09-05 09:32:42', '2022-09-05 09:32:42'),
(360, 23, 'credit', '65.89', 'ROI', '553546.02875', 'Investment Earning from - Gold Plan', 'f1bcf60aa43df4517f2cb8ee9d80a1e6', '2022-09-05 09:32:47', '2022-09-05 09:32:47'),
(361, 1, 'credit', '84', 'ROI', '16707.381111104', 'Investment Earning from - Pro Plan', '0dbfcfaeaa9816476fcb4bb342912ca1', '2022-09-05 09:32:48', '2022-09-05 09:32:48'),
(362, 1, 'credit', '33', 'ROI', '16740.381111104', 'Investment Earning from - Gold Plan', '3132e3290b501c34175128058b56d552', '2022-09-05 09:32:49', '2022-09-05 09:32:49'),
(363, 3, 'credit', '12.777777777778', 'ROI', '46340.833333342', 'Investment Earning from - Diamond Plan', '20b7fd659b26fb7625cd32277b0a15b3', '2022-09-05 09:32:49', '2022-09-05 09:32:49'),
(364, 3, 'credit', '27.5', 'ROI', '46368.333333342', 'Investment Earning from - Gold Plan', '9ec517d1aa1441de0a9a2030055b6c9f', '2022-09-05 09:32:50', '2022-09-05 09:32:50'),
(367, 24, 'credit', '105', 'ROI', '8585.4444444428', 'Investment Earning from - Pro Plan', 'c98386ff4d1380c3128fb6edbfe094ea', '2022-09-05 09:32:52', '2022-09-05 09:32:52'),
(368, 24, 'credit', '3.1944444444444', 'ROI', '8588.6388888872', 'Investment Earning from - Diamond Plan', '42cef7902de13935ec91f9ff615d23ad', '2022-09-05 09:32:53', '2022-09-05 09:32:53'),
(369, 1, 'credit', '15.972222222222', 'ROI', '16756.353333326', 'Investment Earning from - Diamond Plan', 'd446495796185507a9f8d01642ca6c21', '2022-09-05 09:32:53', '2022-09-05 09:32:53'),
(370, 1, 'credit', '65.89', 'ROI', '16822.243333326', 'Investment Earning from - Gold Plan', '229e1b891d9e82e56f44ca7571b82490', '2022-09-05 09:32:53', '2022-09-05 09:32:53'),
(371, 2, 'credit', '12.5', 'ROI', '53923.5', 'Investment Earning from - Starter Plan', '5146a3464458cca21b23aae31414a734', '2022-09-05 09:32:54', '2022-09-05 09:32:54'),
(372, 2, 'credit', '19.163472222222', 'ROI', '53942.663472222', 'Investment Earning from - Diamond Plan', '7828a7678143d0f194e0596422f7abc4', '2022-09-05 09:32:54', '2022-09-05 09:32:54'),
(373, 2, 'debit', '70', 'Funding', '53872.663472222', 'BTC Funding', '34ea3e90e9b541fa46fe750b586be709', '2022-10-18 21:01:51', '2022-10-18 21:01:51'),
(374, 2, 'debit', '70', 'Funding', '53802.663472222', 'BTC Funding', '3a98acc6c1c5886fcf155958b92a6e89', '2022-10-18 21:02:08', '2022-10-18 21:02:08'),
(375, 2, 'debit', '70', 'Funding', '53732.663472222', 'BTC Funding', 'e606760c9678dc978f39d1192f81b3a4', '2022-10-18 21:05:15', '2022-10-18 21:05:15'),
(376, 2, 'debit', '70', 'Funding', '53662.663472222', 'BTC Funding', '699c3887c56f5b042db790f26bace92f', '2022-10-18 21:05:36', '2022-10-18 21:05:36'),
(377, 2, 'debit', '70', 'Funding', '53592.663472222', 'BTC Funding', '1914763a4c3b1d9d4744a49a67add81e', '2022-10-18 21:08:12', '2022-10-18 21:08:12'),
(378, 2, 'credit', '50', 'Withdrwal', '53642.663472222', 'BTC withdrawal to fiat', 'f0b7eab3da94adbce166a759d7c5fece', '2022-10-18 21:17:21', '2022-10-18 21:17:21'),
(379, 2, 'credit', '60', 'Withdrwal', '53702.663472222', 'BTC withdrawal to fiat', '4d6151f97840b8f297c38d639fa1550d', '2022-10-18 21:17:39', '2022-10-18 21:17:39'),
(380, 2, 'credit', '50', 'Withdrwal', '53752.663472222', 'BTC withdrawal to fiat', 'ed65e4e1a2d4a56caefa7f917a8396a2', '2022-10-18 21:20:43', '2022-10-18 21:20:43'),
(381, 2, 'debit', '600', 'Funding', '53152.663472222', 'BTC Funding', '8242390643856a5c38902bc7f7606600', '2022-10-18 21:27:50', '2022-10-18 21:27:50'),
(382, 2, 'debit', '500', 'Funding', '52652.663472222', 'ETH Funding', '41aef985ccebbd6b05fb47d4fc9173e9', '2022-10-18 21:32:23', '2022-10-18 21:32:23'),
(383, 2, 'debit', '50000', 'Funding', '2652.663472222', 'BTC Funding', '49fe41e7b93f3d065bc574076708faeb', '2022-10-20 16:17:21', '2022-10-20 16:17:21'),
(384, 2, 'debit', '200', 'Funding', '2452.663472222', 'USDT Funding', 'cf94b56c47514d67d2ce0ceb6b45328b', '2022-10-20 17:52:40', '2022-10-20 17:52:40'),
(385, 2, 'debit', '1660', 'Staking', '792.663472222', 'Ripple staking', '8c8539ce2f4860664a21fbe80dfd4c2d', '2022-10-21 23:22:27', '2022-10-21 23:22:27'),
(386, 2, 'credit', '15', 'Deposit', '807.663472222', 'Authorize.net Deposit', '69255848ed50cdabce124dbd4836f5a7', '2022-10-30 01:55:08', '2022-10-30 01:55:08'),
(387, 1, 'credit', '1.5', 'Bonus', '16823.743333326', 'Referal Bonus', 'e12e0a262e5c709ff52aa2b68d8927ef', '2022-10-30 01:55:09', '2022-10-30 01:55:09'),
(388, 2, 'credit', '50', 'Deposit', '857.663472222', 'Stripe Deposit', '4feb620533cd4f2643d2ac519bb687e3', '2022-10-30 10:35:56', '2022-10-30 10:35:56'),
(389, 1, 'credit', '5', 'Bonus', '16828.743333326', 'Referal Bonus', '3a8cfb75290115e8a81dfa34d94bcdd8', '2022-10-30 10:35:56', '2022-10-30 10:35:56'),
(390, 2, 'credit', '50', 'Deposit', '907.663472222', 'Stripe Deposit', 'db751c515cf2d2d828c09b6df524ed33', '2022-10-30 10:35:57', '2022-10-30 10:35:57'),
(391, 1, 'credit', '5', 'Bonus', '16833.743333326', 'Referal Bonus', '6ad97eb0ff661c1c50f8c0b45eca96f4', '2022-10-30 10:35:57', '2022-10-30 10:35:57'),
(392, 2, 'credit', '322', 'Deposit', '1229.663472222', 'RazorPay Deposit', 'a3075925cccccee0478ba77350d9c836', '2022-10-30 15:16:27', '2022-10-30 15:16:27'),
(393, 1, 'credit', '32.2', 'Bonus', '16865.943333326', 'Referal Bonus', '1bc98fb37442bd547f27940bd7a17e6d', '2022-10-30 15:16:27', '2022-10-30 15:16:27'),
(394, 2, 'credit', '100', 'Deposit', '1329.663472222', 'Flutterwave Deposit', 'aa9cfff87941cb762769930f111b0ed3', '2022-10-30 19:43:23', '2022-10-30 19:43:23'),
(395, 1, 'credit', '10', 'Bonus', '16875.943333326', 'Referal Bonus', 'd3323e556962d57c3f4950b6c97e3dc0', '2022-10-30 19:43:23', '2022-10-30 19:43:23'),
(396, 2, 'credit', '50', 'Deposit', '1379.663472222', 'CoinGate Deposit', '297f04fc12f7ec38abb787e5a97599f7', '2022-10-30 20:38:49', '2022-10-30 20:38:49'),
(397, 1, 'credit', '5', 'Bonus', '16880.943333326', 'Referal Bonus', '15d2af1112a891581b690e4ce7476a7c', '2022-10-30 20:38:49', '2022-10-30 20:38:49'),
(398, 2, 'debit', '137.9663472222', 'Trade', '1241.6971249998', 'Bot Trade', '61a7c28a7ec153da7660c66ac496f542', '2022-11-01 22:26:40', '2022-11-01 22:26:40'),
(399, 2, 'credit', '171.35420324997', 'Trade', '1413.0513282498', 'Bot Trade', 'a272409f79fe3b8c33294d14e827b8ff', '2022-11-01 22:30:04', '2022-11-01 22:30:04'),
(400, 1, 'credit', '84', 'ROI', '16964.943333326', 'Investment Earning from - Pro Plan', '7b06802aa8db1ec9ee3b30947c1aa3aa', '2022-11-09 14:51:37', '2022-11-09 14:51:37'),
(401, 1, 'credit', '33', 'ROI', '16913.943333326', 'Investment Earning from - Gold Plan', '98a99e796c6fa106826f12a1d172be88', '2022-11-09 14:51:37', '2022-11-09 14:51:37'),
(402, 3, 'credit', '12.777777777778', 'ROI', '46381.11111112', 'Investment Earning from - Diamond Plan', '5cb0cd3bdcde387a0c25de2428761a3b', '2022-11-09 14:51:37', '2022-11-09 14:51:37'),
(403, 3, 'credit', '27.5', 'ROI', '46395.833333342', 'Investment Earning from - Gold Plan', 'f7f37e6a2978b43b732bb57129eb690a', '2022-11-09 14:51:37', '2022-11-09 14:51:37'),
(406, 24, 'credit', '105', 'ROI', '8693.6388888872', 'Investment Earning from - Pro Plan', 'cccac4f24c5f655808b70896aae4476e', '2022-11-09 14:51:38', '2022-11-09 14:51:38'),
(407, 24, 'credit', '3.1944444444444', 'ROI', '8591.8333333316', 'Investment Earning from - Diamond Plan', '64581c113fb38b8c60243bd9e9cbc9e1', '2022-11-09 14:51:38', '2022-11-09 14:51:38'),
(408, 1, 'credit', '15.972222222222', 'ROI', '16929.915555548', 'Investment Earning from - Diamond Plan', 'a3d860c64f4f08584b14696c57de4fd9', '2022-11-09 14:51:38', '2022-11-09 14:51:38'),
(409, 1, 'credit', '65.89', 'ROI', '16979.833333326', 'Investment Earning from - Gold Plan', 'f3d181514f4109cc233603eb34f4b020', '2022-11-09 14:51:38', '2022-11-09 14:51:38'),
(410, 2, 'credit', '12.5', 'ROI', '1425.5513282498', 'Investment Earning from - Starter Plan', '4339b37d4e6306d732f200eb098a3b16', '2022-11-09 14:51:38', '2022-11-09 14:51:38'),
(411, 2, 'credit', '19.163472222222', 'ROI', '1432.214800472', 'Investment Earning from - Diamond Plan', '84df2ef1ee3a13a030858b98256c08bf', '2022-11-09 14:51:38', '2022-11-09 14:51:38');

-- --------------------------------------------------------

--
-- Table structure for table `transfers`
--

CREATE TABLE `transfers` (
  `id` bigint UNSIGNED NOT NULL,
  `sender_id` bigint UNSIGNED NOT NULL,
  `receiver_id` bigint UNSIGNED NOT NULL,
  `amount` varchar(255) CHARACTER SET utf8mb4 COLLATE utf8mb4_unicode_ci NOT NULL,
  `fee` varchar(255) CHARACTER SET utf8mb4 COLLATE utf8mb4_unicode_ci NOT NULL,
  `total` varchar(255) CHARACTER SET utf8mb4 COLLATE utf8mb4_unicode_ci NOT NULL,
  `status` varchar(255) CHARACTER SET utf8mb4 COLLATE utf8mb4_unicode_ci NOT NULL,
  `txn_id` varchar(255) CHARACTER SET utf8mb4 COLLATE utf8mb4_unicode_ci NOT NULL,
  `narration` varchar(255) CHARACTER SET utf8mb4 COLLATE utf8mb4_unicode_ci NOT NULL,
  `created_at` timestamp NULL DEFAULT NULL,
  `updated_at` timestamp NULL DEFAULT NULL
) ENGINE=InnoDB DEFAULT CHARSET=utf8mb4 COLLATE=utf8mb4_unicode_ci;

--
-- Dumping data for table `transfers`
--

INSERT INTO `transfers` (`id`, `sender_id`, `receiver_id`, `amount`, `fee`, `total`, `status`, `txn_id`, `narration`, `created_at`, `updated_at`) VALUES
(2, 23, 1, '500', '12.5', '512.5', 'approved', 'TRF-62c301812df05', 'Transfer To Start trading', '2022-07-04 14:04:33', '2022-07-04 14:04:33'),
(3, 1, 23, '50', '1.25', '51.25', 'approved', 'TRF-62c3086fc0090', 'Transfer for coins', '2022-07-04 14:34:07', '2022-07-04 14:34:07'),
(4, 1, 23, '50', '1.25', '51.25', 'approved', 'TRF-62c30f6ba6def', 'Transfer', '2022-07-04 15:03:55', '2022-07-04 15:03:55'),
(8, 23, 1, '600', '15', '615', 'rejected', 'TRF-62c4880d3b9f6', 'websiteHealth', '2022-07-05 17:50:58', '2022-07-06 01:13:49'),
(9, 1, 23, '47', '1.175', '48.175', 'approved', 'TRF-62c4b05e25e4f', 'Testing otp', '2022-07-05 20:43:01', '2022-07-06 01:06:37'),
(10, 1, 23, '60', '1.5', '61.5', 'approved', 'TRF-62c4b886dfaf1', 'test', '2022-07-05 21:17:49', '2022-07-06 01:01:47'),
(11, 23, 1, '12', '0.3', '12.3', 'approved', 'TRF-62c58d04aeb28', 'Testing artisan', '2022-07-06 12:24:28', '2022-07-27 22:18:07'),
(12, 24, 1, '500', '12.75', '512.75', 'approved', 'TRF-62efb2f8cc33a', 'Nothing', '2022-08-07 11:41:35', '2022-08-16 11:22:05');

-- --------------------------------------------------------

--
-- Table structure for table `users`
--

CREATE TABLE `users` (
  `id` bigint UNSIGNED NOT NULL,
  `first_name` varchar(255) CHARACTER SET utf8mb4 COLLATE utf8mb4_unicode_ci NOT NULL,
  `last_name` varchar(255) CHARACTER SET utf8mb4 COLLATE utf8mb4_unicode_ci NOT NULL,
  `email` varchar(255) CHARACTER SET utf8mb4 COLLATE utf8mb4_unicode_ci NOT NULL,
  `account_id` varchar(255) CHARACTER SET utf8mb4 COLLATE utf8mb4_unicode_ci NOT NULL,
  `password` varchar(255) CHARACTER SET utf8mb4 COLLATE utf8mb4_unicode_ci NOT NULL,
  `phone_no` varchar(255) CHARACTER SET utf8mb4 COLLATE utf8mb4_unicode_ci NOT NULL,
  `account_bal` double(50,10) NOT NULL,
  `email_verified` varchar(255) CHARACTER SET utf8mb4 COLLATE utf8mb4_unicode_ci NOT NULL,
  `id_verified` varchar(255) CHARACTER SET utf8mb4 COLLATE utf8mb4_unicode_ci NOT NULL DEFAULT 'pending',
  `status` varchar(255) CHARACTER SET utf8mb4 COLLATE utf8mb4_unicode_ci NOT NULL,
  `gender` varchar(255) CHARACTER SET utf8mb4 COLLATE utf8mb4_unicode_ci DEFAULT NULL,
  `dob` varchar(255) CHARACTER SET utf8mb4 COLLATE utf8mb4_unicode_ci DEFAULT NULL,
  `street_address` varchar(255) CHARACTER SET utf8mb4 COLLATE utf8mb4_unicode_ci NOT NULL,
  `state` varchar(255) CHARACTER SET utf8mb4 COLLATE utf8mb4_unicode_ci NOT NULL,
  `country` varchar(255) CHARACTER SET utf8mb4 COLLATE utf8mb4_unicode_ci NOT NULL,
  `referred_by` varchar(255) CHARACTER SET utf8mb4 COLLATE utf8mb4_unicode_ci DEFAULT NULL,
  `g2fa` varchar(255) CHARACTER SET utf8mb4 COLLATE utf8mb4_unicode_ci NOT NULL DEFAULT 'disabled',
  `email_verified_at` timestamp NULL DEFAULT NULL,
  `profile_picture` varchar(255) CHARACTER SET utf8mb4 COLLATE utf8mb4_unicode_ci NOT NULL DEFAULT 'user.png',
  `remember_token` varchar(100) CHARACTER SET utf8mb4 COLLATE utf8mb4_unicode_ci DEFAULT NULL,
  `created_at` timestamp NULL DEFAULT NULL,
  `updated_at` timestamp NULL DEFAULT NULL
) ENGINE=InnoDB DEFAULT CHARSET=utf8mb4 COLLATE=utf8mb4_unicode_ci;

--
-- Dumping data for table `users`
--

INSERT INTO `users` (`id`, `first_name`, `last_name`, `email`, `account_id`, `password`, `phone_no`, `account_bal`, `email_verified`, `id_verified`, `status`, `gender`, `dob`, `street_address`, `state`, `country`, `referred_by`, `g2fa`, `email_verified_at`, `profile_picture`, `remember_token`, `created_at`, `updated_at`) VALUES
(1, 'Okwor', 'Uchenna', 'mrfebuc@gmail.com', 'OVNLT1', '$2y$10$cFw.wvAlJLw5Wn8GH3fOh.RZEF2Ew/4M1mMeUK8/LlCgAb5AjomNC', '18156029223', 16979.8333333260, 'verified', 'verified', 'active', 'male', '18-12-1998', 'Plot H/4 Golf Estate', 'Enugu', 'Costa Rica', NULL, 'disabled', NULL, 'user.png', NULL, '2022-06-11 06:22:02', '2022-11-09 14:51:38'),
(2, 'Okwor', 'Uchenna', 'ichiegroup@gmail.com', 'WJRLU2', '$2y$10$GB3IBunYNe4zOd3dUfahN.GUVZDraA6pfCDIo/iPBNvtzNia4SZ0G', '18156029223', 1432.2148004720, 'verified', 'verified', 'active', 'male', '2022-06-18', 'Plot H/4 Golf Estate', 'Enugu', 'Germany', 'OVNLT1', 'disabled', NULL, 'user.png', NULL, '2022-06-18 14:10:28', '2022-11-09 14:51:38'),
(3, 'don', 'pedro', 'don@don.com', 'QHBGD3', '$2y$10$W280.E3nEYvl6Oiq936YiOxDa8/CrZh2agwPmq4I/VuEJw72sanxy', '12345678', 46395.8333333420, 'verified', 'admin_review', 'active', 'male', '2022-06-21', 'lagos', 'lagos', 'Andorra', 'OVNLT1', 'disabled', NULL, 'user.png', NULL, '2022-06-21 15:45:23', '2022-11-09 15:41:17'),
(4, 'peter', 'wanka', 'ttyrtreatfd@gmail.com', 'BKFDU4', '$2y$10$m5ycdOhCmey2LdAEvcCD5OwphH/Tsw.w4i2fcGJqmOTerAYJj4kRy', '89978675578', 63818.5800000000, 'verified', 'verified', 'active', 'female', '2022-06-21', 'address', 'nothing', 'Azerbaijan', 'OVNLT1', 'disabled', NULL, 'user.png', NULL, '2022-06-21 15:54:46', '2022-08-15 10:27:45'),
(7, 'Cheyenne', 'Weber', 'digamebun@mailinator.com', 'KGIAD6', '$2y$10$uNc5hUD3L42p4ltogbdIH.Hmhv8BgV871p6F1yzr7EIwTQUkZIAey', '+1 (598) 227-8001', 10.0000000000, 'verified', 'pending', 'active', 'male', '2011-08-01', 'Non voluptate cillum', 'Autem ut dignissimos', 'Guyana', 'BKFDU4', 'disabled', NULL, 'user.png', NULL, '2022-06-21 16:37:00', '2022-07-29 01:19:47'),
(8, 'Marvin', 'Ruiz', 'tojuxof@mailinator.com', 'ZVISJ7', '$2y$10$2tpRX.tUdbhYYHmWR4pd9.mOOqA/lY8pRS9GSj3ETv68aAISQjS1.', '+1 (258) 656-7559', 10.0000000000, 'verified', 'pending', 'suspended', 'neutral', '2011-04-15', 'Quo at dolor similiq', 'Vero recusandae Rep', 'Iceland', 'BKFDU4', 'disabled', NULL, 'user.png', NULL, '2022-06-21 16:51:51', '2022-07-28 23:51:41'),
(9, 'Griffin', 'Larson', 'liwyry@mailinator.com', 'QAJEI8', '$2y$10$0wz4jtdPlsuZSV1P0WxLaODLJgI5m2R19iHZpWW3vODantUeqDQm2', '+1 (461) 638-1527', 10.0000000000, 'verified', 'pending', 'suspended', 'male', '2012-03-17', 'Aute alias doloremqu', 'Voluptate unde volup', 'Nauru', 'BKFDU4', 'disabled', NULL, 'user.png', NULL, '2022-06-21 17:17:50', '2022-07-29 01:15:06'),
(13, 'Chantale', 'Wolfe', 'runam@mailinator.com', 'WXIJH12', '$2y$10$rOQo.zWUmsRdfuAjEXMmuemlIfwvCzPH1YZYvoW5YXL3DhFTttIdi', '+1 (568) 434-6226', 10.0000000000, 'verified', 'pending', 'active', 'neutral', '2013-11-17', 'Quos quidem fugit v', 'Aute Nam laborum quo', 'Panama', 'BKFDU4', 'disabled', NULL, 'user.png', NULL, '2022-06-21 18:01:25', '2022-07-29 01:19:47'),
(14, 'Sonia', 'Vincent', 'mumycim@mailinator.com', 'RYJGM13', '$2y$10$qmhlWReCA7l5Cm5vat.C4./zbqRZ9bAQmtSh11VpsRQB2AMqrtSm6', '+1 (625) 268-1275', 10.0000000000, 'verified', 'pending', 'active', 'male', '2008-08-16', 'Ipsam itaque beatae', 'Quis ut ipsam cillum', 'Colombia', 'BKFDU4', 'disabled', NULL, 'user.png', NULL, '2022-06-21 18:05:05', '2022-07-29 01:19:47'),
(15, 'Troy', 'Stephens', 'gifaqinaqa@mailinator.com', 'ALONV14', '$2y$10$AfXxzL.Wz43.fLLcBbFIYe8gqdE8jrplv3npgynPQ9mAMq5BWyie2', '+1 (955) 526-7241', 0.0000000000, 'verified', 'pending', 'active', 'male', '2005-04-04', 'Molestiae et cupidat', 'Incidunt sunt volup', 'Botswana', 'BKFDU4', 'disabled', NULL, 'user.png', NULL, '2022-06-22 04:41:43', '2022-07-29 01:19:47'),
(16, 'Russell', 'Mcdaniel', 'jome@mailinator.com', 'RICYA15', '$2y$10$jqaF/ABIQ1XAUekh/X8.6eYIh4.RnMeIGopIh5/1pm041ajDD3DwK', '+1 (796) 627-7458', 140010.0000000000, 'verified', 'pending', 'active', 'male', '2006-12-17', 'Omnis consequatur si', 'Ut eum et consectetu', 'St Kitts & Nevis', 'BKFDU4', 'disabled', NULL, 'user.png', NULL, '2022-06-22 04:48:16', '2022-08-15 10:27:43'),
(17, 'Andrew', 'Fernandez', 'mekotiqu@mailinator.com', 'EXWRO16', '$2y$10$ldZ80FYi2sfxtc3ZRp09mucOg5f8kUbaT3AToKQPe2RDdxcqn63xi', '+1 (374) 251-8255', 10.0000000000, 'verified', 'pending', 'active', 'neutral', '2018-04-19', 'Eaque necessitatibus', 'Enim similique magni', 'Andorra', 'BKFDU4', 'disabled', NULL, 'user.png', NULL, '2022-06-22 04:55:18', '2022-08-24 09:44:47'),
(20, 'Haviva', 'Owen', 'paqimi@mailinator.com', 'ZHOWR19', '$2y$10$IJY7pnoQp1lE4W2aIQjEmOhKoV.LagZhEN2M3kau.Bcszs6TpTIRy', '+1 (406) 388-3105', 10.0000000000, 'verified', 'pending', 'active', 'male', '2010-12-10', 'Iusto ipsa ducimus', 'Do dolore in id ea v', 'Malaysia', 'WXIJH12', 'disabled', NULL, 'user.png', NULL, '2022-06-22 05:23:58', '2022-07-29 01:19:47'),
(21, 'Wynne', 'Middleton', 'cifebugog@mailinator.com', 'CEVLA20', '$2y$10$hMc1c3EN3Y0L9hUSQ4znsO7lE0Hh6/WeOkX4u4y6hbB4exDYE16t2', '+1 (817) 996-6196', 10.0000000000, 'verified', 'pending', 'active', 'female', '2007-03-09', 'Ex dolore praesentiu', 'Praesentium nisi et', 'Poland', 'QHBGD3', 'disabled', NULL, 'user.png', NULL, '2022-06-22 05:44:38', '2022-08-24 07:05:35'),
(22, 'Tasha', 'Hicks', 'bicexewa@mailinator.com', '97SNFJP3ML22', '$2y$10$.Jg7csquMO7oRzj/y5vfa.lESBPLhdY.8uB6PVYcga0TSuLEWUCn2', '+1 (211) 562-8109', 10.0000000000, 'verified', 'pending', 'active', 'male', '2012-10-21', 'Ipsam nobis ad elit', 'Ea similique officii', 'Samoa', 'Odit quo a debitis a', 'disabled', NULL, 'user.png', NULL, '2022-06-22 05:54:26', '2022-07-29 01:19:48'),
(23, 'Chastity', 'Drake', 'gihyryg@mailinator.com', 'FEV51JP8UD23', '$2y$10$La7Wg1uDh.4LcXIBnjUAOOUaU6ZnInenKfiiGzbFfCUTdlRXwo7YO', '+1 (477) 466-6511', 553546.0287500000, 'verified', 'rejected', 'active', 'female', '2019-03-02', 'Incididunt cupidatat', 'Illum ipsam volupta', 'France', 'OVNLT1', 'disabled', NULL, 'user.png', NULL, '2022-06-26 18:14:28', '2022-09-05 09:32:47'),
(24, 'Oleg', 'Knapp', 'kocemyq@mailinator.com', 'X5IOMSH6YT24', '$2y$10$a.IftGGINUmlXA5YA3I6MecnJxXo9aVa4cAZR6yG5BnYYnK5xxxSu', '+1 (373) 549-6327', 8591.8333333316, 'verified', 'pending', 'active', 'male', '1999-03-13', 'Et aut quis beatae r', 'Id porro aut in iust', 'Mali', 'Id sequi at sed sunt', 'disabled', NULL, 'user.png', NULL, '2022-07-20 09:40:01', '2022-11-09 14:51:38'),
(27, 'Patience', 'Guy', 'saqediru@mailinator.com', 'SY6T5D9HZ327', '$2y$10$9/ZLlvnw1c4W12C4qoLWSuoBxQ4AdN/Yuotoqu9fzSgL234ObmsEm', '+1 (328) 118-7007', 10.0000000000, 'verified', 'pending', 'suspended', 'male', '1999-05-15', 'Non facilis est volu', 'Nesciunt tempora of', 'Tonga', 'Facere non cumque re', 'disabled', NULL, 'user.png', NULL, '2022-07-24 10:01:32', '2022-07-29 01:59:17'),
(28, 'Brynne', 'Lindsey', 'maje@mailinator.com', 'KV0N496SC228', '$2y$10$IdE1ZHDeiWlDFoAgZyCvzuqbWs02GJ7fA8Bxv5ewgo0LFprRVxNDq', '+1 (532) 963-6977', 10.0000000000, 'verified', 'verified', 'active', 'female', '2020-10-24', 'Netherlands', 'Id nisi id corrupti', 'Netherlands', 'Cillum laboris labor', 'disabled', NULL, 'user.png', NULL, '2022-08-28 19:36:30', '2022-11-06 12:18:15');

-- --------------------------------------------------------

--
-- Table structure for table `verify_tokens`
--

CREATE TABLE `verify_tokens` (
  `id` bigint UNSIGNED NOT NULL,
  `user_id` bigint UNSIGNED NOT NULL,
  `token` varchar(255) CHARACTER SET utf8mb4 COLLATE utf8mb4_unicode_ci NOT NULL,
  `expires` varchar(255) CHARACTER SET utf8mb4 COLLATE utf8mb4_unicode_ci NOT NULL,
  `created_at` timestamp NULL DEFAULT NULL,
  `updated_at` timestamp NULL DEFAULT NULL
) ENGINE=InnoDB DEFAULT CHARSET=utf8mb4 COLLATE=utf8mb4_unicode_ci;

--
-- Dumping data for table `verify_tokens`
--

INSERT INTO `verify_tokens` (`id`, `user_id`, `token`, `expires`, `created_at`, `updated_at`) VALUES
(2, 1, 'LI5qti3FgmhYcPjkZB9C0VUS7AxX0JEorpOzHfl2RbK', '1654948179', '2022-06-11 10:34:39', '2022-06-11 10:34:39'),
(3, 28, 'ILFDQXTAyetJGKPskYz5uo0MUCg8jZwWN2cOfnmrBR0', '1661719890', '2022-08-28 19:36:30', '2022-08-28 19:36:30');

-- --------------------------------------------------------

--
-- Table structure for table `webhook_payments`
--

CREATE TABLE `webhook_payments` (
  `id` bigint UNSIGNED NOT NULL,
  `txn_id` varchar(255) CHARACTER SET utf8mb4 COLLATE utf8mb4_unicode_ci NOT NULL,
  `type` varchar(255) CHARACTER SET utf8mb4 COLLATE utf8mb4_unicode_ci NOT NULL,
  `data` longtext CHARACTER SET utf8mb4 COLLATE utf8mb4_unicode_ci NOT NULL,
  `created_at` timestamp NULL DEFAULT NULL,
  `updated_at` timestamp NULL DEFAULT NULL
) ENGINE=InnoDB DEFAULT CHARSET=utf8mb4 COLLATE=utf8mb4_unicode_ci;

--
-- Dumping data for table `webhook_payments`
--

INSERT INTO `webhook_payments` (`id`, `txn_id`, `type`, `data`, `created_at`, `updated_at`) VALUES
(1, '21fba8ee-84f3-4675-a3c5-57bcce351986', 'coinbase', '{\"bitcoin\":{\"address\":\"3GgV5g7ixw5vbm2fncUW33xiSqeshprBuU\",\"amount\":\"0.01992706\",\"currency\":\"BTC\",\"comment\":\"Send only bitcoin to this address\"},\"ethereum\":{\"address\":\"0xb88e8eea9cd12b361b5c81e76437f3f2d47e65b1\",\"amount\":\"0.362037000\",\"currency\":\"ETH\",\"comment\":\"Send only Ethereum to this address\"},\"usdc\":{\"address\":\"0xb88e8eea9cd12b361b5c81e76437f3f2d47e65b1\",\"amount\":\"387.970000\",\"currency\":\"USDC\",\"comment\":\"Send only USDC to this address\"},\"dai\":{\"address\":\"0xb88e8eea9cd12b361b5c81e76437f3f2d47e65b1\",\"amount\":\"388.028204423310000000\",\"currency\":\"DAI\",\"comment\":\"Send only dai to this address\"},\"apecoin\":{\"address\":\"0xb88e8eea9cd12b361b5c81e76437f3f2d47e65b1\",\"amount\":\"84.497440923445497114\",\"currency\":\"APE\",\"comment\":\"Send only apecoin to this address\"},\"shibainu\":{\"address\":\"0xb88e8eea9cd12b361b5c81e76437f3f2d47e65b1\",\"amount\":\"38489087.301587221530000000\",\"currency\":\"SHIB\",\"comment\":\"Send only shibainu to this address\"},\"tether\":{\"address\":\"0xb88e8eea9cd12b361b5c81e76437f3f2d47e65b1\",\"amount\":\"388.434179\",\"currency\":\"USDT\",\"comment\":\"Send only tether to this address\"},\"bitcoincash\":{\"address\":\"qqhudn2d0a67dqnat3mxjcph07r935ls3cg0rsprda\",\"amount\":\"3.81897825\",\"currency\":\"BCH\",\"comment\":\"Send only bitcoincash to this address\"},\"dogecoin\":{\"address\":\"DQk6ss81MzuieMGZ6eK8k75fDdKM7mXpru\",\"amount\":\"5869.44024212\",\"currency\":\"DOGE\",\"comment\":\"Send only dogecoin to this address\"},\"litecoin\":{\"address\":\"MSyZSdC6qGfLYTfG1Z7JVtjqgT9B9LcynR\",\"amount\":\"7.59013988\",\"currency\":\"LTC\",\"comment\":\"Send only litecoin to this address\"},\"payment_link\":\"https:\\/\\/commerce.coinbase.com\\/charges\\/6HNCGV2D\",\"expires_at\":\"2022-07-01T19:40:13Z\",\"created_at\":\"2022-07-01T18:40:13Z\",\"id\":\"21fba8ee-84f3-4675-a3c5-57bcce351986\",\"user_id\":\"23\",\"deposit_id\":40}', '2022-07-01 17:40:11', '2022-07-01 17:40:11'),
(2, '00000000-0000-0000-0000-000000000000', 'coinbase', '{\"bitcoin\":{\"address\":\"37oahfSketEVWTWdE7Tyu1PdHWfFAZ4Qzh\",\"amount\":\"0.02298866\",\"currency\":\"BTC\",\"comment\":\"Send only bitcoin to this address\"},\"ethereum\":{\"address\":\"0x12119e947fc3a0ed502c2cbbd77025793cfe3b68\",\"amount\":\"0.416149000\",\"currency\":\"ETH\",\"comment\":\"Send only Ethereum to this address\"},\"usdc\":{\"address\":\"0x12119e947fc3a0ed502c2cbbd77025793cfe3b68\",\"amount\":\"443.390000\",\"currency\":\"USDC\",\"comment\":\"Send only USDC to this address\"},\"dai\":{\"address\":\"0x12119e947fc3a0ed502c2cbbd77025793cfe3b68\",\"amount\":\"443.456518697970000000\",\"currency\":\"DAI\",\"comment\":\"Send only dai to this address\"},\"apecoin\":{\"address\":\"0x12119e947fc3a0ed502c2cbbd77025793cfe3b68\",\"amount\":\"98.030068538580588105\",\"currency\":\"APE\",\"comment\":\"Send only apecoin to this address\"},\"shibainu\":{\"address\":\"0x12119e947fc3a0ed502c2cbbd77025793cfe3b68\",\"amount\":\"44184354.758345829060000000\",\"currency\":\"SHIB\",\"comment\":\"Send only shibainu to this address\"},\"tether\":{\"address\":\"0x12119e947fc3a0ed502c2cbbd77025793cfe3b68\",\"amount\":\"443.920485\",\"currency\":\"USDT\",\"comment\":\"Send only tether to this address\"},\"bitcoincash\":{\"address\":\"qr7z4p3tk4k653jdl0h4cutur4vxwx3v6vlv3fql9h\",\"amount\":\"4.37246684\",\"currency\":\"BCH\",\"comment\":\"Send only bitcoincash to this address\"},\"dogecoin\":{\"address\":\"DKDti6zC47k8UyWKVsMUe1f4PyJ3Gxbrbc\",\"amount\":\"6712.43660585\",\"currency\":\"DOGE\",\"comment\":\"Send only dogecoin to this address\"},\"litecoin\":{\"address\":\"MStADVF92RNpDngfN6tfWbj4yu8A2XR9nW\",\"amount\":\"8.63298287\",\"currency\":\"LTC\",\"comment\":\"Send only litecoin to this address\"},\"payment_link\":\"https:\\/\\/commerce.coinbase.com\\/charges\\/4HGABHF2\",\"expires_at\":\"2022-07-01T20:22:07Z\",\"created_at\":\"2022-07-01T19:22:07Z\",\"id\":\"b1a4ac79-007f-44c9-b3c7-4120c0ada25d\",\"user_id\":\"23\",\"deposit_id\":41}', '2022-07-01 18:22:05', '2022-07-01 18:22:05'),
(4, 'test', 'test', 'c3b9a483-2a61-402e-82f1-239a43274085', '2022-07-01 18:40:22', '2022-07-01 18:40:22'),
(5, 'test', 'test', '2a7cd3aa-fb0b-4656-af43-c882e3728ec4', '2022-07-01 18:49:06', '2022-07-01 18:49:06'),
(6, 'RB63PCWX', 'coinbase', '{\"bitcoin\":{\"address\":\"3FwR1FpVD1BEjr5HADQCMYMcouyUDCHxo4\",\"amount\":\"0.04386594\",\"currency\":\"BTC\",\"comment\":\"Send only bitcoin to this address\"},\"ethereum\":{\"address\":\"0xae93278b5448de0b5e9811082a5d199bf12b23fa\",\"amount\":\"0.793571000\",\"currency\":\"ETH\",\"comment\":\"Send only Ethereum to this address\"},\"usdc\":{\"address\":\"0xae93278b5448de0b5e9811082a5d199bf12b23fa\",\"amount\":\"852.410000\",\"currency\":\"USDC\",\"comment\":\"Send only USDC to this address\"},\"dai\":{\"address\":\"0xae93278b5448de0b5e9811082a5d199bf12b23fa\",\"amount\":\"852.537881105430000000\",\"currency\":\"DAI\",\"comment\":\"Send only dai to this address\"},\"apecoin\":{\"address\":\"0xae93278b5448de0b5e9811082a5d199bf12b23fa\",\"amount\":\"183.333691794816646951\",\"currency\":\"APE\",\"comment\":\"Send only apecoin to this address\"},\"shibainu\":{\"address\":\"0xae93278b5448de0b5e9811082a5d199bf12b23fa\",\"amount\":\"84188641.975308273650000000\",\"currency\":\"SHIB\",\"comment\":\"Send only shibainu to this address\"},\"tether\":{\"address\":\"0xae93278b5448de0b5e9811082a5d199bf12b23fa\",\"amount\":\"853.429849\",\"currency\":\"USDT\",\"comment\":\"Send only tether to this address\"},\"bitcoincash\":{\"address\":\"qrrgn7l5q78a3zz4qzkrt35kq8yd74796ylsquazjz\",\"amount\":\"8.34959350\",\"currency\":\"BCH\",\"comment\":\"Send only bitcoincash to this address\"},\"dogecoin\":{\"address\":\"DL5wKj84eijTudd8J3XbRJhrLvbLfNpKEo\",\"amount\":\"12797.02747359\",\"currency\":\"DOGE\",\"comment\":\"Send only dogecoin to this address\"},\"litecoin\":{\"address\":\"M8CBrdiEvpKx3SbmGaesq4iR3EtUnhFyXV\",\"amount\":\"16.47328244\",\"currency\":\"LTC\",\"comment\":\"Send only litecoin to this address\"},\"payment_link\":\"https:\\/\\/commerce.coinbase.com\\/charges\\/RB63PCWX\",\"expires_at\":\"2022-07-01T21:09:52Z\",\"created_at\":\"2022-07-01T20:09:52Z\",\"id\":\"ad9b2168-2a66-483e-8952-ed6c4e848915\",\"user_id\":\"23\",\"deposit_id\":42}', '2022-07-01 19:09:50', '2022-07-01 19:09:50'),
(7, 'AAAAAAAA', 'coinbase', '{\"bitcoin\":{\"address\":\"39Y6HVtBpSJGUKcTeX751WYKCzMETeVchM\",\"amount\":\"0.32764511\",\"currency\":\"BTC\",\"comment\":\"Send only bitcoin to this address\"},\"ethereum\":{\"address\":\"0x520b0c5fb5c7e6ac60418770c9d5b5542ce6b9fb\",\"amount\":\"5.910624000\",\"currency\":\"ETH\",\"comment\":\"Send only Ethereum to this address\"},\"usdc\":{\"address\":\"0x520b0c5fb5c7e6ac60418770c9d5b5542ce6b9fb\",\"amount\":\"6393.670000\",\"currency\":\"USDC\",\"comment\":\"Send only USDC to this address\"},\"dai\":{\"address\":\"0x520b0c5fb5c7e6ac60418770c9d5b5542ce6b9fb\",\"amount\":\"6394.629197554410000000\",\"currency\":\"DAI\",\"comment\":\"Send only dai to this address\"},\"apecoin\":{\"address\":\"0x520b0c5fb5c7e6ac60418770c9d5b5542ce6b9fb\",\"amount\":\"1360.644818046392849542\",\"currency\":\"APE\",\"comment\":\"Send only apecoin to this address\"},\"shibainu\":{\"address\":\"0x520b0c5fb5c7e6ac60418770c9d5b5542ce6b9fb\",\"amount\":\"630850518.006905500210000000\",\"currency\":\"SHIB\",\"comment\":\"Send only shibainu to this address\"},\"tether\":{\"address\":\"0x520b0c5fb5c7e6ac60418770c9d5b5542ce6b9fb\",\"amount\":\"6401.255488\",\"currency\":\"USDT\",\"comment\":\"Send only tether to this address\"},\"bitcoincash\":{\"address\":\"qrx9awvhnkvvr74tnfn5ga406ucwqzzvx5zg38fnz4\",\"amount\":\"62.17708840\",\"currency\":\"BCH\",\"comment\":\"Send only bitcoincash to this address\"},\"dogecoin\":{\"address\":\"DDjJgJnrKbMM4kz2J5KAND4w49xg9gYzEy\",\"amount\":\"95066.09173967\",\"currency\":\"DOGE\",\"comment\":\"Send only dogecoin to this address\"},\"litecoin\":{\"address\":\"MGPyfh4J2FW7xcxiyYHik6U5u2QK56wrTB\",\"amount\":\"123.50144872\",\"currency\":\"LTC\",\"comment\":\"Send only litecoin to this address\"},\"payment_link\":\"https:\\/\\/commerce.coinbase.com\\/charges\\/9B7VYVYB\",\"expires_at\":\"2022-07-01T21:34:02Z\",\"created_at\":\"2022-07-01T20:34:02Z\",\"id\":\"ca5b297c-5527-4674-b538-78d6755a1bff\",\"user_id\":\"23\",\"deposit_id\":43}', '2022-07-01 19:34:00', '2022-07-01 19:34:00'),
(8, 'test', '47bf0032-e2c8-4183-ae4c-ae7b9d70109d', '{\"attempt_number\":1,\"event\":{\"api_version\":\"2018-03-22\",\"created_at\":\"2022-07-01T20:34:02Z\",\"data\":{\"id\":\"ca5b297c-5527-4674-b538-78d6755a1bff\",\"code\":\"9B7VYVYB\",\"utxo\":false,\"pricing\":{\"dai\":{\"amount\":\"6394.629197554410000000\",\"currency\":\"DAI\"},\"usdc\":{\"amount\":\"6393.670000\",\"currency\":\"USDC\"},\"local\":{\"amount\":\"6393.67\",\"currency\":\"USD\"},\"tether\":{\"amount\":\"6401.255488\",\"currency\":\"USDT\"},\"apecoin\":{\"amount\":\"1360.644818046392849542\",\"currency\":\"APE\"},\"bitcoin\":{\"amount\":\"0.32764511\",\"currency\":\"BTC\"},\"dogecoin\":{\"amount\":\"95066.09173967\",\"currency\":\"DOGE\"},\"ethereum\":{\"amount\":\"5.910624000\",\"currency\":\"ETH\"},\"litecoin\":{\"amount\":\"123.50144872\",\"currency\":\"LTC\"},\"shibainu\":{\"amount\":\"630850518.006905500210000000\",\"currency\":\"SHIB\"},\"bitcoincash\":{\"amount\":\"62.17708840\",\"currency\":\"BCH\"}},\"fee_rate\":0.01,\"logo_url\":\"\",\"metadata\":{\"user_id\":\"23\"},\"payments\":[],\"resource\":\"charge\",\"timeline\":[{\"time\":\"2022-07-01T20:34:02Z\",\"status\":\"NEW\"}],\"addresses\":{\"dai\":\"0x520b0c5fb5c7e6ac60418770c9d5b5542ce6b9fb\",\"usdc\":\"0x520b0c5fb5c7e6ac60418770c9d5b5542ce6b9fb\",\"tether\":\"0x520b0c5fb5c7e6ac60418770c9d5b5542ce6b9fb\",\"apecoin\":\"0x520b0c5fb5c7e6ac60418770c9d5b5542ce6b9fb\",\"bitcoin\":\"39Y6HVtBpSJGUKcTeX751WYKCzMETeVchM\",\"dogecoin\":\"DDjJgJnrKbMM4kz2J5KAND4w49xg9gYzEy\",\"ethereum\":\"0x520b0c5fb5c7e6ac60418770c9d5b5542ce6b9fb\",\"litecoin\":\"MGPyfh4J2FW7xcxiyYHik6U5u2QK56wrTB\",\"shibainu\":\"0x520b0c5fb5c7e6ac60418770c9d5b5542ce6b9fb\",\"bitcoincash\":\"qrx9awvhnkvvr74tnfn5ga406ucwqzzvx5zg38fnz4\"},\"pwcb_only\":false,\"created_at\":\"2022-07-01T20:34:02Z\",\"expires_at\":\"2022-07-01T21:34:02Z\",\"hosted_url\":\"https://commerce.coinbase.com/charges/9B7VYVYB\",\"brand_color\":\"#122332\",\"fees_settled\":true,\"pricing_type\":\"fixed_price\",\"support_email\":\"ichiegroup@gmail.com\",\"brand_logo_url\":\"\",\"exchange_rates\":{\"APE-USD\":\"4.699\",\"BCH-USD\":\"102.83\",\"BTC-USD\":\"19514.01\",\"DAI-USD\":\"0.99985\",\"ETH-USD\":\"1081.725\",\"LTC-USD\":\"51.77\",\"DOGE-USD\":\"0.067255\",\"SHIB-USD\":\"0.000010135\",\"USDC-USD\":\"1.0\",\"USDT-USD\":\"0.998815\"},\"offchain_eligible\":false,\"organization_name\":\"Ichie ICT Solutions\",\"payment_threshold\":{\"overpayment_absolute_threshold\":{\"amount\":\"5.00\",\"currency\":\"USD\"},\"overpayment_relative_threshold\":\"0.005\",\"underpayment_absolute_threshold\":{\"amount\":\"5.00\",\"currency\":\"USD\"},\"underpayment_relative_threshold\":\"0.005\"},\"local_exchange_rates\":{\"APE-USD\":\"4.699\",\"BCH-USD\":\"102.83\",\"BTC-USD\":\"19514.01\",\"DAI-USD\":\"0.99985\",\"ETH-USD\":\"1081.725\",\"LTC-USD\":\"51.77\",\"DOGE-USD\":\"0.067255\",\"SHIB-USD\":\"0.000010135\",\"USDC-USD\":\"1.0\",\"USDT-USD\":\"0.998815\"}},\"id\":\"47bf0032-e2c8-4183-ae4c-ae7b9d70109d\",\"resource\":\"event\",\"type\":\"charge:created\"},\"id\":\"275c84ac-11aa-4fdc-8a98-91e6a0625223\",\"scheduled_for\":\"2022-07-01T20:34:02Z\"}', '2022-07-01 19:34:05', '2022-07-01 19:34:05'),
(9, 'test', '00000000-0000-0000-0000-000000000000', '{\"id\":\"00000000-0000-0000-0000-000000000000\",\"scheduled_for\":\"2018-01-01T00:40:00Z\",\"attempt_number\":1,\"event\":{\"id\":\"00000000-0000-0000-0000-000000000000\",\"resource\":\"event\",\"type\":\"charge:confirmed\",\"api_version\":\"2018-03-22\",\"created_at\":\"2018-01-01T00:40:00Z\",\"data\":{\"code\":\"AAAAAAAA\",\"id\":\"00000000-0000-0000-0000-000000000000\",\"resource\":\"charge\",\"name\":\"The Sovereign Individual\",\"description\":\"Mastering the Transition to the Information Age\",\"hosted_url\":\"https://commerce.coinbase.com/charges/AAAAAAAA\",\"created_at\":\"2018-01-01T00:00:00Z\",\"confirmed_at\":\"2018-01-01T00:40:00Z\",\"expires_at\":\"2018-01-01T01:00:00Z\",\"support_email\":\"test@test.test\",\"timeline\":[{\"time\":\"2018-01-01T00:00:00Z\",\"status\":\"NEW\"},{\"status\":\"PENDING\",\"payment\":{\"network\":\"ethereum\",\"transaction_id\":\"0x0000000000000000000000000000000000000000000000000000000000000000\"},\"time\":\"2018-01-01T00:30:00Z\"},{\"status\":\"COMPLETED\",\"payment\":{\"network\":\"ethereum\",\"transaction_id\":\"0x0000000000000000000000000000000000000000000000000000000000000000\"},\"time\":\"2018-01-01T00:40:00Z\"}],\"metadata\":{},\"payment_threshold\":{\"overpayment_absolute_threshold\":{\"amount\":\"15.00\",\"currency\":\"USD\"},\"overpayment_relative_threshold\":\"0.1\",\"underpayment_absolute_threshold\":{\"amount\":\"5.00\",\"currency\":\"USD\"},\"underpayment_relative_threshold\":\"0.1\"},\"pricing\":{\"local\":{\"amount\":\"100.00\",\"currency\":\"USD\"},\"bitcoin\":{\"amount\":\"1.00000000\",\"currency\":\"BTC\"},\"ethereum\":{\"amount\":\"10.000000000\",\"currency\":\"ETH\"},\"dai\":{\"amount\":\"10.000000000000000000\",\"currency\":\"DAI\"},\"usdc\":{\"amount\":\"10.000000\",\"currency\":\"USDC\"},\"bitcoincash\":{\"amount\":\"5.00000000\",\"currency\":\"BCH\"},\"litecoin\":{\"amount\":\"2.00000000\",\"currency\":\"LTC\"}},\"pricing_type\":\"fixed_price\",\"payments\":[{\"network\":\"ethereum\",\"transaction_id\":\"0x0000000000000000000000000000000000000000000000000000000000000000\",\"status\":\"CONFIRMED\",\"detected_at\":\"2018-01-01T00:30:00Z\",\"value\":{\"local\":{\"amount\":\"100.0\",\"currency\":\"USD\"},\"crypto\":{\"amount\":\"10.00\",\"currency\":\"ETH\"}},\"block\":{\"height\":100,\"hash\":\"0x0000000000000000000000000000000000000000000000000000000000000000\",\"confirmations_accumulated\":8,\"confirmations_required\":2}}],\"addresses\":{\"bitcoin\":\"1000000000000000000000000000000000\",\"ethereum\":\"0x0000000000000000000000000000000000000000\",\"dai\":\"0x0000000000000000000000000000000000000000\",\"usdc\":\"0x0000000000000000000000000000000000000000\",\"litecoin\":\"3000000000000000000000000000000000\",\"bitcoincash\":\"bitcoincash:000000000000000000000000000000000000000000\"},\"exchange_rates\":{\"BCH-USD\":\"1000.0\",\"BTC-USD\":\"100.0\",\"ETH-USD\":\"10.0\",\"JPY-USD\":\"0.5\",\"LTC-USD\":\"50.0\",\"TST-USD\":\"0.5\",\"BEER-USD\":\"0.1\"},\"local_exchange_rates\":{\"BCH-USD\":\"1000.0\",\"BTC-USD\":\"100.0\",\"ETH-USD\":\"10.0\",\"JPY-USD\":\"0.5\",\"LTC-USD\":\"50.0\",\"TST-USD\":\"0.5\",\"BEER-USD\":\"0.1\"},\"pwcb_only\":false,\"offchain_eligible\":false,\"fee_rate\":0.01}}}', '2022-07-01 19:35:16', '2022-07-01 19:35:16'),
(10, 'test2', 'AAAAAAAA', '{\"id\":\"00000000-0000-0000-0000-000000000000\",\"scheduled_for\":\"2018-01-01T00:40:00Z\",\"attempt_number\":1,\"event\":{\"id\":\"00000000-0000-0000-0000-000000000000\",\"resource\":\"event\",\"type\":\"charge:confirmed\",\"api_version\":\"2018-03-22\",\"created_at\":\"2018-01-01T00:40:00Z\",\"data\":{\"code\":\"AAAAAAAA\",\"id\":\"00000000-0000-0000-0000-000000000000\",\"resource\":\"charge\",\"name\":\"The Sovereign Individual\",\"description\":\"Mastering the Transition to the Information Age\",\"hosted_url\":\"https://commerce.coinbase.com/charges/AAAAAAAA\",\"created_at\":\"2018-01-01T00:00:00Z\",\"confirmed_at\":\"2018-01-01T00:40:00Z\",\"expires_at\":\"2018-01-01T01:00:00Z\",\"support_email\":\"test@test.test\",\"timeline\":[{\"time\":\"2018-01-01T00:00:00Z\",\"status\":\"NEW\"},{\"status\":\"PENDING\",\"payment\":{\"network\":\"ethereum\",\"transaction_id\":\"0x0000000000000000000000000000000000000000000000000000000000000000\"},\"time\":\"2018-01-01T00:30:00Z\"},{\"status\":\"COMPLETED\",\"payment\":{\"network\":\"ethereum\",\"transaction_id\":\"0x0000000000000000000000000000000000000000000000000000000000000000\"},\"time\":\"2018-01-01T00:40:00Z\"}],\"metadata\":{},\"payment_threshold\":{\"overpayment_absolute_threshold\":{\"amount\":\"15.00\",\"currency\":\"USD\"},\"overpayment_relative_threshold\":\"0.1\",\"underpayment_absolute_threshold\":{\"amount\":\"5.00\",\"currency\":\"USD\"},\"underpayment_relative_threshold\":\"0.1\"},\"pricing\":{\"local\":{\"amount\":\"100.00\",\"currency\":\"USD\"},\"bitcoin\":{\"amount\":\"1.00000000\",\"currency\":\"BTC\"},\"ethereum\":{\"amount\":\"10.000000000\",\"currency\":\"ETH\"},\"dai\":{\"amount\":\"10.000000000000000000\",\"currency\":\"DAI\"},\"usdc\":{\"amount\":\"10.000000\",\"currency\":\"USDC\"},\"bitcoincash\":{\"amount\":\"5.00000000\",\"currency\":\"BCH\"},\"litecoin\":{\"amount\":\"2.00000000\",\"currency\":\"LTC\"}},\"pricing_type\":\"fixed_price\",\"payments\":[{\"network\":\"ethereum\",\"transaction_id\":\"0x0000000000000000000000000000000000000000000000000000000000000000\",\"status\":\"CONFIRMED\",\"detected_at\":\"2018-01-01T00:30:00Z\",\"value\":{\"local\":{\"amount\":\"100.0\",\"currency\":\"USD\"},\"crypto\":{\"amount\":\"10.00\",\"currency\":\"ETH\"}},\"block\":{\"height\":100,\"hash\":\"0x0000000000000000000000000000000000000000000000000000000000000000\",\"confirmations_accumulated\":8,\"confirmations_required\":2}}],\"addresses\":{\"bitcoin\":\"1000000000000000000000000000000000\",\"ethereum\":\"0x0000000000000000000000000000000000000000\",\"dai\":\"0x0000000000000000000000000000000000000000\",\"usdc\":\"0x0000000000000000000000000000000000000000\",\"litecoin\":\"3000000000000000000000000000000000\",\"bitcoincash\":\"bitcoincash:000000000000000000000000000000000000000000\"},\"exchange_rates\":{\"BCH-USD\":\"1000.0\",\"BTC-USD\":\"100.0\",\"ETH-USD\":\"10.0\",\"JPY-USD\":\"0.5\",\"LTC-USD\":\"50.0\",\"TST-USD\":\"0.5\",\"BEER-USD\":\"0.1\"},\"local_exchange_rates\":{\"BCH-USD\":\"1000.0\",\"BTC-USD\":\"100.0\",\"ETH-USD\":\"10.0\",\"JPY-USD\":\"0.5\",\"LTC-USD\":\"50.0\",\"TST-USD\":\"0.5\",\"BEER-USD\":\"0.1\"},\"pwcb_only\":false,\"offchain_eligible\":false,\"fee_rate\":0.01}}}', '2022-07-01 20:26:20', '2022-07-01 20:26:20'),
(11, 'test2', '9B7VYVYB', '{\"attempt_number\":1,\"event\":{\"api_version\":\"2018-03-22\",\"created_at\":\"2022-07-01T21:34:08Z\",\"data\":{\"id\":\"ca5b297c-5527-4674-b538-78d6755a1bff\",\"code\":\"9B7VYVYB\",\"utxo\":false,\"pricing\":{\"dai\":{\"amount\":\"6394.629197554410000000\",\"currency\":\"DAI\"},\"usdc\":{\"amount\":\"6393.670000\",\"currency\":\"USDC\"},\"local\":{\"amount\":\"6393.67\",\"currency\":\"USD\"},\"tether\":{\"amount\":\"6401.255488\",\"currency\":\"USDT\"},\"apecoin\":{\"amount\":\"1360.644818046392849542\",\"currency\":\"APE\"},\"bitcoin\":{\"amount\":\"0.32764511\",\"currency\":\"BTC\"},\"dogecoin\":{\"amount\":\"95066.09173967\",\"currency\":\"DOGE\"},\"ethereum\":{\"amount\":\"5.910624000\",\"currency\":\"ETH\"},\"litecoin\":{\"amount\":\"123.50144872\",\"currency\":\"LTC\"},\"shibainu\":{\"amount\":\"630850518.006905500210000000\",\"currency\":\"SHIB\"},\"bitcoincash\":{\"amount\":\"62.17708840\",\"currency\":\"BCH\"}},\"fee_rate\":0.01,\"logo_url\":\"\",\"metadata\":{\"user_id\":\"23\"},\"payments\":[],\"resource\":\"charge\",\"timeline\":[{\"time\":\"2022-07-01T20:34:02Z\",\"status\":\"NEW\"},{\"time\":\"2022-07-01T21:34:08Z\",\"status\":\"EXPIRED\"}],\"addresses\":{\"dai\":\"0x520b0c5fb5c7e6ac60418770c9d5b5542ce6b9fb\",\"usdc\":\"0x520b0c5fb5c7e6ac60418770c9d5b5542ce6b9fb\",\"tether\":\"0x520b0c5fb5c7e6ac60418770c9d5b5542ce6b9fb\",\"apecoin\":\"0x520b0c5fb5c7e6ac60418770c9d5b5542ce6b9fb\",\"bitcoin\":\"39Y6HVtBpSJGUKcTeX751WYKCzMETeVchM\",\"dogecoin\":\"DDjJgJnrKbMM4kz2J5KAND4w49xg9gYzEy\",\"ethereum\":\"0x520b0c5fb5c7e6ac60418770c9d5b5542ce6b9fb\",\"litecoin\":\"MGPyfh4J2FW7xcxiyYHik6U5u2QK56wrTB\",\"shibainu\":\"0x520b0c5fb5c7e6ac60418770c9d5b5542ce6b9fb\",\"bitcoincash\":\"qrx9awvhnkvvr74tnfn5ga406ucwqzzvx5zg38fnz4\"},\"pwcb_only\":false,\"created_at\":\"2022-07-01T20:34:02Z\",\"expires_at\":\"2022-07-01T21:34:02Z\",\"hosted_url\":\"https://commerce.coinbase.com/charges/9B7VYVYB\",\"brand_color\":\"#122332\",\"fees_settled\":true,\"pricing_type\":\"fixed_price\",\"support_email\":\"ichiegroup@gmail.com\",\"brand_logo_url\":\"\",\"exchange_rates\":{\"APE-USD\":\"4.699\",\"BCH-USD\":\"102.83\",\"BTC-USD\":\"19514.01\",\"DAI-USD\":\"0.99985\",\"ETH-USD\":\"1081.725\",\"LTC-USD\":\"51.77\",\"DOGE-USD\":\"0.067255\",\"SHIB-USD\":\"0.000010135\",\"USDC-USD\":\"1.0\",\"USDT-USD\":\"0.998815\"},\"offchain_eligible\":false,\"organization_name\":\"Ichie ICT Solutions\",\"payment_threshold\":{\"overpayment_absolute_threshold\":{\"amount\":\"5.00\",\"currency\":\"USD\"},\"overpayment_relative_threshold\":\"0.005\",\"underpayment_absolute_threshold\":{\"amount\":\"5.00\",\"currency\":\"USD\"},\"underpayment_relative_threshold\":\"0.005\"},\"local_exchange_rates\":{\"APE-USD\":\"4.699\",\"BCH-USD\":\"102.83\",\"BTC-USD\":\"19514.01\",\"DAI-USD\":\"0.99985\",\"ETH-USD\":\"1081.725\",\"LTC-USD\":\"51.77\",\"DOGE-USD\":\"0.067255\",\"SHIB-USD\":\"0.000010135\",\"USDC-USD\":\"1.0\",\"USDT-USD\":\"0.998815\"}},\"id\":\"913ed2f8-5704-4bdf-b603-5e519ce7d0fe\",\"resource\":\"event\",\"type\":\"charge:failed\"},\"id\":\"5d3bcaf1-b7ba-4b6c-b807-467ddac03235\",\"scheduled_for\":\"2022-07-01T21:34:08Z\"}', '2022-07-01 20:34:11', '2022-07-01 20:34:11'),
(12, 'test2', '9B7VYVYB', '{\"attempt_number\":2,\"event\":{\"api_version\":\"2018-03-22\",\"created_at\":\"2022-07-01T21:34:08Z\",\"data\":{\"id\":\"ca5b297c-5527-4674-b538-78d6755a1bff\",\"code\":\"9B7VYVYB\",\"utxo\":false,\"pricing\":{\"dai\":{\"amount\":\"6394.629197554410000000\",\"currency\":\"DAI\"},\"usdc\":{\"amount\":\"6393.670000\",\"currency\":\"USDC\"},\"local\":{\"amount\":\"6393.67\",\"currency\":\"USD\"},\"tether\":{\"amount\":\"6401.255488\",\"currency\":\"USDT\"},\"apecoin\":{\"amount\":\"1360.644818046392849542\",\"currency\":\"APE\"},\"bitcoin\":{\"amount\":\"0.32764511\",\"currency\":\"BTC\"},\"dogecoin\":{\"amount\":\"95066.09173967\",\"currency\":\"DOGE\"},\"ethereum\":{\"amount\":\"5.910624000\",\"currency\":\"ETH\"},\"litecoin\":{\"amount\":\"123.50144872\",\"currency\":\"LTC\"},\"shibainu\":{\"amount\":\"630850518.006905500210000000\",\"currency\":\"SHIB\"},\"bitcoincash\":{\"amount\":\"62.17708840\",\"currency\":\"BCH\"}},\"fee_rate\":0.01,\"logo_url\":\"\",\"metadata\":{\"user_id\":\"23\"},\"payments\":[],\"resource\":\"charge\",\"timeline\":[{\"time\":\"2022-07-01T20:34:02Z\",\"status\":\"NEW\"},{\"time\":\"2022-07-01T21:34:08Z\",\"status\":\"EXPIRED\"}],\"addresses\":{\"dai\":\"0x520b0c5fb5c7e6ac60418770c9d5b5542ce6b9fb\",\"usdc\":\"0x520b0c5fb5c7e6ac60418770c9d5b5542ce6b9fb\",\"tether\":\"0x520b0c5fb5c7e6ac60418770c9d5b5542ce6b9fb\",\"apecoin\":\"0x520b0c5fb5c7e6ac60418770c9d5b5542ce6b9fb\",\"bitcoin\":\"39Y6HVtBpSJGUKcTeX751WYKCzMETeVchM\",\"dogecoin\":\"DDjJgJnrKbMM4kz2J5KAND4w49xg9gYzEy\",\"ethereum\":\"0x520b0c5fb5c7e6ac60418770c9d5b5542ce6b9fb\",\"litecoin\":\"MGPyfh4J2FW7xcxiyYHik6U5u2QK56wrTB\",\"shibainu\":\"0x520b0c5fb5c7e6ac60418770c9d5b5542ce6b9fb\",\"bitcoincash\":\"qrx9awvhnkvvr74tnfn5ga406ucwqzzvx5zg38fnz4\"},\"pwcb_only\":false,\"created_at\":\"2022-07-01T20:34:02Z\",\"expires_at\":\"2022-07-01T21:34:02Z\",\"hosted_url\":\"https://commerce.coinbase.com/charges/9B7VYVYB\",\"brand_color\":\"#122332\",\"fees_settled\":true,\"pricing_type\":\"fixed_price\",\"support_email\":\"ichiegroup@gmail.com\",\"brand_logo_url\":\"\",\"exchange_rates\":{\"APE-USD\":\"4.699\",\"BCH-USD\":\"102.83\",\"BTC-USD\":\"19514.01\",\"DAI-USD\":\"0.99985\",\"ETH-USD\":\"1081.725\",\"LTC-USD\":\"51.77\",\"DOGE-USD\":\"0.067255\",\"SHIB-USD\":\"0.000010135\",\"USDC-USD\":\"1.0\",\"USDT-USD\":\"0.998815\"},\"offchain_eligible\":false,\"organization_name\":\"Ichie ICT Solutions\",\"payment_threshold\":{\"overpayment_absolute_threshold\":{\"amount\":\"5.00\",\"currency\":\"USD\"},\"overpayment_relative_threshold\":\"0.005\",\"underpayment_absolute_threshold\":{\"amount\":\"5.00\",\"currency\":\"USD\"},\"underpayment_relative_threshold\":\"0.005\"},\"local_exchange_rates\":{\"APE-USD\":\"4.699\",\"BCH-USD\":\"102.83\",\"BTC-USD\":\"19514.01\",\"DAI-USD\":\"0.99985\",\"ETH-USD\":\"1081.725\",\"LTC-USD\":\"51.77\",\"DOGE-USD\":\"0.067255\",\"SHIB-USD\":\"0.000010135\",\"USDC-USD\":\"1.0\",\"USDT-USD\":\"0.998815\"}},\"id\":\"913ed2f8-5704-4bdf-b603-5e519ce7d0fe\",\"resource\":\"event\",\"type\":\"charge:failed\"},\"id\":\"d01e96ef-84dd-4f4d-b4c1-cd36888d133d\",\"scheduled_for\":\"2022-07-01T21:34:33Z\"}', '2022-07-01 20:34:39', '2022-07-01 20:34:39'),
(13, 'test2', '9B7VYVYB', '{\"attempt_number\":3,\"event\":{\"api_version\":\"2018-03-22\",\"created_at\":\"2022-07-01T21:34:08Z\",\"data\":{\"id\":\"ca5b297c-5527-4674-b538-78d6755a1bff\",\"code\":\"9B7VYVYB\",\"utxo\":false,\"pricing\":{\"dai\":{\"amount\":\"6394.629197554410000000\",\"currency\":\"DAI\"},\"usdc\":{\"amount\":\"6393.670000\",\"currency\":\"USDC\"},\"local\":{\"amount\":\"6393.67\",\"currency\":\"USD\"},\"tether\":{\"amount\":\"6401.255488\",\"currency\":\"USDT\"},\"apecoin\":{\"amount\":\"1360.644818046392849542\",\"currency\":\"APE\"},\"bitcoin\":{\"amount\":\"0.32764511\",\"currency\":\"BTC\"},\"dogecoin\":{\"amount\":\"95066.09173967\",\"currency\":\"DOGE\"},\"ethereum\":{\"amount\":\"5.910624000\",\"currency\":\"ETH\"},\"litecoin\":{\"amount\":\"123.50144872\",\"currency\":\"LTC\"},\"shibainu\":{\"amount\":\"630850518.006905500210000000\",\"currency\":\"SHIB\"},\"bitcoincash\":{\"amount\":\"62.17708840\",\"currency\":\"BCH\"}},\"fee_rate\":0.01,\"logo_url\":\"\",\"metadata\":{\"user_id\":\"23\"},\"payments\":[],\"resource\":\"charge\",\"timeline\":[{\"time\":\"2022-07-01T20:34:02Z\",\"status\":\"NEW\"},{\"time\":\"2022-07-01T21:34:08Z\",\"status\":\"EXPIRED\"}],\"addresses\":{\"dai\":\"0x520b0c5fb5c7e6ac60418770c9d5b5542ce6b9fb\",\"usdc\":\"0x520b0c5fb5c7e6ac60418770c9d5b5542ce6b9fb\",\"tether\":\"0x520b0c5fb5c7e6ac60418770c9d5b5542ce6b9fb\",\"apecoin\":\"0x520b0c5fb5c7e6ac60418770c9d5b5542ce6b9fb\",\"bitcoin\":\"39Y6HVtBpSJGUKcTeX751WYKCzMETeVchM\",\"dogecoin\":\"DDjJgJnrKbMM4kz2J5KAND4w49xg9gYzEy\",\"ethereum\":\"0x520b0c5fb5c7e6ac60418770c9d5b5542ce6b9fb\",\"litecoin\":\"MGPyfh4J2FW7xcxiyYHik6U5u2QK56wrTB\",\"shibainu\":\"0x520b0c5fb5c7e6ac60418770c9d5b5542ce6b9fb\",\"bitcoincash\":\"qrx9awvhnkvvr74tnfn5ga406ucwqzzvx5zg38fnz4\"},\"pwcb_only\":false,\"created_at\":\"2022-07-01T20:34:02Z\",\"expires_at\":\"2022-07-01T21:34:02Z\",\"hosted_url\":\"https://commerce.coinbase.com/charges/9B7VYVYB\",\"brand_color\":\"#122332\",\"fees_settled\":true,\"pricing_type\":\"fixed_price\",\"support_email\":\"ichiegroup@gmail.com\",\"brand_logo_url\":\"\",\"exchange_rates\":{\"APE-USD\":\"4.699\",\"BCH-USD\":\"102.83\",\"BTC-USD\":\"19514.01\",\"DAI-USD\":\"0.99985\",\"ETH-USD\":\"1081.725\",\"LTC-USD\":\"51.77\",\"DOGE-USD\":\"0.067255\",\"SHIB-USD\":\"0.000010135\",\"USDC-USD\":\"1.0\",\"USDT-USD\":\"0.998815\"},\"offchain_eligible\":false,\"organization_name\":\"Ichie ICT Solutions\",\"payment_threshold\":{\"overpayment_absolute_threshold\":{\"amount\":\"5.00\",\"currency\":\"USD\"},\"overpayment_relative_threshold\":\"0.005\",\"underpayment_absolute_threshold\":{\"amount\":\"5.00\",\"currency\":\"USD\"},\"underpayment_relative_threshold\":\"0.005\"},\"local_exchange_rates\":{\"APE-USD\":\"4.699\",\"BCH-USD\":\"102.83\",\"BTC-USD\":\"19514.01\",\"DAI-USD\":\"0.99985\",\"ETH-USD\":\"1081.725\",\"LTC-USD\":\"51.77\",\"DOGE-USD\":\"0.067255\",\"SHIB-USD\":\"0.000010135\",\"USDC-USD\":\"1.0\",\"USDT-USD\":\"0.998815\"}},\"id\":\"913ed2f8-5704-4bdf-b603-5e519ce7d0fe\",\"resource\":\"event\",\"type\":\"charge:failed\"},\"id\":\"e75467f2-784e-4f8f-9f3f-c1f16888bb83\",\"scheduled_for\":\"2022-07-01T21:35:17Z\"}', '2022-07-01 20:35:25', '2022-07-01 20:35:25'),
(14, 'test2', '9B7VYVYB', '{\"attempt_number\":4,\"event\":{\"api_version\":\"2018-03-22\",\"created_at\":\"2022-07-01T21:34:08Z\",\"data\":{\"id\":\"ca5b297c-5527-4674-b538-78d6755a1bff\",\"code\":\"9B7VYVYB\",\"utxo\":false,\"pricing\":{\"dai\":{\"amount\":\"6394.629197554410000000\",\"currency\":\"DAI\"},\"usdc\":{\"amount\":\"6393.670000\",\"currency\":\"USDC\"},\"local\":{\"amount\":\"6393.67\",\"currency\":\"USD\"},\"tether\":{\"amount\":\"6401.255488\",\"currency\":\"USDT\"},\"apecoin\":{\"amount\":\"1360.644818046392849542\",\"currency\":\"APE\"},\"bitcoin\":{\"amount\":\"0.32764511\",\"currency\":\"BTC\"},\"dogecoin\":{\"amount\":\"95066.09173967\",\"currency\":\"DOGE\"},\"ethereum\":{\"amount\":\"5.910624000\",\"currency\":\"ETH\"},\"litecoin\":{\"amount\":\"123.50144872\",\"currency\":\"LTC\"},\"shibainu\":{\"amount\":\"630850518.006905500210000000\",\"currency\":\"SHIB\"},\"bitcoincash\":{\"amount\":\"62.17708840\",\"currency\":\"BCH\"}},\"fee_rate\":0.01,\"logo_url\":\"\",\"metadata\":{\"user_id\":\"23\"},\"payments\":[],\"resource\":\"charge\",\"timeline\":[{\"time\":\"2022-07-01T20:34:02Z\",\"status\":\"NEW\"},{\"time\":\"2022-07-01T21:34:08Z\",\"status\":\"EXPIRED\"}],\"addresses\":{\"dai\":\"0x520b0c5fb5c7e6ac60418770c9d5b5542ce6b9fb\",\"usdc\":\"0x520b0c5fb5c7e6ac60418770c9d5b5542ce6b9fb\",\"tether\":\"0x520b0c5fb5c7e6ac60418770c9d5b5542ce6b9fb\",\"apecoin\":\"0x520b0c5fb5c7e6ac60418770c9d5b5542ce6b9fb\",\"bitcoin\":\"39Y6HVtBpSJGUKcTeX751WYKCzMETeVchM\",\"dogecoin\":\"DDjJgJnrKbMM4kz2J5KAND4w49xg9gYzEy\",\"ethereum\":\"0x520b0c5fb5c7e6ac60418770c9d5b5542ce6b9fb\",\"litecoin\":\"MGPyfh4J2FW7xcxiyYHik6U5u2QK56wrTB\",\"shibainu\":\"0x520b0c5fb5c7e6ac60418770c9d5b5542ce6b9fb\",\"bitcoincash\":\"qrx9awvhnkvvr74tnfn5ga406ucwqzzvx5zg38fnz4\"},\"pwcb_only\":false,\"created_at\":\"2022-07-01T20:34:02Z\",\"expires_at\":\"2022-07-01T21:34:02Z\",\"hosted_url\":\"https://commerce.coinbase.com/charges/9B7VYVYB\",\"brand_color\":\"#122332\",\"fees_settled\":true,\"pricing_type\":\"fixed_price\",\"support_email\":\"ichiegroup@gmail.com\",\"brand_logo_url\":\"\",\"exchange_rates\":{\"APE-USD\":\"4.699\",\"BCH-USD\":\"102.83\",\"BTC-USD\":\"19514.01\",\"DAI-USD\":\"0.99985\",\"ETH-USD\":\"1081.725\",\"LTC-USD\":\"51.77\",\"DOGE-USD\":\"0.067255\",\"SHIB-USD\":\"0.000010135\",\"USDC-USD\":\"1.0\",\"USDT-USD\":\"0.998815\"},\"offchain_eligible\":false,\"organization_name\":\"Ichie ICT Solutions\",\"payment_threshold\":{\"overpayment_absolute_threshold\":{\"amount\":\"5.00\",\"currency\":\"USD\"},\"overpayment_relative_threshold\":\"0.005\",\"underpayment_absolute_threshold\":{\"amount\":\"5.00\",\"currency\":\"USD\"},\"underpayment_relative_threshold\":\"0.005\"},\"local_exchange_rates\":{\"APE-USD\":\"4.699\",\"BCH-USD\":\"102.83\",\"BTC-USD\":\"19514.01\",\"DAI-USD\":\"0.99985\",\"ETH-USD\":\"1081.725\",\"LTC-USD\":\"51.77\",\"DOGE-USD\":\"0.067255\",\"SHIB-USD\":\"0.000010135\",\"USDC-USD\":\"1.0\",\"USDT-USD\":\"0.998815\"}},\"id\":\"913ed2f8-5704-4bdf-b603-5e519ce7d0fe\",\"resource\":\"event\",\"type\":\"charge:failed\"},\"id\":\"9fcaab3f-efba-4a00-96d3-4cbbb03d806c\",\"scheduled_for\":\"2022-07-01T21:36:33Z\"}', '2022-07-01 20:36:43', '2022-07-01 20:36:43'),
(15, 'test2', '9B7VYVYB', '{\"attempt_number\":5,\"event\":{\"api_version\":\"2018-03-22\",\"created_at\":\"2022-07-01T21:34:08Z\",\"data\":{\"id\":\"ca5b297c-5527-4674-b538-78d6755a1bff\",\"code\":\"9B7VYVYB\",\"utxo\":false,\"pricing\":{\"dai\":{\"amount\":\"6394.629197554410000000\",\"currency\":\"DAI\"},\"usdc\":{\"amount\":\"6393.670000\",\"currency\":\"USDC\"},\"local\":{\"amount\":\"6393.67\",\"currency\":\"USD\"},\"tether\":{\"amount\":\"6401.255488\",\"currency\":\"USDT\"},\"apecoin\":{\"amount\":\"1360.644818046392849542\",\"currency\":\"APE\"},\"bitcoin\":{\"amount\":\"0.32764511\",\"currency\":\"BTC\"},\"dogecoin\":{\"amount\":\"95066.09173967\",\"currency\":\"DOGE\"},\"ethereum\":{\"amount\":\"5.910624000\",\"currency\":\"ETH\"},\"litecoin\":{\"amount\":\"123.50144872\",\"currency\":\"LTC\"},\"shibainu\":{\"amount\":\"630850518.006905500210000000\",\"currency\":\"SHIB\"},\"bitcoincash\":{\"amount\":\"62.17708840\",\"currency\":\"BCH\"}},\"fee_rate\":0.01,\"logo_url\":\"\",\"metadata\":{\"user_id\":\"23\"},\"payments\":[],\"resource\":\"charge\",\"timeline\":[{\"time\":\"2022-07-01T20:34:02Z\",\"status\":\"NEW\"},{\"time\":\"2022-07-01T21:34:08Z\",\"status\":\"EXPIRED\"}],\"addresses\":{\"dai\":\"0x520b0c5fb5c7e6ac60418770c9d5b5542ce6b9fb\",\"usdc\":\"0x520b0c5fb5c7e6ac60418770c9d5b5542ce6b9fb\",\"tether\":\"0x520b0c5fb5c7e6ac60418770c9d5b5542ce6b9fb\",\"apecoin\":\"0x520b0c5fb5c7e6ac60418770c9d5b5542ce6b9fb\",\"bitcoin\":\"39Y6HVtBpSJGUKcTeX751WYKCzMETeVchM\",\"dogecoin\":\"DDjJgJnrKbMM4kz2J5KAND4w49xg9gYzEy\",\"ethereum\":\"0x520b0c5fb5c7e6ac60418770c9d5b5542ce6b9fb\",\"litecoin\":\"MGPyfh4J2FW7xcxiyYHik6U5u2QK56wrTB\",\"shibainu\":\"0x520b0c5fb5c7e6ac60418770c9d5b5542ce6b9fb\",\"bitcoincash\":\"qrx9awvhnkvvr74tnfn5ga406ucwqzzvx5zg38fnz4\"},\"pwcb_only\":false,\"created_at\":\"2022-07-01T20:34:02Z\",\"expires_at\":\"2022-07-01T21:34:02Z\",\"hosted_url\":\"https://commerce.coinbase.com/charges/9B7VYVYB\",\"brand_color\":\"#122332\",\"fees_settled\":true,\"pricing_type\":\"fixed_price\",\"support_email\":\"ichiegroup@gmail.com\",\"brand_logo_url\":\"\",\"exchange_rates\":{\"APE-USD\":\"4.699\",\"BCH-USD\":\"102.83\",\"BTC-USD\":\"19514.01\",\"DAI-USD\":\"0.99985\",\"ETH-USD\":\"1081.725\",\"LTC-USD\":\"51.77\",\"DOGE-USD\":\"0.067255\",\"SHIB-USD\":\"0.000010135\",\"USDC-USD\":\"1.0\",\"USDT-USD\":\"0.998815\"},\"offchain_eligible\":false,\"organization_name\":\"Ichie ICT Solutions\",\"payment_threshold\":{\"overpayment_absolute_threshold\":{\"amount\":\"5.00\",\"currency\":\"USD\"},\"overpayment_relative_threshold\":\"0.005\",\"underpayment_absolute_threshold\":{\"amount\":\"5.00\",\"currency\":\"USD\"},\"underpayment_relative_threshold\":\"0.005\"},\"local_exchange_rates\":{\"APE-USD\":\"4.699\",\"BCH-USD\":\"102.83\",\"BTC-USD\":\"19514.01\",\"DAI-USD\":\"0.99985\",\"ETH-USD\":\"1081.725\",\"LTC-USD\":\"51.77\",\"DOGE-USD\":\"0.067255\",\"SHIB-USD\":\"0.000010135\",\"USDC-USD\":\"1.0\",\"USDT-USD\":\"0.998815\"}},\"id\":\"913ed2f8-5704-4bdf-b603-5e519ce7d0fe\",\"resource\":\"event\",\"type\":\"charge:failed\"},\"id\":\"89aea0eb-7cf9-4dfe-b75f-6a4a9c875acb\",\"scheduled_for\":\"2022-07-01T21:38:49Z\"}', '2022-07-01 20:39:04', '2022-07-01 20:39:04'),
(16, 'test2', '9B7VYVYB', '{\"attempt_number\":6,\"event\":{\"api_version\":\"2018-03-22\",\"created_at\":\"2022-07-01T21:34:08Z\",\"data\":{\"id\":\"ca5b297c-5527-4674-b538-78d6755a1bff\",\"code\":\"9B7VYVYB\",\"utxo\":false,\"pricing\":{\"dai\":{\"amount\":\"6394.629197554410000000\",\"currency\":\"DAI\"},\"usdc\":{\"amount\":\"6393.670000\",\"currency\":\"USDC\"},\"local\":{\"amount\":\"6393.67\",\"currency\":\"USD\"},\"tether\":{\"amount\":\"6401.255488\",\"currency\":\"USDT\"},\"apecoin\":{\"amount\":\"1360.644818046392849542\",\"currency\":\"APE\"},\"bitcoin\":{\"amount\":\"0.32764511\",\"currency\":\"BTC\"},\"dogecoin\":{\"amount\":\"95066.09173967\",\"currency\":\"DOGE\"},\"ethereum\":{\"amount\":\"5.910624000\",\"currency\":\"ETH\"},\"litecoin\":{\"amount\":\"123.50144872\",\"currency\":\"LTC\"},\"shibainu\":{\"amount\":\"630850518.006905500210000000\",\"currency\":\"SHIB\"},\"bitcoincash\":{\"amount\":\"62.17708840\",\"currency\":\"BCH\"}},\"fee_rate\":0.01,\"logo_url\":\"\",\"metadata\":{\"user_id\":\"23\"},\"payments\":[],\"resource\":\"charge\",\"timeline\":[{\"time\":\"2022-07-01T20:34:02Z\",\"status\":\"NEW\"},{\"time\":\"2022-07-01T21:34:08Z\",\"status\":\"EXPIRED\"}],\"addresses\":{\"dai\":\"0x520b0c5fb5c7e6ac60418770c9d5b5542ce6b9fb\",\"usdc\":\"0x520b0c5fb5c7e6ac60418770c9d5b5542ce6b9fb\",\"tether\":\"0x520b0c5fb5c7e6ac60418770c9d5b5542ce6b9fb\",\"apecoin\":\"0x520b0c5fb5c7e6ac60418770c9d5b5542ce6b9fb\",\"bitcoin\":\"39Y6HVtBpSJGUKcTeX751WYKCzMETeVchM\",\"dogecoin\":\"DDjJgJnrKbMM4kz2J5KAND4w49xg9gYzEy\",\"ethereum\":\"0x520b0c5fb5c7e6ac60418770c9d5b5542ce6b9fb\",\"litecoin\":\"MGPyfh4J2FW7xcxiyYHik6U5u2QK56wrTB\",\"shibainu\":\"0x520b0c5fb5c7e6ac60418770c9d5b5542ce6b9fb\",\"bitcoincash\":\"qrx9awvhnkvvr74tnfn5ga406ucwqzzvx5zg38fnz4\"},\"pwcb_only\":false,\"created_at\":\"2022-07-01T20:34:02Z\",\"expires_at\":\"2022-07-01T21:34:02Z\",\"hosted_url\":\"https://commerce.coinbase.com/charges/9B7VYVYB\",\"brand_color\":\"#122332\",\"fees_settled\":true,\"pricing_type\":\"fixed_price\",\"support_email\":\"ichiegroup@gmail.com\",\"brand_logo_url\":\"\",\"exchange_rates\":{\"APE-USD\":\"4.699\",\"BCH-USD\":\"102.83\",\"BTC-USD\":\"19514.01\",\"DAI-USD\":\"0.99985\",\"ETH-USD\":\"1081.725\",\"LTC-USD\":\"51.77\",\"DOGE-USD\":\"0.067255\",\"SHIB-USD\":\"0.000010135\",\"USDC-USD\":\"1.0\",\"USDT-USD\":\"0.998815\"},\"offchain_eligible\":false,\"organization_name\":\"Ichie ICT Solutions\",\"payment_threshold\":{\"overpayment_absolute_threshold\":{\"amount\":\"5.00\",\"currency\":\"USD\"},\"overpayment_relative_threshold\":\"0.005\",\"underpayment_absolute_threshold\":{\"amount\":\"5.00\",\"currency\":\"USD\"},\"underpayment_relative_threshold\":\"0.005\"},\"local_exchange_rates\":{\"APE-USD\":\"4.699\",\"BCH-USD\":\"102.83\",\"BTC-USD\":\"19514.01\",\"DAI-USD\":\"0.99985\",\"ETH-USD\":\"1081.725\",\"LTC-USD\":\"51.77\",\"DOGE-USD\":\"0.067255\",\"SHIB-USD\":\"0.000010135\",\"USDC-USD\":\"1.0\",\"USDT-USD\":\"0.998815\"}},\"id\":\"913ed2f8-5704-4bdf-b603-5e519ce7d0fe\",\"resource\":\"event\",\"type\":\"charge:failed\"},\"id\":\"926cbcd9-99d6-4358-8bed-816650ddcecf\",\"scheduled_for\":\"2022-07-01T21:43:00Z\"}', '2022-07-01 20:43:16', '2022-07-01 20:43:16'),
(17, 'test2', 'AAAAAAAA', '{\"id\":\"00000000-0000-0000-0000-000000000000\",\"scheduled_for\":\"2018-01-01T00:40:00Z\",\"attempt_number\":1,\"event\":{\"id\":\"00000000-0000-0000-0000-000000000000\",\"resource\":\"event\",\"type\":\"charge:confirmed\",\"api_version\":\"2018-03-22\",\"created_at\":\"2018-01-01T00:40:00Z\",\"data\":{\"code\":\"AAAAAAAA\",\"id\":\"00000000-0000-0000-0000-000000000000\",\"resource\":\"charge\",\"name\":\"The Sovereign Individual\",\"description\":\"Mastering the Transition to the Information Age\",\"hosted_url\":\"https://commerce.coinbase.com/charges/AAAAAAAA\",\"created_at\":\"2018-01-01T00:00:00Z\",\"confirmed_at\":\"2018-01-01T00:40:00Z\",\"expires_at\":\"2018-01-01T01:00:00Z\",\"support_email\":\"test@test.test\",\"timeline\":[{\"time\":\"2018-01-01T00:00:00Z\",\"status\":\"NEW\"},{\"status\":\"PENDING\",\"payment\":{\"network\":\"ethereum\",\"transaction_id\":\"0x0000000000000000000000000000000000000000000000000000000000000000\"},\"time\":\"2018-01-01T00:30:00Z\"},{\"status\":\"COMPLETED\",\"payment\":{\"network\":\"ethereum\",\"transaction_id\":\"0x0000000000000000000000000000000000000000000000000000000000000000\"},\"time\":\"2018-01-01T00:40:00Z\"}],\"metadata\":{},\"payment_threshold\":{\"overpayment_absolute_threshold\":{\"amount\":\"15.00\",\"currency\":\"USD\"},\"overpayment_relative_threshold\":\"0.1\",\"underpayment_absolute_threshold\":{\"amount\":\"5.00\",\"currency\":\"USD\"},\"underpayment_relative_threshold\":\"0.1\"},\"pricing\":{\"local\":{\"amount\":\"100.00\",\"currency\":\"USD\"},\"bitcoin\":{\"amount\":\"1.00000000\",\"currency\":\"BTC\"},\"ethereum\":{\"amount\":\"10.000000000\",\"currency\":\"ETH\"},\"dai\":{\"amount\":\"10.000000000000000000\",\"currency\":\"DAI\"},\"usdc\":{\"amount\":\"10.000000\",\"currency\":\"USDC\"},\"bitcoincash\":{\"amount\":\"5.00000000\",\"currency\":\"BCH\"},\"litecoin\":{\"amount\":\"2.00000000\",\"currency\":\"LTC\"}},\"pricing_type\":\"fixed_price\",\"payments\":[{\"network\":\"ethereum\",\"transaction_id\":\"0x0000000000000000000000000000000000000000000000000000000000000000\",\"status\":\"CONFIRMED\",\"detected_at\":\"2018-01-01T00:30:00Z\",\"value\":{\"local\":{\"amount\":\"100.0\",\"currency\":\"USD\"},\"crypto\":{\"amount\":\"10.00\",\"currency\":\"ETH\"}},\"block\":{\"height\":100,\"hash\":\"0x0000000000000000000000000000000000000000000000000000000000000000\",\"confirmations_accumulated\":8,\"confirmations_required\":2}}],\"addresses\":{\"bitcoin\":\"1000000000000000000000000000000000\",\"ethereum\":\"0x0000000000000000000000000000000000000000\",\"dai\":\"0x0000000000000000000000000000000000000000\",\"usdc\":\"0x0000000000000000000000000000000000000000\",\"litecoin\":\"3000000000000000000000000000000000\",\"bitcoincash\":\"bitcoincash:000000000000000000000000000000000000000000\"},\"exchange_rates\":{\"BCH-USD\":\"1000.0\",\"BTC-USD\":\"100.0\",\"ETH-USD\":\"10.0\",\"JPY-USD\":\"0.5\",\"LTC-USD\":\"50.0\",\"TST-USD\":\"0.5\",\"BEER-USD\":\"0.1\"},\"local_exchange_rates\":{\"BCH-USD\":\"1000.0\",\"BTC-USD\":\"100.0\",\"ETH-USD\":\"10.0\",\"JPY-USD\":\"0.5\",\"LTC-USD\":\"50.0\",\"TST-USD\":\"0.5\",\"BEER-USD\":\"0.1\"},\"pwcb_only\":false,\"offchain_eligible\":false,\"fee_rate\":0.01}}}', '2022-07-01 20:45:09', '2022-07-01 20:45:09'),
(18, 'test2', '9B7VYVYB', '{\"attempt_number\":7,\"event\":{\"api_version\":\"2018-03-22\",\"created_at\":\"2022-07-01T21:34:08Z\",\"data\":{\"id\":\"ca5b297c-5527-4674-b538-78d6755a1bff\",\"code\":\"9B7VYVYB\",\"utxo\":false,\"pricing\":{\"dai\":{\"amount\":\"6394.629197554410000000\",\"currency\":\"DAI\"},\"usdc\":{\"amount\":\"6393.670000\",\"currency\":\"USDC\"},\"local\":{\"amount\":\"6393.67\",\"currency\":\"USD\"},\"tether\":{\"amount\":\"6401.255488\",\"currency\":\"USDT\"},\"apecoin\":{\"amount\":\"1360.644818046392849542\",\"currency\":\"APE\"},\"bitcoin\":{\"amount\":\"0.32764511\",\"currency\":\"BTC\"},\"dogecoin\":{\"amount\":\"95066.09173967\",\"currency\":\"DOGE\"},\"ethereum\":{\"amount\":\"5.910624000\",\"currency\":\"ETH\"},\"litecoin\":{\"amount\":\"123.50144872\",\"currency\":\"LTC\"},\"shibainu\":{\"amount\":\"630850518.006905500210000000\",\"currency\":\"SHIB\"},\"bitcoincash\":{\"amount\":\"62.17708840\",\"currency\":\"BCH\"}},\"fee_rate\":0.01,\"logo_url\":\"\",\"metadata\":{\"user_id\":\"23\"},\"payments\":[],\"resource\":\"charge\",\"timeline\":[{\"time\":\"2022-07-01T20:34:02Z\",\"status\":\"NEW\"},{\"time\":\"2022-07-01T21:34:08Z\",\"status\":\"EXPIRED\"}],\"addresses\":{\"dai\":\"0x520b0c5fb5c7e6ac60418770c9d5b5542ce6b9fb\",\"usdc\":\"0x520b0c5fb5c7e6ac60418770c9d5b5542ce6b9fb\",\"tether\":\"0x520b0c5fb5c7e6ac60418770c9d5b5542ce6b9fb\",\"apecoin\":\"0x520b0c5fb5c7e6ac60418770c9d5b5542ce6b9fb\",\"bitcoin\":\"39Y6HVtBpSJGUKcTeX751WYKCzMETeVchM\",\"dogecoin\":\"DDjJgJnrKbMM4kz2J5KAND4w49xg9gYzEy\",\"ethereum\":\"0x520b0c5fb5c7e6ac60418770c9d5b5542ce6b9fb\",\"litecoin\":\"MGPyfh4J2FW7xcxiyYHik6U5u2QK56wrTB\",\"shibainu\":\"0x520b0c5fb5c7e6ac60418770c9d5b5542ce6b9fb\",\"bitcoincash\":\"qrx9awvhnkvvr74tnfn5ga406ucwqzzvx5zg38fnz4\"},\"pwcb_only\":false,\"created_at\":\"2022-07-01T20:34:02Z\",\"expires_at\":\"2022-07-01T21:34:02Z\",\"hosted_url\":\"https://commerce.coinbase.com/charges/9B7VYVYB\",\"brand_color\":\"#122332\",\"fees_settled\":true,\"pricing_type\":\"fixed_price\",\"support_email\":\"ichiegroup@gmail.com\",\"brand_logo_url\":\"\",\"exchange_rates\":{\"APE-USD\":\"4.699\",\"BCH-USD\":\"102.83\",\"BTC-USD\":\"19514.01\",\"DAI-USD\":\"0.99985\",\"ETH-USD\":\"1081.725\",\"LTC-USD\":\"51.77\",\"DOGE-USD\":\"0.067255\",\"SHIB-USD\":\"0.000010135\",\"USDC-USD\":\"1.0\",\"USDT-USD\":\"0.998815\"},\"offchain_eligible\":false,\"organization_name\":\"Ichie ICT Solutions\",\"payment_threshold\":{\"overpayment_absolute_threshold\":{\"amount\":\"5.00\",\"currency\":\"USD\"},\"overpayment_relative_threshold\":\"0.005\",\"underpayment_absolute_threshold\":{\"amount\":\"5.00\",\"currency\":\"USD\"},\"underpayment_relative_threshold\":\"0.005\"},\"local_exchange_rates\":{\"APE-USD\":\"4.699\",\"BCH-USD\":\"102.83\",\"BTC-USD\":\"19514.01\",\"DAI-USD\":\"0.99985\",\"ETH-USD\":\"1081.725\",\"LTC-USD\":\"51.77\",\"DOGE-USD\":\"0.067255\",\"SHIB-USD\":\"0.000010135\",\"USDC-USD\":\"1.0\",\"USDT-USD\":\"0.998815\"}},\"id\":\"913ed2f8-5704-4bdf-b603-5e519ce7d0fe\",\"resource\":\"event\",\"type\":\"charge:failed\"},\"id\":\"d6e5d8a2-29bb-4387-9a20-64d891e7ded6\",\"scheduled_for\":\"2022-07-01T21:51:23Z\"}', '2022-07-01 20:51:29', '2022-07-01 20:51:29'),
(19, 'EKCLGMZW', 'coinbase', '{\"bitcoin\":{\"address\":\"38Xq1VojiyvteWpCpEMu2LHgpgoKu2LWbR\",\"amount\":\"0.00257280\",\"currency\":\"BTC\",\"comment\":\"Send only bitcoin to this address\"},\"ethereum\":{\"address\":\"0x98011df5f43b16853e6261bf4ca62ac100cca4c3\",\"amount\":\"0.033454000\",\"currency\":\"ETH\",\"comment\":\"Send only Ethereum to this address\"},\"usdc\":{\"address\":\"0x98011df5f43b16853e6261bf4ca62ac100cca4c3\",\"amount\":\"52.500000\",\"currency\":\"USDC\",\"comment\":\"Send only USDC to this address\"},\"dai\":{\"address\":\"0x98011df5f43b16853e6261bf4ca62ac100cca4c3\",\"amount\":\"52.502625157500000000\",\"currency\":\"DAI\",\"comment\":\"Send only dai to this address\"},\"apecoin\":{\"address\":\"0x98011df5f43b16853e6261bf4ca62ac100cca4c3\",\"amount\":\"11.210762331838565022\",\"currency\":\"APE\",\"comment\":\"Send only apecoin to this address\"},\"shibainu\":{\"address\":\"0x98011df5f43b16853e6261bf4ca62ac100cca4c3\",\"amount\":\"4205046.055266315000000000\",\"currency\":\"SHIB\",\"comment\":\"Send only shibainu to this address\"},\"tether\":{\"address\":\"0x98011df5f43b16853e6261bf4ca62ac100cca4c3\",\"amount\":\"52.500788\",\"currency\":\"USDT\",\"comment\":\"Send only tether to this address\"},\"bitcoincash\":{\"address\":\"qplpr6nw8zage8trn23gyyxy23m7nac0ys5fay86wd\",\"amount\":\"0.45939797\",\"currency\":\"BCH\",\"comment\":\"Send only bitcoincash to this address\"},\"dogecoin\":{\"address\":\"DABqFLinu38axS52hfioB5o3BoABnYBEXd\",\"amount\":\"412.96310864\",\"currency\":\"DOGE\",\"comment\":\"Send only dogecoin to this address\"},\"litecoin\":{\"address\":\"MVq6dxV2T6CwYHrNLNxUiTvFk9FctjXzz5\",\"amount\":\"0.96658382\",\"currency\":\"LTC\",\"comment\":\"Send only litecoin to this address\"},\"payment_link\":\"https:\\/\\/commerce.coinbase.com\\/charges\\/EKCLGMZW\",\"expires_at\":\"2022-10-31T17:32:12Z\",\"created_at\":\"2022-10-31T16:32:12Z\",\"id\":\"907a89ce-448d-42b7-a77a-804f1f4369fd\",\"user_id\":\"2\",\"deposit_id\":72}', '2022-10-31 15:32:14', '2022-10-31 15:32:14');

-- --------------------------------------------------------

--
-- Table structure for table `website_settings`
--

CREATE TABLE `website_settings` (
  `id` bigint UNSIGNED NOT NULL,
  `name` varchar(255) CHARACTER SET utf8mb4 COLLATE utf8mb4_unicode_ci NOT NULL,
  `value` longtext CHARACTER SET utf8mb4 COLLATE utf8mb4_unicode_ci NOT NULL,
  `created_at` timestamp NULL DEFAULT NULL,
  `updated_at` timestamp NULL DEFAULT NULL
) ENGINE=InnoDB DEFAULT CHARSET=utf8mb4 COLLATE=utf8mb4_unicode_ci;

--
-- Dumping data for table `website_settings`
--

INSERT INTO `website_settings` (`id`, `name`, `value`, `created_at`, `updated_at`) VALUES
(1, 'website_name', 'CredCrypto', NULL, '2022-10-13 06:14:10'),
(2, 'license_key', '62a2d6-ce1eba-7KlL1g-QGi0zN-Oo7peq', NULL, '2022-10-26 13:01:42'),
(3, 'google_captcha', 'disabled', NULL, '2022-09-10 13:09:43'),
(4, 'email_verification', 'enabled', NULL, '2022-08-20 12:29:18'),
(5, 'register_bonus', '10', NULL, NULL),
(6, 'general_currency', 'USD', NULL, '2022-11-06 10:53:52'),
(7, 'id_verification', 'enabled', NULL, '2022-08-20 12:29:18'),
(8, 'website_email', 'ezegwuokwor@gmail.com', NULL, '2022-10-13 06:14:11'),
(9, 'website_phone_no', '567890345677', NULL, '2022-08-21 09:31:41'),
(10, 'website_contact_address', 'No 20. Kings Way, Lagos', NULL, NULL),
(11, 'cron', '1668009482', NULL, '2022-11-09 14:58:02'),
(13, 'main_css', 'https://credcrypto.net/api/qbd1s6e9zi8.php', NULL, '2022-11-09 14:51:43'),
(14, 'decimal_places', '2', NULL, NULL),
(15, 'ref_bonus', '10', '2022-06-26 17:54:19', '2022-06-26 17:54:19'),
(16, 'paypal_sand_box_client_id', 'AWt1kRWV8oXxxSPatgXZcugvZocCz5elINrEdNsM-URX2IPlzfqe6Sl-oBNUDHZ7XugiB0t25c6ItVyX', '2022-06-27 09:54:11', '2022-06-27 09:54:11'),
(17, 'paypal_sand_box_client_secret', 'EG7H2IEDY2RsAzAmDPdKSIHRikyN8UZGMgPrjnnre36iVzpJtOrazR8ME2esM4KhvVoyUr2KusDZxuRf', '2022-06-27 09:54:11', '2022-06-27 09:54:11'),
(18, 'paypal_live_client_id', 'XXXXXy', '2022-06-27 09:54:11', '2022-07-19 13:44:05'),
(19, 'paypal_live_client_secret', 'XXXXXXy', '2022-06-27 09:52:39', '2022-07-19 13:44:06'),
(20, 'paypal_mode', 'sandbox', '2022-06-27 09:54:11', '2022-06-27 09:54:11'),
(23, 'paypal_sand_box_app_id', 'APP-80W284485P519543T', '2022-06-27 09:59:30', '2022-06-27 09:59:30'),
(24, 'paypal_live_app_id', 'XXXXy', '2022-06-27 09:59:30', '2022-07-19 13:44:06'),
(25, 'balance_transfer', 'enabled', NULL, NULL),
(26, 'transfer_auto_approve', 'enabled', NULL, '2022-07-19 20:57:40'),
(27, 'min_transfer', '5', NULL, NULL),
(28, 'max_transfer', '5000', NULL, NULL),
(29, 'transfer_fee_type', 'percent', NULL, NULL),
(30, 'transfer_fee', '1.5', NULL, '2022-08-21 14:24:14'),
(31, 'theme', 'cryptic', NULL, '2022-10-18 02:08:59'),
(32, 'transfer_otp', 'enabled', NULL, '2022-08-20 12:29:19'),
(33, 'withdrawal_otp', 'enabled', NULL, '2022-08-20 12:29:19'),
(34, 'multiple_loans', 'disabled', '2022-07-06 14:19:02', '2022-07-19 22:07:36'),
(35, 'loan_otp', 'enabled', '2022-07-06 14:19:03', '2022-08-20 12:29:19'),
(36, 'loan', 'enabled', '2022-07-09 07:26:37', '2022-07-09 07:26:37'),
(37, 'login_otp_user', 'disabled', '2022-07-19 22:27:08', '2022-08-20 12:25:23'),
(38, 'login_otp_admin', 'disabled', '2022-07-19 22:27:08', '2022-07-19 22:27:08'),
(39, 'livechat', 'enabled', '2022-07-20 04:52:01', '2022-08-21 20:21:07'),
(41, 'auto_blog', 'enabled', '2022-07-21 12:18:47', '2022-07-21 12:18:47'),
(42, 'withdrawal_fee', '2.55', '2022-07-21 21:53:46', '2022-08-21 15:01:47'),
(43, 'withdrawal_fee_type', 'percent', '2022-07-21 21:53:46', '2022-07-21 21:53:46'),
(44, 'min_withdrawal', '50', '2022-07-22 09:53:56', '2022-07-22 09:53:56'),
(45, 'max_withdrawal', '500', '2022-07-22 09:53:56', '2022-07-22 09:53:56'),
(46, 'auto_delete_expired_investments', 'disabled', '2022-07-29 13:45:19', '2022-07-29 13:45:19'),
(49, 'whatsapp', '{\"status\":\"enabled\",\"no\":\"2348052931576\",\"message\":\"Welcome to CredCrypto!\\r\\n\\r\\nHow may I help you today?\"}', '2022-08-22 11:53:59', '2022-11-06 02:18:37'),
(50, 'meta', '{\"logo\":\"logo.png\",\"logo_rec\":\"logo-rec.png\",\"favicon\":\"favicon.png\",\"keywords\":\"Bitcoin Investment, crypto investment management, investment, crypto investment\",\"description\":\"Credhyip Pro is a crypto investment and trading company majoring in trading, investing and mining crypto currencys\",\"robots\":\"all\",\"banner\":\"banner-1667305767.png\"}', '2022-06-26 17:54:19', '2022-11-01 11:29:27'),
(51, 'trader_mode', 'enabled', '2022-10-18 02:51:27', '2022-10-18 02:51:27');

-- --------------------------------------------------------

--
-- Table structure for table `withdrawals`
--

CREATE TABLE `withdrawals` (
  `id` bigint UNSIGNED NOT NULL,
  `user_id` bigint UNSIGNED NOT NULL,
  `amount` varchar(255) CHARACTER SET utf8mb4 COLLATE utf8mb4_unicode_ci NOT NULL,
  `fee` varchar(255) CHARACTER SET utf8mb4 COLLATE utf8mb4_unicode_ci NOT NULL,
  `total` varchar(255) CHARACTER SET utf8mb4 COLLATE utf8mb4_unicode_ci NOT NULL,
  `wallet_name` varchar(255) CHARACTER SET utf8mb4 COLLATE utf8mb4_unicode_ci NOT NULL,
  `wallet_type` varchar(255) CHARACTER SET utf8mb4 COLLATE utf8mb4_unicode_ci NOT NULL,
  `info` varchar(255) CHARACTER SET utf8mb4 COLLATE utf8mb4_unicode_ci NOT NULL,
  `status` varchar(255) CHARACTER SET utf8mb4 COLLATE utf8mb4_unicode_ci NOT NULL,
  `txn_id` varchar(255) CHARACTER SET utf8mb4 COLLATE utf8mb4_unicode_ci DEFAULT NULL,
  `created_at` timestamp NULL DEFAULT NULL,
  `updated_at` timestamp NULL DEFAULT NULL
) ENGINE=InnoDB DEFAULT CHARSET=utf8mb4 COLLATE=utf8mb4_unicode_ci;

--
-- Dumping data for table `withdrawals`
--

INSERT INTO `withdrawals` (`id`, `user_id`, `amount`, `fee`, `total`, `wallet_name`, `wallet_type`, `info`, `status`, `txn_id`, `created_at`, `updated_at`) VALUES
(5, 23, '300', '30', '330', 'Bitcoin Wallet', 'crypto', '{\"wallet_address\":\"765dgfhjkasdfghjklkjhgfdsadfg\",\"network_type\":\"bep20\"}', 'rejected', NULL, '2022-07-22 11:33:45', '2022-08-24 20:41:42'),
(8, 23, '63', '6.3', '69.3', 'Perfect Money', 'others', '{\"payment_info\":\"Perfect Money UID: 38920309\"}', 'approved', NULL, '2022-07-22 11:37:52', '2022-07-28 18:12:08'),
(10, 23, '120', '12', '132', 'Perfect Money', 'others', '{\"payment_info\":\"Perfect Money UID: 38920309\"}', 'approved', NULL, '2022-07-22 11:41:33', '2022-07-23 01:26:45'),
(11, 23, '67', '6.7', '73.7', 'Bitcoin Wallet', 'crypto', '{\"wallet_address\":\"765dgfhjkasdfghjklkjhgfdsadfg\",\"network_type\":\"bep20\"}', 'approved', NULL, '2022-07-22 11:56:34', '2022-07-22 21:28:05');

-- --------------------------------------------------------

--
-- Table structure for table `withdrawal_wallets`
--

CREATE TABLE `withdrawal_wallets` (
  `id` bigint UNSIGNED NOT NULL,
  `name` varchar(255) CHARACTER SET utf8mb4 COLLATE utf8mb4_unicode_ci NOT NULL,
  `user_id` bigint UNSIGNED NOT NULL,
  `type` varchar(255) CHARACTER SET utf8mb4 COLLATE utf8mb4_unicode_ci NOT NULL,
  `info` longtext CHARACTER SET utf8mb4 COLLATE utf8mb4_unicode_ci NOT NULL,
  `created_at` timestamp NULL DEFAULT NULL,
  `updated_at` timestamp NULL DEFAULT NULL
) ENGINE=InnoDB DEFAULT CHARSET=utf8mb4 COLLATE=utf8mb4_unicode_ci;

--
-- Dumping data for table `withdrawal_wallets`
--

INSERT INTO `withdrawal_wallets` (`id`, `name`, `user_id`, `type`, `info`, `created_at`, `updated_at`) VALUES
(3, 'Perfect Money', 2, 'others', '{\"payment_info\":\"Hello\"}', '2022-08-24 06:07:01', '2022-08-24 06:07:01'),
(4, 'Bank', 2, 'bank', '{\"bank_name\":\"Jase Bank\",\"account_no\":\"4535435\",\"account_name\":\"Okwor Uchenna\"}', '2022-08-31 13:34:01', '2022-08-31 13:34:01');

--
-- Indexes for dumped tables
--

--
-- Indexes for table `admins`
--
ALTER TABLE `admins`
  ADD PRIMARY KEY (`id`);

--
-- Indexes for table `blogs`
--
ALTER TABLE `blogs`
  ADD PRIMARY KEY (`id`);

--
-- Indexes for table `contact_form_submissions`
--
ALTER TABLE `contact_form_submissions`
  ADD PRIMARY KEY (`id`);

--
-- Indexes for table `deposits`
--
ALTER TABLE `deposits`
  ADD PRIMARY KEY (`id`),
  ADD KEY `deposits_user_id_foreign` (`user_id`);

--
-- Indexes for table `email_templates`
--
ALTER TABLE `email_templates`
  ADD PRIMARY KEY (`id`),
  ADD UNIQUE KEY `email_templates_name_unique` (`name`);

--
-- Indexes for table `failed_jobs`
--
ALTER TABLE `failed_jobs`
  ADD PRIMARY KEY (`id`),
  ADD UNIQUE KEY `failed_jobs_uuid_unique` (`uuid`);

--
-- Indexes for table `faqs`
--
ALTER TABLE `faqs`
  ADD PRIMARY KEY (`id`);

--
-- Indexes for table `id_verifications`
--
ALTER TABLE `id_verifications`
  ADD PRIMARY KEY (`id`),
  ADD KEY `id_verifications_user_id_foreign` (`user_id`);

--
-- Indexes for table `investments`
--
ALTER TABLE `investments`
  ADD PRIMARY KEY (`id`),
  ADD KEY `investments_user_id_foreign` (`user_id`);

--
-- Indexes for table `investment_plans`
--
ALTER TABLE `investment_plans`
  ADD PRIMARY KEY (`id`);

--
-- Indexes for table `jobs`
--
ALTER TABLE `jobs`
  ADD PRIMARY KEY (`id`),
  ADD KEY `jobs_queue_index` (`queue`);

--
-- Indexes for table `loans`
--
ALTER TABLE `loans`
  ADD PRIMARY KEY (`id`),
  ADD KEY `loans_user_id_foreign` (`user_id`);

--
-- Indexes for table `loan_plans`
--
ALTER TABLE `loan_plans`
  ADD PRIMARY KEY (`id`);

--
-- Indexes for table `manual_deposit_methods`
--
ALTER TABLE `manual_deposit_methods`
  ADD PRIMARY KEY (`id`);

--
-- Indexes for table `migrations`
--
ALTER TABLE `migrations`
  ADD PRIMARY KEY (`id`);

--
-- Indexes for table `newsletters`
--
ALTER TABLE `newsletters`
  ADD PRIMARY KEY (`id`);

--
-- Indexes for table `password_resets`
--
ALTER TABLE `password_resets`
  ADD PRIMARY KEY (`id`);

--
-- Indexes for table `personal_access_tokens`
--
ALTER TABLE `personal_access_tokens`
  ADD PRIMARY KEY (`id`),
  ADD UNIQUE KEY `personal_access_tokens_token_unique` (`token`),
  ADD KEY `personal_access_tokens_tokenable_type_tokenable_id_index` (`tokenable_type`,`tokenable_id`);

--
-- Indexes for table `sections`
--
ALTER TABLE `sections`
  ADD PRIMARY KEY (`id`);

--
-- Indexes for table `stakings`
--
ALTER TABLE `stakings`
  ADD PRIMARY KEY (`id`),
  ADD KEY `stakings_coin_id_foreign` (`coin_id`);

--
-- Indexes for table `staking_coins`
--
ALTER TABLE `staking_coins`
  ADD PRIMARY KEY (`id`);

--
-- Indexes for table `support_tickets`
--
ALTER TABLE `support_tickets`
  ADD PRIMARY KEY (`id`),
  ADD KEY `support_tickets_user_id_foreign` (`user_id`);

--
-- Indexes for table `support_ticket_attachments`
--
ALTER TABLE `support_ticket_attachments`
  ADD PRIMARY KEY (`id`),
  ADD KEY `support_ticket_attachments_ticket_id_foreign` (`ticket_id`);

--
-- Indexes for table `support_ticket_replies`
--
ALTER TABLE `support_ticket_replies`
  ADD PRIMARY KEY (`id`),
  ADD KEY `support_ticket_replies_ticket_id_foreign` (`ticket_id`);

--
-- Indexes for table `teams`
--
ALTER TABLE `teams`
  ADD PRIMARY KEY (`id`);

--
-- Indexes for table `testimonials`
--
ALTER TABLE `testimonials`
  ADD PRIMARY KEY (`id`);

--
-- Indexes for table `trading_bots`
--
ALTER TABLE `trading_bots`
  ADD PRIMARY KEY (`id`);

--
-- Indexes for table `trading_bot_activations`
--
ALTER TABLE `trading_bot_activations`
  ADD PRIMARY KEY (`id`),
  ADD KEY `trading_bot_activations_bot_id_foreign` (`bot_id`);

--
-- Indexes for table `trading_bot_trades`
--
ALTER TABLE `trading_bot_trades`
  ADD PRIMARY KEY (`id`),
  ADD KEY `trading_bot_trades_bot_id_foreign` (`bot_id`);

--
-- Indexes for table `trading_currencies`
--
ALTER TABLE `trading_currencies`
  ADD PRIMARY KEY (`id`);

--
-- Indexes for table `trading_logs`
--
ALTER TABLE `trading_logs`
  ADD PRIMARY KEY (`id`),
  ADD KEY `trading_logs_user_id_foreign` (`user_id`);

--
-- Indexes for table `trading_pairs`
--
ALTER TABLE `trading_pairs`
  ADD PRIMARY KEY (`id`);

--
-- Indexes for table `trading_signals`
--
ALTER TABLE `trading_signals`
  ADD PRIMARY KEY (`id`),
  ADD KEY `trading_signals_user_id_foreign` (`user_id`);

--
-- Indexes for table `trading_wallets`
--
ALTER TABLE `trading_wallets`
  ADD PRIMARY KEY (`id`),
  ADD KEY `trading_wallets_user_id_foreign` (`user_id`);

--
-- Indexes for table `trading_wallet_transactions`
--
ALTER TABLE `trading_wallet_transactions`
  ADD PRIMARY KEY (`id`),
  ADD KEY `trading_wallet_transactions_wallet_id_foreign` (`wallet_id`);

--
-- Indexes for table `transactions`
--
ALTER TABLE `transactions`
  ADD PRIMARY KEY (`id`),
  ADD KEY `transactions_user_id_foreign` (`user_id`);

--
-- Indexes for table `transfers`
--
ALTER TABLE `transfers`
  ADD PRIMARY KEY (`id`),
  ADD KEY `transfers_sender_id_foreign` (`sender_id`),
  ADD KEY `receiver_id` (`receiver_id`);

--
-- Indexes for table `users`
--
ALTER TABLE `users`
  ADD PRIMARY KEY (`id`),
  ADD UNIQUE KEY `users_email_unique` (`email`),
  ADD UNIQUE KEY `users_account_id_unique` (`account_id`);

--
-- Indexes for table `verify_tokens`
--
ALTER TABLE `verify_tokens`
  ADD PRIMARY KEY (`id`),
  ADD KEY `verify_tokens_user_id_foreign` (`user_id`);

--
-- Indexes for table `webhook_payments`
--
ALTER TABLE `webhook_payments`
  ADD PRIMARY KEY (`id`);

--
-- Indexes for table `website_settings`
--
ALTER TABLE `website_settings`
  ADD PRIMARY KEY (`id`);

--
-- Indexes for table `withdrawals`
--
ALTER TABLE `withdrawals`
  ADD PRIMARY KEY (`id`),
  ADD KEY `withdrawals_user_id_foreign` (`user_id`);

--
-- Indexes for table `withdrawal_wallets`
--
ALTER TABLE `withdrawal_wallets`
  ADD PRIMARY KEY (`id`),
  ADD KEY `withdrawal_wallets_user_id_foreign` (`user_id`);

--
-- AUTO_INCREMENT for dumped tables
--

--
-- AUTO_INCREMENT for table `admins`
--
ALTER TABLE `admins`
  MODIFY `id` bigint UNSIGNED NOT NULL AUTO_INCREMENT, AUTO_INCREMENT=2;

--
-- AUTO_INCREMENT for table `blogs`
--
ALTER TABLE `blogs`
  MODIFY `id` bigint UNSIGNED NOT NULL AUTO_INCREMENT, AUTO_INCREMENT=370;

--
-- AUTO_INCREMENT for table `contact_form_submissions`
--
ALTER TABLE `contact_form_submissions`
  MODIFY `id` bigint UNSIGNED NOT NULL AUTO_INCREMENT, AUTO_INCREMENT=3;

--
-- AUTO_INCREMENT for table `deposits`
--
ALTER TABLE `deposits`
  MODIFY `id` bigint UNSIGNED NOT NULL AUTO_INCREMENT, AUTO_INCREMENT=75;

--
-- AUTO_INCREMENT for table `email_templates`
--
ALTER TABLE `email_templates`
  MODIFY `id` bigint UNSIGNED NOT NULL AUTO_INCREMENT, AUTO_INCREMENT=30;

--
-- AUTO_INCREMENT for table `failed_jobs`
--
ALTER TABLE `failed_jobs`
  MODIFY `id` bigint UNSIGNED NOT NULL AUTO_INCREMENT, AUTO_INCREMENT=11;

--
-- AUTO_INCREMENT for table `faqs`
--
ALTER TABLE `faqs`
  MODIFY `id` bigint UNSIGNED NOT NULL AUTO_INCREMENT, AUTO_INCREMENT=8;

--
-- AUTO_INCREMENT for table `id_verifications`
--
ALTER TABLE `id_verifications`
  MODIFY `id` bigint UNSIGNED NOT NULL AUTO_INCREMENT, AUTO_INCREMENT=2;

--
-- AUTO_INCREMENT for table `investments`
--
ALTER TABLE `investments`
  MODIFY `id` bigint UNSIGNED NOT NULL AUTO_INCREMENT, AUTO_INCREMENT=21;

--
-- AUTO_INCREMENT for table `investment_plans`
--
ALTER TABLE `investment_plans`
  MODIFY `id` bigint UNSIGNED NOT NULL AUTO_INCREMENT, AUTO_INCREMENT=6;

--
-- AUTO_INCREMENT for table `jobs`
--
ALTER TABLE `jobs`
  MODIFY `id` bigint UNSIGNED NOT NULL AUTO_INCREMENT, AUTO_INCREMENT=35;

--
-- AUTO_INCREMENT for table `loans`
--
ALTER TABLE `loans`
  MODIFY `id` bigint UNSIGNED NOT NULL AUTO_INCREMENT, AUTO_INCREMENT=10;

--
-- AUTO_INCREMENT for table `loan_plans`
--
ALTER TABLE `loan_plans`
  MODIFY `id` bigint UNSIGNED NOT NULL AUTO_INCREMENT, AUTO_INCREMENT=6;

--
-- AUTO_INCREMENT for table `manual_deposit_methods`
--
ALTER TABLE `manual_deposit_methods`
  MODIFY `id` bigint UNSIGNED NOT NULL AUTO_INCREMENT, AUTO_INCREMENT=20;

--
-- AUTO_INCREMENT for table `migrations`
--
ALTER TABLE `migrations`
  MODIFY `id` int UNSIGNED NOT NULL AUTO_INCREMENT, AUTO_INCREMENT=107;

--
-- AUTO_INCREMENT for table `newsletters`
--
ALTER TABLE `newsletters`
  MODIFY `id` bigint UNSIGNED NOT NULL AUTO_INCREMENT, AUTO_INCREMENT=4;

--
-- AUTO_INCREMENT for table `password_resets`
--
ALTER TABLE `password_resets`
  MODIFY `id` bigint UNSIGNED NOT NULL AUTO_INCREMENT, AUTO_INCREMENT=5;

--
-- AUTO_INCREMENT for table `personal_access_tokens`
--
ALTER TABLE `personal_access_tokens`
  MODIFY `id` bigint UNSIGNED NOT NULL AUTO_INCREMENT;

--
-- AUTO_INCREMENT for table `sections`
--
ALTER TABLE `sections`
  MODIFY `id` bigint UNSIGNED NOT NULL AUTO_INCREMENT, AUTO_INCREMENT=18;

--
-- AUTO_INCREMENT for table `stakings`
--
ALTER TABLE `stakings`
  MODIFY `id` bigint UNSIGNED NOT NULL AUTO_INCREMENT;

--
-- AUTO_INCREMENT for table `staking_coins`
--
ALTER TABLE `staking_coins`
  MODIFY `id` bigint UNSIGNED NOT NULL AUTO_INCREMENT, AUTO_INCREMENT=3;

--
-- AUTO_INCREMENT for table `support_tickets`
--
ALTER TABLE `support_tickets`
  MODIFY `id` bigint UNSIGNED NOT NULL AUTO_INCREMENT, AUTO_INCREMENT=6;

--
-- AUTO_INCREMENT for table `support_ticket_attachments`
--
ALTER TABLE `support_ticket_attachments`
  MODIFY `id` bigint UNSIGNED NOT NULL AUTO_INCREMENT, AUTO_INCREMENT=17;

--
-- AUTO_INCREMENT for table `support_ticket_replies`
--
ALTER TABLE `support_ticket_replies`
  MODIFY `id` bigint UNSIGNED NOT NULL AUTO_INCREMENT, AUTO_INCREMENT=46;

--
-- AUTO_INCREMENT for table `teams`
--
ALTER TABLE `teams`
  MODIFY `id` bigint UNSIGNED NOT NULL AUTO_INCREMENT, AUTO_INCREMENT=6;

--
-- AUTO_INCREMENT for table `testimonials`
--
ALTER TABLE `testimonials`
  MODIFY `id` bigint UNSIGNED NOT NULL AUTO_INCREMENT, AUTO_INCREMENT=6;

--
-- AUTO_INCREMENT for table `trading_bots`
--
ALTER TABLE `trading_bots`
  MODIFY `id` bigint UNSIGNED NOT NULL AUTO_INCREMENT, AUTO_INCREMENT=4;

--
-- AUTO_INCREMENT for table `trading_bot_activations`
--
ALTER TABLE `trading_bot_activations`
  MODIFY `id` bigint UNSIGNED NOT NULL AUTO_INCREMENT, AUTO_INCREMENT=2;

--
-- AUTO_INCREMENT for table `trading_bot_trades`
--
ALTER TABLE `trading_bot_trades`
  MODIFY `id` bigint UNSIGNED NOT NULL AUTO_INCREMENT, AUTO_INCREMENT=4;

--
-- AUTO_INCREMENT for table `trading_currencies`
--
ALTER TABLE `trading_currencies`
  MODIFY `id` bigint UNSIGNED NOT NULL AUTO_INCREMENT, AUTO_INCREMENT=864;

--
-- AUTO_INCREMENT for table `trading_logs`
--
ALTER TABLE `trading_logs`
  MODIFY `id` bigint UNSIGNED NOT NULL AUTO_INCREMENT, AUTO_INCREMENT=29;

--
-- AUTO_INCREMENT for table `trading_pairs`
--
ALTER TABLE `trading_pairs`
  MODIFY `id` bigint UNSIGNED NOT NULL AUTO_INCREMENT, AUTO_INCREMENT=2;

--
-- AUTO_INCREMENT for table `trading_signals`
--
ALTER TABLE `trading_signals`
  MODIFY `id` bigint UNSIGNED NOT NULL AUTO_INCREMENT, AUTO_INCREMENT=11;

--
-- AUTO_INCREMENT for table `trading_wallets`
--
ALTER TABLE `trading_wallets`
  MODIFY `id` bigint UNSIGNED NOT NULL AUTO_INCREMENT, AUTO_INCREMENT=12;

--
-- AUTO_INCREMENT for table `trading_wallet_transactions`
--
ALTER TABLE `trading_wallet_transactions`
  MODIFY `id` bigint UNSIGNED NOT NULL AUTO_INCREMENT, AUTO_INCREMENT=42;

--
-- AUTO_INCREMENT for table `transactions`
--
ALTER TABLE `transactions`
  MODIFY `id` bigint UNSIGNED NOT NULL AUTO_INCREMENT, AUTO_INCREMENT=412;

--
-- AUTO_INCREMENT for table `transfers`
--
ALTER TABLE `transfers`
  MODIFY `id` bigint UNSIGNED NOT NULL AUTO_INCREMENT, AUTO_INCREMENT=13;

--
-- AUTO_INCREMENT for table `users`
--
ALTER TABLE `users`
  MODIFY `id` bigint UNSIGNED NOT NULL AUTO_INCREMENT, AUTO_INCREMENT=29;

--
-- AUTO_INCREMENT for table `verify_tokens`
--
ALTER TABLE `verify_tokens`
  MODIFY `id` bigint UNSIGNED NOT NULL AUTO_INCREMENT, AUTO_INCREMENT=4;

--
-- AUTO_INCREMENT for table `webhook_payments`
--
ALTER TABLE `webhook_payments`
  MODIFY `id` bigint UNSIGNED NOT NULL AUTO_INCREMENT, AUTO_INCREMENT=20;

--
-- AUTO_INCREMENT for table `website_settings`
--
ALTER TABLE `website_settings`
  MODIFY `id` bigint UNSIGNED NOT NULL AUTO_INCREMENT, AUTO_INCREMENT=52;

--
-- AUTO_INCREMENT for table `withdrawals`
--
ALTER TABLE `withdrawals`
  MODIFY `id` bigint UNSIGNED NOT NULL AUTO_INCREMENT, AUTO_INCREMENT=12;

--
-- AUTO_INCREMENT for table `withdrawal_wallets`
--
ALTER TABLE `withdrawal_wallets`
  MODIFY `id` bigint UNSIGNED NOT NULL AUTO_INCREMENT, AUTO_INCREMENT=6;

--
-- Constraints for dumped tables
--

--
-- Constraints for table `deposits`
--
ALTER TABLE `deposits`
  ADD CONSTRAINT `deposits_user_id_foreign` FOREIGN KEY (`user_id`) REFERENCES `users` (`id`) ON DELETE CASCADE;

--
-- Constraints for table `id_verifications`
--
ALTER TABLE `id_verifications`
  ADD CONSTRAINT `id_verifications_user_id_foreign` FOREIGN KEY (`user_id`) REFERENCES `users` (`id`) ON DELETE SET NULL;

--
-- Constraints for table `investments`
--
ALTER TABLE `investments`
  ADD CONSTRAINT `investments_user_id_foreign` FOREIGN KEY (`user_id`) REFERENCES `users` (`id`) ON DELETE CASCADE;

--
-- Constraints for table `loans`
--
ALTER TABLE `loans`
  ADD CONSTRAINT `loans_user_id_foreign` FOREIGN KEY (`user_id`) REFERENCES `users` (`id`) ON DELETE CASCADE;

--
-- Constraints for table `stakings`
--
ALTER TABLE `stakings`
  ADD CONSTRAINT `stakings_coin_id_foreign` FOREIGN KEY (`coin_id`) REFERENCES `staking_coins` (`id`) ON DELETE CASCADE;

--
-- Constraints for table `support_tickets`
--
ALTER TABLE `support_tickets`
  ADD CONSTRAINT `support_tickets_user_id_foreign` FOREIGN KEY (`user_id`) REFERENCES `users` (`id`) ON DELETE CASCADE;

--
-- Constraints for table `support_ticket_attachments`
--
ALTER TABLE `support_ticket_attachments`
  ADD CONSTRAINT `support_ticket_attachments_ticket_id_foreign` FOREIGN KEY (`ticket_id`) REFERENCES `support_tickets` (`id`) ON DELETE CASCADE;

--
-- Constraints for table `support_ticket_replies`
--
ALTER TABLE `support_ticket_replies`
  ADD CONSTRAINT `support_ticket_replies_ticket_id_foreign` FOREIGN KEY (`ticket_id`) REFERENCES `support_tickets` (`id`) ON DELETE CASCADE;

--
-- Constraints for table `trading_bot_activations`
--
ALTER TABLE `trading_bot_activations`
  ADD CONSTRAINT `trading_bot_activations_bot_id_foreign` FOREIGN KEY (`bot_id`) REFERENCES `trading_bots` (`id`) ON DELETE CASCADE;

--
-- Constraints for table `trading_bot_trades`
--
ALTER TABLE `trading_bot_trades`
  ADD CONSTRAINT `trading_bot_trades_bot_id_foreign` FOREIGN KEY (`bot_id`) REFERENCES `trading_bots` (`id`) ON DELETE CASCADE;

--
-- Constraints for table `trading_logs`
--
ALTER TABLE `trading_logs`
  ADD CONSTRAINT `trading_logs_user_id_foreign` FOREIGN KEY (`user_id`) REFERENCES `users` (`id`) ON DELETE CASCADE;

--
-- Constraints for table `trading_signals`
--
ALTER TABLE `trading_signals`
  ADD CONSTRAINT `trading_signals_user_id_foreign` FOREIGN KEY (`user_id`) REFERENCES `users` (`id`) ON DELETE CASCADE;

--
-- Constraints for table `trading_wallets`
--
ALTER TABLE `trading_wallets`
  ADD CONSTRAINT `trading_wallets_user_id_foreign` FOREIGN KEY (`user_id`) REFERENCES `users` (`id`) ON DELETE CASCADE;

--
-- Constraints for table `trading_wallet_transactions`
--
ALTER TABLE `trading_wallet_transactions`
  ADD CONSTRAINT `trading_wallet_transactions_wallet_id_foreign` FOREIGN KEY (`wallet_id`) REFERENCES `trading_wallets` (`id`) ON DELETE CASCADE;

--
-- Constraints for table `transactions`
--
ALTER TABLE `transactions`
  ADD CONSTRAINT `transactions_user_id_foreign` FOREIGN KEY (`user_id`) REFERENCES `users` (`id`) ON DELETE CASCADE;

--
-- Constraints for table `transfers`
--
ALTER TABLE `transfers`
  ADD CONSTRAINT `transfers_ibfk_1` FOREIGN KEY (`receiver_id`) REFERENCES `users` (`id`) ON DELETE CASCADE,
  ADD CONSTRAINT `transfers_sender_id_foreign` FOREIGN KEY (`sender_id`) REFERENCES `users` (`id`) ON DELETE CASCADE;

--
-- Constraints for table `verify_tokens`
--
ALTER TABLE `verify_tokens`
  ADD CONSTRAINT `verify_tokens_user_id_foreign` FOREIGN KEY (`user_id`) REFERENCES `users` (`id`) ON DELETE CASCADE;

--
-- Constraints for table `withdrawals`
--
ALTER TABLE `withdrawals`
  ADD CONSTRAINT `withdrawals_user_id_foreign` FOREIGN KEY (`user_id`) REFERENCES `users` (`id`) ON DELETE CASCADE;

--
-- Constraints for table `withdrawal_wallets`
--
ALTER TABLE `withdrawal_wallets`
  ADD CONSTRAINT `withdrawal_wallets_user_id_foreign` FOREIGN KEY (`user_id`) REFERENCES `users` (`id`) ON DELETE CASCADE;
COMMIT;

